{"id":91485,"date":"2025-08-18T12:05:45","date_gmt":"2025-08-18T04:05:45","guid":{"rendered":"https:\/\/www.pandamech.com\/?post_type=product&#038;p=91485"},"modified":"2025-08-24T09:45:07","modified_gmt":"2025-08-24T01:45:07","slug":"china-30-cbm-tipper-trailer-wholesale","status":"publish","type":"product","link":"https:\/\/www.pandamech.com\/spanish\/product\/china-30-cbm-tipper-trailer-wholesale\/","title":{"rendered":"China 30 CBM Remolque Volquete Mayorista"},"content":{"rendered":"<p>Si est\u00e1 buscando un remolque basculante fiable y de alto rendimiento, no busque m\u00e1s all\u00e1 de nuestro remolque basculante de 30 CBM. En Panda Mech, nos enorgullecemos en la elaboraci\u00f3n de remolques duraderos dise\u00f1ados para uso pesado, perfecto para el transporte de carb\u00f3n, mineral y materiales de construcci\u00f3n. Nuestro modelo de 30 CBM est\u00e1 dise\u00f1ado para la eficiencia, con una construcci\u00f3n fuerte, sistema hidr\u00e1ulico avanzado, y un \u00e1ngulo de inclinaci\u00f3n de 45 \u00b0 para garantizar la descarga r\u00e1pida y segura. Tanto si trabaja en la industria minera como en una obra de construcci\u00f3n, nuestro remolque le ofrece el rendimiento y la fiabilidad que necesita para hacer bien su trabajo.<\/p>\n<h2>30 CBM Remolque basculante Im\u00e1genes<\/h2>\n<p><img fetchpriority=\"high\" decoding=\"async\" class=\"alignnone wp-image-58435 size-full\" src=\"https:\/\/www.pandamech.com\/wp-content\/uploads\/2022\/10\/tipper-trailer-9.jpg\" alt=\"Remolque volquete de 30 CBM\" width=\"750\" height=\"399\" title=\"\" srcset=\"https:\/\/www.pandamech.com\/wp-content\/uploads\/2022\/10\/tipper-trailer-9.jpg 750w, https:\/\/www.pandamech.com\/wp-content\/uploads\/2022\/10\/tipper-trailer-9-300x160.jpg 300w, https:\/\/www.pandamech.com\/wp-content\/uploads\/2022\/10\/tipper-trailer-9-500x266.jpg 500w, https:\/\/www.pandamech.com\/wp-content\/uploads\/2022\/10\/tipper-trailer-9-18x10.jpg 18w\" sizes=\"(max-width: 750px) 100vw, 750px\" \/><\/p>\n<p>China Remolque volquete de 30 cbm al por mayor<\/p>\n<p><img decoding=\"async\" class=\"alignnone wp-image-58434 size-full\" src=\"https:\/\/www.pandamech.com\/wp-content\/uploads\/2022\/10\/tipper-trailer-8.jpg\" alt=\"Remolque volquete de 30 CBM\" width=\"750\" height=\"400\" title=\"\" srcset=\"https:\/\/www.pandamech.com\/wp-content\/uploads\/2022\/10\/tipper-trailer-8.jpg 750w, https:\/\/www.pandamech.com\/wp-content\/uploads\/2022\/10\/tipper-trailer-8-300x160.jpg 300w, https:\/\/www.pandamech.com\/wp-content\/uploads\/2022\/10\/tipper-trailer-8-500x267.jpg 500w, https:\/\/www.pandamech.com\/wp-content\/uploads\/2022\/10\/tipper-trailer-8-18x10.jpg 18w\" sizes=\"(max-width: 750px) 100vw, 750px\" \/><\/p>\n<p>China Fabricante de remolques volquete de 30 cbm<\/p>\n<p><img decoding=\"async\" class=\"alignnone wp-image-58433 size-full\" src=\"https:\/\/www.pandamech.com\/wp-content\/uploads\/2022\/10\/tipper-trailer-7.jpg\" alt=\"Remolque volquete de 30 CBM\" width=\"750\" height=\"399\" title=\"\" srcset=\"https:\/\/www.pandamech.com\/wp-content\/uploads\/2022\/10\/tipper-trailer-7.jpg 750w, https:\/\/www.pandamech.com\/wp-content\/uploads\/2022\/10\/tipper-trailer-7-300x160.jpg 300w, https:\/\/www.pandamech.com\/wp-content\/uploads\/2022\/10\/tipper-trailer-7-500x266.jpg 500w, https:\/\/www.pandamech.com\/wp-content\/uploads\/2022\/10\/tipper-trailer-7-18x10.jpg 18w\" sizes=\"(max-width: 750px) 100vw, 750px\" \/><\/p>\n<p>China 30 cbm volquete remolque para la venta<\/p>\n<h2>Especificaciones del remolque volquete de 30 CBM<\/h2>\n<ul>\n<li data-start=\"167\" data-end=\"224\">\n<p data-start=\"169\" data-end=\"224\"><strong data-start=\"169\" data-end=\"185\">Fabricante<\/strong>: Nuestra Empresa - 30 CBM Tipper Trailer<\/p>\n<\/li>\n<li data-start=\"225\" data-end=\"256\">\n<p data-start=\"227\" data-end=\"256\"><strong data-start=\"227\" data-end=\"246\">Carga \u00fatil m\u00e1xima<\/strong>: 45 Ton<\/p>\n<\/li>\n<li data-start=\"257\" data-end=\"314\">\n<p data-start=\"259\" data-end=\"314\"><strong data-start=\"259\" data-end=\"286\">Dimensiones totales (mm)<\/strong>: 7.500 * 2.500 * 3.230 mm<\/p>\n<\/li>\n<li data-start=\"315\" data-end=\"369\">\n<p data-start=\"317\" data-end=\"369\"><strong data-start=\"317\" data-end=\"341\">Dimensiones del cuerpo (mm)<\/strong>: 7.200 * 2.300 * 1.400 mm<\/p>\n<\/li>\n<li data-start=\"370\" data-end=\"419\">\n<p data-start=\"372\" data-end=\"419\"><strong data-start=\"372\" data-end=\"392\">Sistema hidr\u00e1ulico<\/strong>: Cilindro hidr\u00e1ulico HYVA<\/p>\n<\/li>\n<li data-start=\"420\" data-end=\"473\">\n<p data-start=\"422\" data-end=\"473\"><strong data-start=\"422\" data-end=\"440\">Tama\u00f1os de cilindro<\/strong>: 175, 191, 202, 214 \/ 4TG, 5TG<\/p>\n<\/li>\n<li data-start=\"474\" data-end=\"541\">\n<p data-start=\"476\" data-end=\"541\"><strong data-start=\"476\" data-end=\"490\">Suspensi\u00f3n<\/strong>: Suspensi\u00f3n mec\u00e1nica (suspensi\u00f3n neum\u00e1tica opcional)<\/p>\n<\/li>\n<li data-start=\"542\" data-end=\"577\">\n<p data-start=\"544\" data-end=\"577\"><strong data-start=\"544\" data-end=\"566\">Configuraci\u00f3n del eje<\/strong>: 3 Ejes<\/p>\n<\/li>\n<li data-start=\"578\" data-end=\"625\">\n<p data-start=\"580\" data-end=\"625\"><strong data-start=\"580\" data-end=\"591\">Kingpin<\/strong>: JOST 2\u2033 o 3,5 Tipo desmontable<\/p>\n<\/li>\n<li data-start=\"626\" data-end=\"671\">\n<p data-start=\"628\" data-end=\"671\"><strong data-start=\"628\" data-end=\"646\">Sistema de frenado<\/strong>: ABS o EBS (Opcional)<\/p>\n<\/li>\n<li data-start=\"672\" data-end=\"720\">\n<p data-start=\"674\" data-end=\"720\"><strong data-start=\"674\" data-end=\"686\">Material<\/strong>: Acero de alta resistencia de 5 mm o 6 mm<\/p>\n<\/li>\n<li data-start=\"721\" data-end=\"756\">\n<p data-start=\"723\" data-end=\"756\"><strong data-start=\"723\" data-end=\"731\">Neum\u00e1tico<\/strong>: 12R 22.5 315\/80 R22.5<\/p>\n<\/li>\n<li data-start=\"757\" data-end=\"787\">\n<p data-start=\"759\" data-end=\"787\"><strong data-start=\"759\" data-end=\"777\">C\u00e1maras de freno<\/strong>: T30\/30<\/p>\n<\/li>\n<li data-start=\"788\" data-end=\"811\">\n<p data-start=\"790\" data-end=\"811\"><strong data-start=\"790\" data-end=\"804\">\u00c1ngulo de inclinaci\u00f3n<\/strong>: 45\u00b0<\/p>\n<\/li>\n<\/ul>\n<h2 data-start=\"0\" data-end=\"40\"><strong data-start=\"4\" data-end=\"40\">Ventajas del remolque volquete de 30 CBM<\/strong><\/h2>\n<ol data-start=\"42\" data-end=\"426\">\n<li data-start=\"42\" data-end=\"132\">\n<p data-start=\"45\" data-end=\"132\"><strong data-start=\"45\" data-end=\"70\">Gran capacidad de carga \u00fatil<\/strong>: Capacidad de 45 toneladas para un transporte pesado eficiente \ud83d\ude9a<\/p>\n<\/li>\n<li data-start=\"133\" data-end=\"233\">\n<p data-start=\"136\" data-end=\"233\"><strong data-start=\"136\" data-end=\"161\">Duradero y ligero<\/strong>: Construido con acero de alta resistencia de 5 mm\/6 mm, lo que reduce el consumo de combustible \u2699\ufe0f<\/p>\n<\/li>\n<li data-start=\"234\" data-end=\"315\">\n<p data-start=\"237\" data-end=\"315\"><strong data-start=\"237\" data-end=\"266\">Sistema hidr\u00e1ulico avanzado<\/strong>: Descarga r\u00e1pida con cilindro hidr\u00e1ulico HYVA \u26fd<\/p>\n<\/li>\n<li data-start=\"316\" data-end=\"426\">\n<p data-start=\"319\" data-end=\"426\"><strong data-start=\"319\" data-end=\"350\">Estabilidad y seguridad mejoradas<\/strong>: Dise\u00f1o de caja con secci\u00f3n en U y bastidor de soporte auxiliar para un funcionamiento seguro \ud83d\udd12<\/p>\n<\/li>\n<\/ol>\n<h2>Panda Mech<\/h2>\n<p>Panda Mech es un fabricante l\u00edder de remolques basculantes de alta calidad con sede en China, especializado en soluciones de transporte duraderas y eficientes. Con m\u00e1s de 20 a\u00f1os de experiencia en el sector, nos comprometemos a ofrecer remolques innovadores, fiables y rentables, incluido nuestro remolque basculante de 30 CBM. Con la confianza de clientes de todo el mundo, seguimos superando los l\u00edmites del dise\u00f1o y la ingenier\u00eda para satisfacer las diversas necesidades de las industrias del transporte, la miner\u00eda y la construcci\u00f3n. \ud83c\udf0d\ud83d\ude9b<\/p>","protected":false},"excerpt":{"rendered":"<p><strong>Modelo<\/strong>: semirremolque basculante de 30 cbm<\/p>\n<p><strong>Precios<\/strong>: USD 12.500-25.500<\/p>\n<p><strong>Fecha de entrega<\/strong>7-25 d\u00edas<\/p>\n<p><strong>Aplicaci\u00f3n<\/strong>Transporte de carb\u00f3n, minerales y materiales de construcci\u00f3n<\/p>","protected":false},"featured_media":58428,"template":"","meta":{"_acf_changed":false,"_kad_blocks_custom_css":"","_kad_blocks_head_custom_js":"","_kad_blocks_body_custom_js":"","_kad_blocks_footer_custom_js":"","_kad_post_transparent":"default","_kad_post_title":"","_kad_post_layout":"default","_kad_post_sidebar_id":"","_kad_post_content_style":"default","_kad_post_vertical_padding":"default","_kad_post_feature":"","_kad_post_feature_position":"","_kad_post_header":false,"_kad_post_footer":false,"_kad_post_classname":""},"product_brand":[],"product_cat":[96,15],"product_tag":[],"class_list":{"0":"post-91485","1":"product","2":"type-product","3":"status-publish","4":"has-post-thumbnail","6":"product_cat-tipper-trailer","7":"product_cat-uncategorized","9":"first","10":"instock","11":"shipping-taxable","12":"product-type-simple","13":"entry","14":"content-bg","15":"loop-entry"},"acf":[],"taxonomy_info":{"product_cat":[{"value":96,"label":"Tipper Trailer"},{"value":15,"label":"Uncategorized"}]},"featured_image_src_large":["https:\/\/www.pandamech.com\/wp-content\/uploads\/2022\/10\/tipper-trailer-1-500x500.jpg",500,500,true],"author_info":[],"comment_info":"","_links":{"self":[{"href":"https:\/\/www.pandamech.com\/spanish\/wp-json\/wp\/v2\/product\/91485","targetHints":{"allow":["GET"]}}],"collection":[{"href":"https:\/\/www.pandamech.com\/spanish\/wp-json\/wp\/v2\/product"}],"about":[{"href":"https:\/\/www.pandamech.com\/spanish\/wp-json\/wp\/v2\/types\/product"}],"version-history":[{"count":2,"href":"https:\/\/www.pandamech.com\/spanish\/wp-json\/wp\/v2\/product\/91485\/revisions"}],"predecessor-version":[{"id":91491,"href":"https:\/\/www.pandamech.com\/spanish\/wp-json\/wp\/v2\/product\/91485\/revisions\/91491"}],"wp:featuredmedia":[{"embeddable":true,"href":"https:\/\/www.pandamech.com\/spanish\/wp-json\/wp\/v2\/media\/58428"}],"wp:attachment":[{"href":"https:\/\/www.pandamech.com\/spanish\/wp-json\/wp\/v2\/media?parent=91485"}],"wp:term":[{"taxonomy":"product_brand","embeddable":true,"href":"https:\/\/www.pandamech.com\/spanish\/wp-json\/wp\/v2\/product_brand?post=91485"},{"taxonomy":"product_cat","embeddable":true,"href":"https:\/\/www.pandamech.com\/spanish\/wp-json\/wp\/v2\/product_cat?post=91485"},{"taxonomy":"product_tag","embeddable":true,"href":"https:\/\/www.pandamech.com\/spanish\/wp-json\/wp\/v2\/product_tag?post=91485"}],"curies":[{"name":"wp","href":"https:\/\/api.w.org\/{rel}","templated":true}]}}