{"id":38962,"date":"2023-05-29T16:32:04","date_gmt":"2023-05-29T08:32:04","guid":{"rendered":"https:\/\/pandamech.com\/?post_type=product&#038;p=38962"},"modified":"2025-08-23T01:07:06","modified_gmt":"2025-08-22T17:07:06","slug":"40-ft-flatbed-trailer-for-sale","status":"publish","type":"product","link":"https:\/\/www.pandamech.com\/spanish\/product\/40-ft-flatbed-trailer-for-sale\/","title":{"rendered":"40 pies semirremolque de plataforma para la venta"},"content":{"rendered":"<p>El semirremolque plataforma de 40 pies es conocido como semirremolque plataforma de 40 pies. El semirremolque plataforma de 40 pies es un semirremolque con estructura de contenedor. Se utilizan principalmente en sistemas log\u00edsticos de apoyo a buques, puertos, rutas, autopistas, estaciones de transferencia, puentes, t\u00faneles y transporte multimodal.<\/p>\n<p>La parte de carga del remolque de cami\u00f3n de plataforma de 40 pies se determina en funci\u00f3n del tama\u00f1o del contenedor est\u00e1ndar. En la posici\u00f3n correspondiente a las cuatro esquinas de la parte inferior del contenedor se ha previsto un dispositivo de bloqueo por torsi\u00f3n para fijar el contenedor.<\/p>\n<p>Tipo: 2 ejes 40ft remolque contenedor plano, tri ejes 40ft remolque plano, cuatro ejes 40ft remolque tractor plano, 40 pies de cuello de cisne remolque plano para la venta, <a href=\"https:\/\/www.pandamech.com\/spanish\/product\/single-axle-flatbed-semi-trailer\/\" target=\"_blank\" rel=\"noopener\">remolque de cubierta plana de un solo neum\u00e1tico<\/a>.<\/p>\n<h2>Remolque de plataforma de 40 pies im\u00e1genes<\/h2>\n<h2><img fetchpriority=\"high\" decoding=\"async\" class=\"alignnone\" title=\"Semirremolque de plataforma de 3 ejes y 40 pies\" src=\"https:\/\/pandamech.com\/wp-content\/uploads\/2022\/08\/flatbed-semi-trailer-for-sale7.jpg\" alt=\"tres ejes semirremolque semirremolque plano para la venta\" width=\"800\" height=\"533\" \/><\/h2>\n<p>3 ejes de 40 pies semirremolque de plataforma para la venta<\/p>\n<p><img decoding=\"async\" class=\"alignnone\" title=\"Semirremolque de plataforma de 3 ejes y 40 pies\" src=\"https:\/\/pandamech.com\/wp-content\/uploads\/2022\/08\/flatbed-smei-trailers-for-sale.jpg\" alt=\"3 ejes de 40 pies remolques de contenedores de plataforma para la venta\" width=\"800\" height=\"533\" \/><\/p>\n<p>tri axle 40 pies remolque contenedor plano<\/p>\n<p>Relacionado: <a href=\"https:\/\/www.pandamech.com\/spanish\/product\/4-axle-flatbed-trailer-for-sale\/\" target=\"_blank\" rel=\"noopener\"><span style=\"color: #0000ff;\">Remolque portacontenedores plano de 4 ejes<\/span><\/a>, <a href=\"https:\/\/www.pandamech.com\/spanish\/category\/container-chassis\/container-chassis-trailer\/\" target=\"_blank\" rel=\"noopener\"><span style=\"color: #0000ff;\">remolque chasis contenedor<\/span><\/a><\/p>\n<h2>40Ft remolque de plataforma especificaciones<\/h2>\n<table border=\"1\" cellspacing=\"1\" cellpadding=\"1\">\n<tbody>\n<tr>\n<td width=\"297\">\u00a0Fabricante<\/td>\n<td width=\"484\">\u00a0Panda Mech semirremolque contenedor plano de 40 pies<\/td>\n<\/tr>\n<tr>\n<td width=\"297\">\u00a0Ejes<\/td>\n<td width=\"484\">\u00a03 ejes, marca BPW\/SAF\/FUWA<\/td>\n<\/tr>\n<tr>\n<td width=\"297\">\u00a040 FT remolque de plataforma dimensiones<\/td>\n<td width=\"484\">\u00a012500\u00d72500\u00d71500 mm<\/td>\n<\/tr>\n<tr>\n<td width=\"297\">\u00a0Remolque de plataforma de 40 pies de capacidad<\/td>\n<td width=\"484\">\u00a070 toneladas<\/td>\n<\/tr>\n<tr>\n<td width=\"297\">\u00a0Peso<\/td>\n<td width=\"484\">\u00a07-9 toneladas<\/td>\n<\/tr>\n<tr>\n<td width=\"297\">\u00a0Cierre giratorio<\/td>\n<td width=\"484\">\u00a08-12 series<\/td>\n<\/tr>\n<tr>\n<td width=\"297\">\u00a0Material<\/td>\n<td width=\"484\">\u00a0Vigas principales Q345B, brida superior:14mm, media:8mm, inferior:16mm<\/td>\n<\/tr>\n<tr>\n<td width=\"297\">\u00a0Alfiler de rey<\/td>\n<td width=\"484\">\u00a02 pulgadas o 3,5 pulgadas Marca JOST<\/td>\n<\/tr>\n<tr>\n<td width=\"297\">\u00a0Chasis<\/td>\n<td width=\"484\">\u00a03mm,4mm,6mm, acero al carbono o aleaci\u00f3n de aluminio<\/td>\n<\/tr>\n<tr>\n<td width=\"297\">\u00a0Suspensi\u00f3n<\/td>\n<td width=\"484\">\u00a0Suspensi\u00f3n mec\u00e1nica con airbag<\/td>\n<\/tr>\n<tr>\n<td width=\"297\" height=\"36\">\u00a0Neum\u00e1tico<\/td>\n<td width=\"484\">\u00a011.00R20, 12.00R20,12R22.5, 385\/65R22.5 Triangle\/Hankook\/ Marca Bridgestone<\/td>\n<\/tr>\n<\/tbody>\n<\/table>\n<p style=\"text-align: center;\"><a class=\"product_button\" href=\"#elementor-action%3Aaction%3Dpopup%3Aopen%26settings%3DeyJpZCI6Ijk5MDciLCJ0b2dnbGUiOmZhbHNlfQ%3D%3D\">Obtenga un presupuesto instant\u00e1neo<\/a><\/p>\n<h2>Dibujo de remolque de plataforma de 40 pies<\/h2>\n<p><img decoding=\"async\" class=\"size-full wp-image-54434\" src=\"https:\/\/pandamech.com\/wp-content\/uploads\/2023\/05\/2023110703375269.jpg\" alt=\"Dibujo de remolque plano de 40 pies\" width=\"750\" height=\"234\" title=\"\"><\/p>\n<p>dibujo de un remolque plano de 40 pies<\/p>\n<h2>V\u00eddeo del remolque de plataforma de 3 ejes<\/h2>\n<h2><iframe title=\"Reproductor de v\u00eddeo YouTube\" src=\"https:\/\/www.youtube.com\/embed\/madumekLIdo\" width=\"800\" height=\"533\" frameborder=\"0\" allowfullscreen=\"allowfullscreen\" data-mce-fragment=\"1\"><span data-mce-type=\"bookmark\" style=\"display: inline-block; width: 0px; overflow: hidden; line-height: 0;\" class=\"mce_SELRES_start\"><\/span><\/iframe><\/h2>\n<p>Semirremolque de cami\u00f3n de plataforma de 3 ejes 40\u2032.<\/p>\n<p style=\"text-align: center;\"><a class=\"product_button\" href=\"#elementor-action%3Aaction%3Dpopup%3Aopen%26settings%3DeyJpZCI6Ijk5MDciLCJ0b2dnbGUiOmZhbHNlfQ%3D%3D\">Haga clic para m\u00e1s detalles<\/a><\/p>\n<h2>3 Eje 40ft remolque plataforma caracter\u00edsticas<\/h2>\n<ol>\n<li>Estructura de acero de gran robustez y resistencia a la tracci\u00f3n, capacidad de carga de 40 toneladas.<\/li>\n<li>Suspensi\u00f3n mec\u00e1nica de muelle de tipo pesado para necesidades de cargas elevadas.<\/li>\n<li>Longitud y anchura de la cama baja disponibles a medida<\/li>\n<li>La suspensi\u00f3n neum\u00e1tica y la suspensi\u00f3n del bogie son opcionales.<\/li>\n<\/ol>\n<p style=\"text-align: center;\"><a class=\"product_button\" href=\"#elementor-action%3Aaction%3Dpopup%3Aopen%26settings%3DeyJpZCI6Ijk5MDciLCJ0b2dnbGUiOmZhbHNlfQ%3D%3D\">Haga clic para m\u00e1s detalles<\/a><\/p>\n<h2>Transporte y transporte mar\u00edtimo de semirremolque de plataforma de 40 pies<\/h2>\n<p>Muchos clientes optan por utilizar el transporte de contenedores cuando transportan remolques de plataforma porque esto puede tener menores costos de transporte y menor tiempo de transporte.<\/p>\n<p>40Ft remolques de cami\u00f3n de plataforma se utilizan generalmente para los transportistas a granel o buques ro-ro para el transporte. Nos aseguraremos de que Panda Mech comercial remolques de plataforma ser\u00e1 encerado y cubierto con lonas cuando los buques de carga a granel.<\/p>\n<p><img loading=\"lazy\" decoding=\"async\" class=\"alignnone wp-image-32266 size-full\" src=\"https:\/\/pandamech.com\/wp-content\/uploads\/2022\/08\/flatbed-semi-trailer-transport3.jpg\" alt=\"40 pies de plataforma de contenedores cami\u00f3n remolque para la venta\" width=\"800\" height=\"547\" title=\"\"><\/p>\n<h2>Fabricante de semirremolques de plataforma de 40 pies<\/h2>\n<p>Somos un fabricante de semirremolques de plataforma plana de 40 pies de China. Suministramos semirremolques de plataforma plana de 40 pies y semirremolques de plataforma plana con cuello de cisne para la venta. Podemos personalizarlo de acuerdo a sus necesidades.<\/p>\n<p>Los fabricantes de Panda Mech han tenido \u00e9xito en el Sudeste Asi\u00e1tico, Oriente Medio, \u00c1frica y Sudam\u00e9rica, como Filipinas, Tanzania, etc.<\/p>\n<p><a href=\"#elementor-action%3Aaction%3Dpopup%3Aopen%26settings%3DeyJpZCI6Ijk5MDciLCJ0b2dnbGUiOmZhbHNlfQ%3D%3D\"><img loading=\"lazy\" decoding=\"async\" class=\"alignnone\" title=\"Semirremolque de plataforma de 3 ejes y 40 pies\" src=\"https:\/\/pandamech.com\/wp-content\/uploads\/2021\/08\/quotation.jpg\" alt=\"40ft semirremolque plataforma cotizaci\u00f3n\" width=\"864\" height=\"213\" \/><\/a><\/p>","protected":false},"excerpt":{"rendered":"<p>Tipo: 3 ejes 40 pies remolque de plataforma<\/p>\n<p>Gama de precios: $8,990-14,500<\/p>\n<p>Plazo de entrega: 7-25 d\u00edas<\/p>\n<p>Capacidad de carga: 20-60 toneladas<\/p>\n<p>Aplicaci\u00f3n: carga a granel, contenedores<\/p>","protected":false},"featured_media":57783,"template":"","meta":{"_acf_changed":false,"_kad_blocks_custom_css":"","_kad_blocks_head_custom_js":"","_kad_blocks_body_custom_js":"","_kad_blocks_footer_custom_js":"","_kad_post_transparent":"default","_kad_post_title":"","_kad_post_layout":"default","_kad_post_sidebar_id":"","_kad_post_content_style":"default","_kad_post_vertical_padding":"default","_kad_post_feature":"","_kad_post_feature_position":"","_kad_post_header":false,"_kad_post_footer":false,"_kad_post_classname":""},"product_brand":[],"product_cat":[77],"product_tag":[65],"class_list":{"0":"post-38962","1":"product","2":"type-product","3":"status-publish","4":"has-post-thumbnail","6":"product_cat-flatbed-semi-trailer","7":"product_tag-40ft-trailer","9":"first","10":"instock","11":"sold-individually","12":"shipping-taxable","13":"purchasable","14":"product-type-simple","15":"entry","16":"content-bg","17":"loop-entry"},"acf":[],"taxonomy_info":{"product_cat":[{"value":77,"label":"Flatbed Semi Trailer"}],"product_tag":[{"value":65,"label":"40Ft Trailer"}]},"featured_image_src_large":["https:\/\/www.pandamech.com\/wp-content\/uploads\/2022\/08\/2-86-500x500.jpg",500,500,true],"author_info":[],"comment_info":"","_links":{"self":[{"href":"https:\/\/www.pandamech.com\/spanish\/wp-json\/wp\/v2\/product\/38962","targetHints":{"allow":["GET"]}}],"collection":[{"href":"https:\/\/www.pandamech.com\/spanish\/wp-json\/wp\/v2\/product"}],"about":[{"href":"https:\/\/www.pandamech.com\/spanish\/wp-json\/wp\/v2\/types\/product"}],"version-history":[{"count":1,"href":"https:\/\/www.pandamech.com\/spanish\/wp-json\/wp\/v2\/product\/38962\/revisions"}],"predecessor-version":[{"id":91242,"href":"https:\/\/www.pandamech.com\/spanish\/wp-json\/wp\/v2\/product\/38962\/revisions\/91242"}],"wp:featuredmedia":[{"embeddable":true,"href":"https:\/\/www.pandamech.com\/spanish\/wp-json\/wp\/v2\/media\/57783"}],"wp:attachment":[{"href":"https:\/\/www.pandamech.com\/spanish\/wp-json\/wp\/v2\/media?parent=38962"}],"wp:term":[{"taxonomy":"product_brand","embeddable":true,"href":"https:\/\/www.pandamech.com\/spanish\/wp-json\/wp\/v2\/product_brand?post=38962"},{"taxonomy":"product_cat","embeddable":true,"href":"https:\/\/www.pandamech.com\/spanish\/wp-json\/wp\/v2\/product_cat?post=38962"},{"taxonomy":"product_tag","embeddable":true,"href":"https:\/\/www.pandamech.com\/spanish\/wp-json\/wp\/v2\/product_tag?post=38962"}],"curies":[{"name":"wp","href":"https:\/\/api.w.org\/{rel}","templated":true}]}}