{"id":30908,"date":"2023-02-04T17:16:28","date_gmt":"2023-02-04T09:16:28","guid":{"rendered":"https:\/\/pandamech.com\/?post_type=product&#038;p=30908"},"modified":"2025-08-23T01:07:08","modified_gmt":"2025-08-22T17:07:08","slug":"jet-a1-fuel-tanker-truck-p00132p1-html","status":"publish","type":"product","link":"https:\/\/www.pandamech.com\/spanish\/product\/jet-a1-fuel-tanker-truck-p00132p1-html\/","title":{"rendered":"Remolque cisterna Jet A1 de 45000 litros"},"content":{"rendered":"<p>El Jet A1 se utiliza principalmente para transportar queroseno de aviaci\u00f3n. El queroseno de aviaci\u00f3n incluye espec\u00edficamente el Jet A, el Jet a1, el Jet B, el JP-8 y el JP-4. Entre ellos, el JP-8 y el JP-4 se utilizan principalmente en el ej\u00e9rcito. Entre ellos, el JP-8 y el JP-4 se utilizan principalmente en el ej\u00e9rcito. El Jet A y el Jet A1 tienen una composici\u00f3n similar, el Jet B es un queroseno de aviaci\u00f3n civil de uso com\u00fan, y el Jet B y el JP-4 son id\u00e9nticos.<\/p>\n<h2>Especificaciones del cami\u00f3n cisterna de combustible Jet A1<\/h2>\n<table style=\"width: 800px;\" border=\"1\" cellspacing=\"1\" cellpadding=\"1\">\n<tbody>\n<tr>\n<td width=\"184\" height=\"30\">\u00a0Fabricante<\/td>\n<td width=\"483\">\u00a0Panda Mech Jet A1 \/ aviaci\u00f3n queroseno combustible cami\u00f3n cisterna remolque<\/td>\n<\/tr>\n<tr>\n<td width=\"184\" height=\"30\">\u00a0Dimensi\u00f3n<\/td>\n<td width=\"483\">\u00a010500*2500*3500<\/td>\n<\/tr>\n<tr>\n<td width=\"184\" height=\"30\">\u00a0Capacidad<\/td>\n<td width=\"483\">\u00a045 KL 45.000 litros<\/td>\n<\/tr>\n<tr>\n<td width=\"184\" height=\"30\">\u00a0Carga \u00fatil<\/td>\n<td width=\"483\">\u00a039-41T (Referencia)<\/td>\n<\/tr>\n<tr>\n<td width=\"184\" height=\"30\">\u00a0Peso<\/td>\n<td width=\"483\">\u00a06.5-10.6T<\/td>\n<\/tr>\n<tr>\n<td width=\"184\" height=\"30\">\u00a0Material<\/td>\n<td width=\"483\">\u00a0Acero inoxidable<\/td>\n<\/tr>\n<tr>\n<td width=\"184\" height=\"30\">\u00a0Chasis<\/td>\n<td width=\"483\">\u00a0Acero de alta resistencia<\/td>\n<\/tr>\n<tr>\n<td width=\"184\" height=\"30\">\u00a0V\u00e1lvula<\/td>\n<td width=\"483\">\u00a0Civacon, EMCO, HELI, JLME, HENGE<\/td>\n<\/tr>\n<tr>\n<td width=\"184\" height=\"30\">\u00a0Eje<\/td>\n<td width=\"483\">\u00a02\/3\/4 ejes; BPW, FUWA, L1, HO'S, SAF, PDME<\/td>\n<\/tr>\n<tr>\n<td width=\"184\" height=\"30\">\u00a0Suspensi\u00f3n<\/td>\n<td width=\"483\">\u00a0Suspensi\u00f3n neum\u00e1tica, mec\u00e1nica<\/td>\n<\/tr>\n<tr>\n<td width=\"184\" height=\"36\">\u00a0Sistema de frenos<\/td>\n<td width=\"483\">\u00a0Sistema de frenos Dual Line, c\u00e1mara T30\/30, v\u00e1lvula de emergencia Wabco, ABS\/EBS opcional<\/td>\n<\/tr>\n<tr>\n<td width=\"184\" height=\"90\">\u00a0<a class=\"wpil_keyword_link\" title=\"Remolque cisterna de combustible\" href=\"https:\/\/www.pandamech.com\/spanish\/category\/tank-trailer\/fuel-tanker\/\" target=\"_blank\" rel=\"noopener\" data-wpil-keyword-link=\"linked\">Remolque cisterna de combustible<\/a>\u00a0 Piezas<\/td>\n<td width=\"483\">\u00a0Guardabarros, Escalera, 1 caja de herramientas est\u00e1ndar, 1 capa de imprimaci\u00f3n anticorrosiva, 2 capas de pintura final, Pintura de poliuretano, Tren de aterrizaje, Llanta de acero 9.0-22.5, Extintor, V\u00e1lvula de fondo neum\u00e1tica de 4 pulgadas, Tapa de registro de aleaci\u00f3n de aluminio de 500mm, Chapa de acero Q345\/6mm, conforme ADR (Seg\u00fan necesidades del cliente).<\/td>\n<\/tr>\n<tr>\n<td width=\"184\" height=\"30\">\u00a0Aplicaci\u00f3n<\/td>\n<td width=\"483\">\u00a0Jet A, Jet A1, Jet B, JP-4, JP-8<\/td>\n<\/tr>\n<tr>\n<td width=\"184\" height=\"30\"><a title=\"\/contacto\/\" href=\"\/spanish\/contact-us\/\">Consulta<\/a><\/td>\n<td width=\"483\"><a title=\"https:\/\/pandamech.com\/about\/\" href=\"https:\/\/www.pandamech.com\/spanish\/about\/\" target=\"_blank\" rel=\"noopener\">Acerca de Panda Mech<\/a><\/td>\n<\/tr>\n<\/tbody>\n<\/table>\n<h2>Im\u00e1genes del remolque cisterna de combustible Jet A1<\/h2>\n<p><img fetchpriority=\"high\" decoding=\"async\" class=\"size-full wp-image-30901\" title=\"Remolque cisterna Jet A1 de 45000 litros\" src=\"https:\/\/pandamech.com\/wp-content\/uploads\/2021\/08\/7-100.jpg\" alt=\"7-100\" width=\"800\" height=\"571\" \/><br \/>\nse vende remolque cisterna jet a1 de 45000 litros<\/p>\n<p><img decoding=\"async\" class=\"size-full wp-image-30902\" title=\"Remolque cisterna Jet A1 de 45000 litros\" src=\"https:\/\/pandamech.com\/wp-content\/uploads\/2021\/08\/8-100.jpg\" alt=\"8-100\" width=\"800\" height=\"571\" \/><\/p>\n<p>remolque cisterna jet a1 de 45000 litros<\/p>\n<p><img decoding=\"async\" class=\"size-full wp-image-30903\" title=\"Remolque cisterna Jet A1 de 45000 litros\" src=\"https:\/\/pandamech.com\/wp-content\/uploads\/2021\/08\/9-9.jpg\" alt=\"9-9\" width=\"800\" height=\"571\" \/><\/p>\n<p>remolque cisterna jet a1 de 45000 litros<\/p>\n<h2>Aplicaci\u00f3n:<\/h2>\n<p>El remolque cisterna Jet A1 se utiliza generalmente para transportar queroseno de aviaci\u00f3n, Jet-A, Jet A1, Jet B, JP-4 y JP-8.<\/p>\n<p>El cami\u00f3n cisterna remolque Jet A1 tiene una capacidad de 30000-60000 litros, generalmente utilizado para el transporte de larga distancia.<\/p>\n<h2>Caracter\u00edsticas:<\/h2>\n<p>1. Dibujo 3D e HyperMesh &amp; Ansys<\/p>\n<p>Aprovechar al m\u00e1ximo las propiedades f\u00edsicas, aumentar el rendimiento y reducir los costes de explotaci\u00f3n.<\/p>\n<p>2. Adaptador API est\u00e1ndar ADR<\/p>\n<p>Crucial para cualquier sistema de carga inferior API, coincide con acopladores de 3\u2033 o 4\u2033.<\/p>\n<p>3. Tomas API \u00d3pticas<\/p>\n<p>Sistema de carga inferior del soporte<\/p>\n<p>4. Est\u00e1ndar ADR Boca de hombre con ventilaci\u00f3n de vapor<\/p>\n<p>16\u2033 o 20\u2033, Material de aluminio para una mayor vida \u00fatil.<\/p>\n<h2>Panda Mech<\/h2>\n<p>Panda Mech es un fabricante de remolques cisterna de combustible Jet A1 de China. Suministramos Jet A1 camiones cisterna de combustible para la venta. Podemos personalizarlo de acuerdo a sus necesidades.<\/p>\n<p>Los fabricantes de Panda Mech han tenido \u00e9xito en el Sudeste Asi\u00e1tico, Oriente Medio, \u00c1frica y Sudam\u00e9rica, como Filipinas, Tanzania, Nigeria, etc.<\/p>\n<p><img loading=\"lazy\" decoding=\"async\" class=\"alignnone size-full wp-image-23180\" title=\"Remolque cisterna Jet A1 de 45000 litros\" src=\"https:\/\/pandamech.com\/wp-content\/uploads\/2022\/08\/quotation.jpg\" alt=\"presupuesto\" width=\"864\" height=\"213\" \/><\/p>","protected":false},"excerpt":{"rendered":"<p>Tipo: 45 KL Jet A1 Combustible Cisterna Cami\u00f3n Remolque<\/p>\n<p>Rango de precios: $28,000-45000<\/p>\n<p>Plazo de entrega: 7-25 d\u00edas<\/p>\n<p>Ejes: 3 ejes<\/p>\n<p>Aplicaci\u00f3n: transporte Jet A1<\/p>","protected":false},"featured_media":57738,"template":"","meta":{"_acf_changed":false,"_kad_blocks_custom_css":"","_kad_blocks_head_custom_js":"","_kad_blocks_body_custom_js":"","_kad_blocks_footer_custom_js":"","_kad_post_transparent":"default","_kad_post_title":"","_kad_post_layout":"default","_kad_post_sidebar_id":"","_kad_post_content_style":"default","_kad_post_vertical_padding":"default","_kad_post_feature":"","_kad_post_feature_position":"","_kad_post_header":false,"_kad_post_footer":false,"_kad_post_classname":""},"product_brand":[],"product_cat":[109,95],"product_tag":[],"class_list":{"0":"post-30908","1":"product","2":"type-product","3":"status-publish","4":"has-post-thumbnail","6":"product_cat-fuel-tanker","7":"product_cat-tank-trailer","9":"first","10":"instock","11":"sold-individually","12":"shipping-taxable","13":"purchasable","14":"product-type-simple","15":"entry","16":"content-bg","17":"loop-entry"},"acf":[],"taxonomy_info":{"product_cat":[{"value":109,"label":"Fuel Tanker Trailer"},{"value":95,"label":"Tank Trailer"}]},"featured_image_src_large":["https:\/\/www.pandamech.com\/wp-content\/uploads\/2022\/08\/2-114-500x500.jpg",500,500,true],"author_info":[],"comment_info":"","_links":{"self":[{"href":"https:\/\/www.pandamech.com\/spanish\/wp-json\/wp\/v2\/product\/30908","targetHints":{"allow":["GET"]}}],"collection":[{"href":"https:\/\/www.pandamech.com\/spanish\/wp-json\/wp\/v2\/product"}],"about":[{"href":"https:\/\/www.pandamech.com\/spanish\/wp-json\/wp\/v2\/types\/product"}],"version-history":[{"count":1,"href":"https:\/\/www.pandamech.com\/spanish\/wp-json\/wp\/v2\/product\/30908\/revisions"}],"predecessor-version":[{"id":91266,"href":"https:\/\/www.pandamech.com\/spanish\/wp-json\/wp\/v2\/product\/30908\/revisions\/91266"}],"wp:featuredmedia":[{"embeddable":true,"href":"https:\/\/www.pandamech.com\/spanish\/wp-json\/wp\/v2\/media\/57738"}],"wp:attachment":[{"href":"https:\/\/www.pandamech.com\/spanish\/wp-json\/wp\/v2\/media?parent=30908"}],"wp:term":[{"taxonomy":"product_brand","embeddable":true,"href":"https:\/\/www.pandamech.com\/spanish\/wp-json\/wp\/v2\/product_brand?post=30908"},{"taxonomy":"product_cat","embeddable":true,"href":"https:\/\/www.pandamech.com\/spanish\/wp-json\/wp\/v2\/product_cat?post=30908"},{"taxonomy":"product_tag","embeddable":true,"href":"https:\/\/www.pandamech.com\/spanish\/wp-json\/wp\/v2\/product_tag?post=30908"}],"curies":[{"name":"wp","href":"https:\/\/api.w.org\/{rel}","templated":true}]}}