{"id":21549,"date":"2022-08-06T19:03:57","date_gmt":"2022-08-06T11:03:57","guid":{"rendered":"http:\/\/pandamech.com\/?post_type=product&#038;p=21549"},"modified":"2026-01-05T16:12:59","modified_gmt":"2026-01-05T08:12:59","slug":"hydraulic-detachable-gooseneck-lowboy-trailer","status":"publish","type":"product","link":"https:\/\/www.pandamech.com\/spanish\/product\/hydraulic-detachable-gooseneck-lowboy-trailer\/","title":{"rendered":"60 Ton Remolque Cuello de Cisne Desmontable Hidr\u00e1ulico"},"content":{"rendered":"<p>Nuestro remolque bajo hidr\u00e1ulico desmontable con cuello de cisne se puede cargar con 60 toneladas, lo que lo hace a\u00fan m\u00e1s c\u00f3modo de usar. Su carga frontal es m\u00e1s f\u00e1cil para algunas m\u00e1quinas de tama\u00f1o medio, como excavadoras, mientras que tiene mayores requisitos para el acero de alta resistencia.<\/p>\n<h2>Aplicaci\u00f3n<\/h2>\n<p>Los remolques bajos hidr\u00e1ulicos desmontables con cuello de cisne se utilizan generalmente para transportar maquinaria de construcci\u00f3n y equipos de gran tama\u00f1o. Generalmente, muchos lugares son limitados, especialmente en algunos puentes. El uso de remolques de plataforma plana no se puede transportar, por lo que la gente utiliza semirremolques de plataforma baja para el transporte.<\/p>\n<h2>Remolque lowboy hidr\u00e1ulico desmontable con cuello de cisne im\u00e1genes<\/h2>\n<p><img decoding=\"async\" style=\"width: 800px;\" src=\"https:\/\/pandamech.com\/wp-content\/uploads\/2022\/04\/hydraulic-detachable-gooseneck-lowboy-trailer2.jpg\" alt=\"remolque bajo hidr\u00e1ulico desmontable con cuello de cisne\" height=\"533\" title=\"\"><\/p>\n<p>3 ejes RGN remolque de plataforma baja para la venta<\/p>\n<p><img decoding=\"async\" style=\"width: 800px;\" src=\"https:\/\/pandamech.com\/wp-content\/uploads\/2022\/04\/hydraulic-detachable-gooseneck-lowboy-trailer1.jpg\" alt=\"remolque bajo hidr\u00e1ulico desmontable con cuello de cisne\" height=\"533\" title=\"\"><\/p>\n<p>rgn remolque lowboy con cuello de cisne desmontable<\/p>\n<h2>Especificaciones del remolque bajo hidr\u00e1ulico desmontable con cuello de cisne<\/h2>\n<p><strong>Dimensi\u00f3n<\/strong>: 15500mm x 3000mm x 1200mm<\/p>\n<p><strong>Eje<\/strong>: 3 ejes<\/p>\n<p><strong>Capacidad de carga<\/strong>: 60T<\/p>\n<p><strong>Neum\u00e1tico<\/strong>: 15\/80R 22.5<\/p>\n<p><strong>Suspensi\u00f3n<\/strong>: Suspensi\u00f3n mec\u00e1nica<\/p>\n<p><strong>Kingpin<\/strong>: Marca JOST 2,0 o 3,5 pulgadas<\/p>\n<p><strong>Peso de tara<\/strong>: 10 T<\/p>\n<p><strong>Cilindro hidr\u00e1ulico<\/strong>: Motor diesel de 12KW con estaci\u00f3n hidr\u00e1ulica<\/p>\n<p><strong>Haz principal<\/strong>: Altura: 500mm; Anchura: 230mm; Viga lateral: 250 I-beam 10\/8\/10; Material: Acero de alta resistencia HG60.<\/p>\n<p><strong>Rampa<\/strong>: tipo hidr\u00e1ulico<\/p>\n<p><strong>Plataforma inferior<\/strong>: Placa cuadriculada de 5 mm de espesor<\/p>\n<p><strong>ABS<\/strong>: Opcional<\/p>\n<h2>Caracter\u00edstica<\/h2>\n<p>1. <strong>Gran capacidad de carga<\/strong><\/p>\n<p>Remolque de cuello de cisne desmontable hidr\u00e1ulico est\u00e1 dise\u00f1ado para cierta maquinaria pesada, el dise\u00f1o general del compartimiento de carga arqueado, la viga longitudinal es una estructura de acero de alta resistencia, el dise\u00f1o general, para mejorar la capacidad de carga, sino tambi\u00e9n para reducir su peso.<\/p>\n<p>2. <strong>Centro de gravedad general m\u00e1s bajo<\/strong><\/p>\n<p>La altura total del coche es de s\u00f3lo 1200 mm, 300-400 mm m\u00e1s bajo que el remolque lowboy ordinario, por lo que su centro de gravedad general ser\u00e1 a\u00fan m\u00e1s bajo, por lo que el centro de gravedad de las mercanc\u00edas cargadas es a\u00fan m\u00e1s bajo, y el conjunto es m\u00e1s estable y m\u00e1s seguro.<\/p>\n<p>3. <strong>Mantenimiento c\u00f3modo<\/strong><\/p>\n<p>La superficie de apoyo se puede levantar, de modo que los neum\u00e1ticos del eje pueden tocar directamente el suelo o salir de \u00e9l, de modo que cuando realizamos el mantenimiento, puede ser m\u00e1s c\u00f3modo y sencillo de manejar.<\/p>\n<h2>Panda Mech<\/h2>\n<p>Panda Mech es un fabricante de 3 ejes rgn cuello de cisne desmontable de China. Tenemos una amplia experiencia en la fabricaci\u00f3n de cuello de cisne desmontable rgn. Ofrecemos una variedad de 3 ejes rgn remolques desmontables cuello de cisne para la venta. Podemos personalizar de acuerdo a sus necesidades. Hemos logrado el \u00e9xito en \u00c1frica, Am\u00e9rica del Sur y el Sudeste Asi\u00e1tico, como Tanzania, Nigeria, Kenia ...<\/p>\n<p><a href=\"https:\/\/www.pandamech.com\/spanish\/contact-us\/\" target=\"_blank\" rel=\"noopener\"><img fetchpriority=\"high\" decoding=\"async\" src=\"https:\/\/pandamech.com\/wp-content\/uploads\/2021\/08\/quotation.jpg\" alt=\"presupuesto\" width=\"864\" height=\"213\" title=\"\"><\/a><\/p>","protected":false},"excerpt":{"rendered":"<p>Tipo: 60 Ton remolque de cuello de cisne desmontable hidr\u00e1ulico lowboy<\/p>\n<p>Gama de precios: $21.500-39.500<\/p>\n<p>Entrega: 7-28 d\u00edas<\/p>\n<p>Dimensiones: a medida<\/p>\n<p>Aplicaci\u00f3n: para transportar orugas, gr\u00faas, excavadoras, cargadoras sobre orugas u otra maquinaria.<\/p>","protected":false},"featured_media":57988,"template":"","meta":{"_acf_changed":false,"_kad_blocks_custom_css":"","_kad_blocks_head_custom_js":"","_kad_blocks_body_custom_js":"","_kad_blocks_footer_custom_js":"","_kad_post_transparent":"default","_kad_post_title":"","_kad_post_layout":"default","_kad_post_sidebar_id":"","_kad_post_content_style":"default","_kad_post_vertical_padding":"default","_kad_post_feature":"","_kad_post_feature_position":"","_kad_post_header":false,"_kad_post_footer":false,"_kad_post_classname":""},"product_brand":[],"product_cat":[91],"product_tag":[60],"class_list":{"0":"post-21549","1":"product","2":"type-product","3":"status-publish","4":"has-post-thumbnail","6":"product_cat-detachable-gooseneck-trailer","7":"product_tag-3-axle-trailer","9":"first","10":"instock","11":"sold-individually","12":"shipping-taxable","13":"purchasable","14":"product-type-simple","15":"entry","16":"content-bg","17":"loop-entry"},"acf":[],"taxonomy_info":{"product_cat":[{"value":91,"label":"Detachable Gooseneck Trailer"}],"product_tag":[{"value":60,"label":"3 Axle Trailer"}]},"featured_image_src_large":["https:\/\/www.pandamech.com\/wp-content\/uploads\/2022\/08\/hydraulic-detachable-gooseneck-lowboy-trailer-500x500.jpg",500,500,true],"author_info":[],"comment_info":"","_links":{"self":[{"href":"https:\/\/www.pandamech.com\/spanish\/wp-json\/wp\/v2\/product\/21549","targetHints":{"allow":["GET"]}}],"collection":[{"href":"https:\/\/www.pandamech.com\/spanish\/wp-json\/wp\/v2\/product"}],"about":[{"href":"https:\/\/www.pandamech.com\/spanish\/wp-json\/wp\/v2\/types\/product"}],"version-history":[{"count":1,"href":"https:\/\/www.pandamech.com\/spanish\/wp-json\/wp\/v2\/product\/21549\/revisions"}],"predecessor-version":[{"id":91347,"href":"https:\/\/www.pandamech.com\/spanish\/wp-json\/wp\/v2\/product\/21549\/revisions\/91347"}],"wp:featuredmedia":[{"embeddable":true,"href":"https:\/\/www.pandamech.com\/spanish\/wp-json\/wp\/v2\/media\/57988"}],"wp:attachment":[{"href":"https:\/\/www.pandamech.com\/spanish\/wp-json\/wp\/v2\/media?parent=21549"}],"wp:term":[{"taxonomy":"product_brand","embeddable":true,"href":"https:\/\/www.pandamech.com\/spanish\/wp-json\/wp\/v2\/product_brand?post=21549"},{"taxonomy":"product_cat","embeddable":true,"href":"https:\/\/www.pandamech.com\/spanish\/wp-json\/wp\/v2\/product_cat?post=21549"},{"taxonomy":"product_tag","embeddable":true,"href":"https:\/\/www.pandamech.com\/spanish\/wp-json\/wp\/v2\/product_tag?post=21549"}],"curies":[{"name":"wp","href":"https:\/\/api.w.org\/{rel}","templated":true}]}}