{"id":21535,"date":"2022-12-27T19:03:56","date_gmt":"2022-12-27T11:03:56","guid":{"rendered":"http:\/\/pandamech.com\/?post_type=product&#038;p=21535"},"modified":"2025-08-23T01:07:08","modified_gmt":"2025-08-22T17:07:08","slug":"50-ton-cement-bulk-trailer-for-sale","status":"publish","type":"product","link":"https:\/\/www.pandamech.com\/spanish\/product\/50-ton-cement-bulk-trailer-for-sale\/","title":{"rendered":"Remolque de cemento a granel de 3 ejes y 50 toneladas"},"content":{"rendered":"<p>El remolque de cemento a granel de 50 toneladas se compone de un sistema de funcionamiento, tanque de carga, sistema de aire y sistema de descarga. Es adecuado para el transporte a granel de materiales secos en polvo (di\u00e1metro \u2264 0.1mm), tales como cenizas volantes, cemento, cal en polvo, mineral en polvo, \u00e1lcali granular, etc. 3 Ejes 50 toneladas a granel <span style=\"color: #0000ff;\"><a style=\"color: #0000ff;\" href=\"https:\/\/www.pandamech.com\/spanish\/category\/pneumatic-trailer\/cement-tanker\/\" target=\"_blank\" rel=\"noopener\">remolques cisterna para cemento<\/a><\/span> son la mejor opci\u00f3n para la mayor\u00eda de las compras.<\/p>\n<p><iframe title=\"Reproductor de v\u00eddeo YouTube\" src=\"https:\/\/www.youtube.com\/embed\/ptQz5yxKIQw\" width=\"800\" height=\"533\" frameborder=\"0\" allowfullscreen=\"allowfullscreen\"><span data-mce-type=\"bookmark\" style=\"display: inline-block; width: 0px; overflow: hidden; line-height: 0;\" class=\"mce_SELRES_start\"><\/span><\/iframe><\/p>\n<h2>Caracter\u00edstica<\/h2>\n<p><strong>El mejor acero bruto:<\/strong> El cuerpo del dep\u00f3sito y la construcci\u00f3n de acero de alta resistencia YP \u2265 620 garantizan una vida \u00fatil m\u00e1s larga y un peso m\u00e1s ligero.<\/p>\n<p><strong>Soldadura de calidad:<\/strong> \u00a0Un buen acero con soldaduras de calidad respaldan una mayor garant\u00eda para el remolque cisterna de cemento a granel.<\/p>\n<p><strong>Pintura duradera:<\/strong> Todo el veh\u00edculo Shot base limpia para la pintura, el doble de imprimaci\u00f3n de apoyo m\u00e1s larga vida de la pintura.<\/p>\n<p><strong>Dise\u00f1o:<\/strong> El dibujo en 3D con Ansys e Hypermesh Analyze favorece un buen dise\u00f1o.<\/p>\n<p style=\"text-align: center;\"><a class=\"product_button\" href=\"#elementor-action%3Aaction%3Dpopup%3Aopen%26settings%3DeyJpZCI6Ijk5MDciLCJ0b2dnbGUiOmZhbHNlfQ%3D%3D\">Haga clic para m\u00e1s detalles<\/a><\/p>\n<h2>Especificaciones del remolque de cemento de 50 toneladas<\/h2>\n<table style=\"width: 800px;\" border=\"1\" cellspacing=\"1\" cellpadding=\"1\">\n<tbody>\n<tr>\n<td width=\"221\" height=\"40\">\u00a0Marca<\/td>\n<td width=\"515\">\u00a0PANDA Mech 50t remolque cisterna de cemento a granel<\/td>\n<\/tr>\n<tr>\n<td width=\"221\" height=\"40\">\u00a0Volumen<\/td>\n<td width=\"515\">\u00a040 m\u00b3, 40 metros c\u00fabicos<\/td>\n<\/tr>\n<tr>\n<td width=\"221\" height=\"40\">\u00a0Capacidad<\/td>\n<td width=\"515\">\u00a050 toneladas<\/td>\n<\/tr>\n<tr>\n<td width=\"221\" height=\"40\">\u00a0Motor<\/td>\n<td width=\"515\">\u00a0WeiCai Deutz diesel moto<\/td>\n<\/tr>\n<tr>\n<td width=\"221\" height=\"40\">\u00a0Tapa de alcantarilla<\/td>\n<td width=\"515\">\u00a0De 2 a 4 juegos de 500 mm de di\u00e1metro<\/td>\n<\/tr>\n<tr>\n<td width=\"221\" height=\"40\">\u00a0Dimensi\u00f3n del remolque para cemento a granel<\/td>\n<td>\u00a010500*2500*3500 mm<\/td>\n<\/tr>\n<tr>\n<td width=\"221\" height=\"40\">\u00a0Material del dep\u00f3sito<\/td>\n<td width=\"515\">\u00a0Acero de alta resistencia de 5 mm o 6 mm \/ Acero inoxidable<\/td>\n<\/tr>\n<tr>\n<td width=\"221\" height=\"40\">\u00a0Estructura<\/td>\n<td width=\"515\">\u00a0Q345 acero de alta rectitud<\/td>\n<\/tr>\n<tr>\n<td width=\"221\" height=\"40\">\u00a0Tren de aterrizaje<\/td>\n<td width=\"515\">\u00a0JOST 28T<\/td>\n<\/tr>\n<tr>\n<td width=\"221\" height=\"40\">\u00a0Suspensi\u00f3n<\/td>\n<td width=\"515\">\u00a0Suspensi\u00f3n mec\u00e1nica o neum\u00e1tica<\/td>\n<\/tr>\n<tr>\n<td width=\"221\" height=\"40\">\u00a0Sistema de frenos<\/td>\n<td width=\"515\">\u00a0C\u00e1mara T30\/30, v\u00e1lvula de emergencia WABCO<\/td>\n<\/tr>\n<tr>\n<td width=\"221\" height=\"40\">\u00a0Eje<\/td>\n<td width=\"515\">\u00a03 ejes, de 1 a 4 juegos, ejes de 13,16,20 toneladas, BPW o SAF<\/td>\n<\/tr>\n<tr>\n<td width=\"221\" height=\"40\">\u00a0Neum\u00e1tico<\/td>\n<td width=\"515\">\u00a012R22.5, 385\/65R22.5, 13R22.5, 12.00R24, 315\/80R22.5<\/td>\n<\/tr>\n<tr>\n<td width=\"221\" height=\"40\">\u00a0Piezas para remolques de cemento a granel<\/td>\n<td width=\"515\">\u00a0Pasamanos neum\u00e1tico, Motor de marca famosa, Eje, Neum\u00e1tico, Alambres impermeables, Tubo semim\u00e9trico, V\u00e1lvulas, V\u00e1lvula de escape, Airbag interior, Tren de aterrizaje, Dispositivo de rociado de agua, Protector lateral y caja de herramientas, Tapa de alcantarilla, Soplador<\/td>\n<\/tr>\n<\/tbody>\n<\/table>\n<p style=\"text-align: center;\"><a class=\"product_button\" href=\"#elementor-action%3Aaction%3Dpopup%3Aopen%26settings%3DeyJpZCI6Ijk5MDciLCJ0b2dnbGUiOmZhbHNlfQ%3D%3D\">Haga clic para m\u00e1s detalles<\/a><\/p>\n<h2>El dibujo del remolque de cemento de 50 toneladas<\/h2>\n<p><img fetchpriority=\"high\" decoding=\"async\" class=\"alignnone wp-image-17265 size-full\" style=\"width: 800px;\" title=\"50 toneladas de cemento a granel remolque para la venta\" src=\"https:\/\/pandamech.com\/wp-content\/uploads\/2022\/06\/50-ton-cement-bulk-trailer-for-sale.jpg\" alt=\"3 ejes 50 toneladas de cemento a granel cami\u00f3n cisterna semirremolque dibujo\" width=\"800\" height=\"562\" \/><\/p>\n<p>dibujo de remolque cisterna de cemento a granel de 3 ejes y 50 toneladas<\/p>\n<h2>50 Ton remolque de cemento im\u00e1genes<\/h2>\n<p><img decoding=\"async\" class=\"wp-image-20804 size-full\" src=\"https:\/\/pandamech.com\/wp-content\/uploads\/2021\/09\/241e8b3e5a.jpg\" alt=\"Venta de remolque para cemento de 55 toneladas\" width=\"800\" height=\"533\" title=\"\"><\/p>\n<p>Venta de remolques de 3 ejes de 50 toneladas para carga seca a granel<\/p>\n<p><img decoding=\"async\" class=\"wp-image-20917 size-full\" src=\"https:\/\/pandamech.com\/wp-content\/uploads\/2021\/09\/43b73f1bd5.jpg\" alt=\"Venta de remolque para cemento de 55 toneladas\" width=\"800\" height=\"533\" title=\"\"><\/p>\n<p>triaxle 50 toneladas remolques de transporte de cemento para la venta<\/p>\n<p><img loading=\"lazy\" decoding=\"async\" class=\"alignnone wp-image-21105 size-full\" src=\"https:\/\/pandamech.com\/wp-content\/uploads\/2021\/09\/82df0c1911.jpg\" alt=\"granelero de cemento\" width=\"800\" height=\"533\" title=\"\"><\/p>\n<p>3 ejes 50 toneladas a granel remolque cisterna de cemento para la venta<\/p>\n<p>Relacionado: <a href=\"https:\/\/www.pandamech.com\/spanish\/product\/60-ton-cement-tanker-trailer\/\" target=\"_blank\" rel=\"noopener\"><span style=\"color: #0000ff;\">Cisterna de cemento de 50 metros c\u00fabicos<\/span><\/a>, <a href=\"https:\/\/www.pandamech.com\/spanish\/product\/40-ton-cement-bulker-trailer\/\" target=\"_blank\" rel=\"noopener\"><span style=\"color: #0000ff;\">Remolque de cemento a granel de 40 toneladas<\/span><\/a><\/p>\n<p style=\"text-align: center;\"><a class=\"product_button\" href=\"#elementor-action%3Aaction%3Dpopup%3Aopen%26settings%3DeyJpZCI6Ijk5MDciLCJ0b2dnbGUiOmZhbHNlfQ%3D%3D\">Obtenga un presupuesto instant\u00e1neo<\/a><\/p>\n<h2>Transporte mar\u00edtimo<\/h2>\n<p>Para evitar que la pintura del <span style=\"color: #0000ff;\"><a style=\"color: #0000ff;\" href=\"https:\/\/www.pandamech.com\/product\/3-axle-55-ton-cement-bulker-trailer\/\" target=\"_blank\" rel=\"noopener\">granelero de cemento<\/a><\/span> Para evitar que el agua de mar corroa el remolque, rociaremos una capa de cera en la superficie del remolque de cemento a granel antes del transporte.<\/p>\n<p>Envolveremos todos los motores di\u00e9sel de los remolques de camiones de cemento con tela impermeable.<\/p>\n<p><img loading=\"lazy\" decoding=\"async\" class=\"alignnone wp-image-31375 size-full\" src=\"https:\/\/pandamech.com\/wp-content\/uploads\/2022\/08\/55-ton-cement-bulk-trailer-transport1.jpg\" alt=\"venta de 25 120 toneladas de cemento a granel\" width=\"800\" height=\"604\" title=\"\"><\/p>\n<p><img loading=\"lazy\" decoding=\"async\" class=\"alignnone size-full wp-image-31376\" src=\"https:\/\/pandamech.com\/wp-content\/uploads\/2022\/08\/55-ton-cement-bulk-trailer-transport2.jpg\" alt=\"venta de 25 120 toneladas de cemento a granel\" width=\"800\" height=\"532\" title=\"\"><\/p>\n<h2>Panda Mech<\/h2>\n<p>Panda Mech es un fabricante de remolques para cemento de 50 toneladas de China. Suministramos remolques para cemento de 50 toneladas para la venta. Los fabricantes de Panda Mech han tenido \u00e9xito en el sudeste asi\u00e1tico, Oriente Medio, \u00c1frica y Am\u00e9rica del Sur, como Filipinas, Tanzania, etc....<\/p>","protected":false},"excerpt":{"rendered":"<p><strong>Marca<\/strong>: PANDA MECH<\/p>\n<p><strong>Tipo:<\/strong> Remolque de cemento de 50 toneladas<\/p>\n<p><strong>Precios<\/strong>: 12.800-30.500 USD<\/p>\n<p><strong>Fecha de entrega<\/strong>7-25 d\u00edas<\/p>\n<p><strong>Velocidad de descarga<\/strong>: &gt;1,5ton\/min<\/p>\n<p><strong>Aplicaci\u00f3n<\/strong>: transporte de cemento, gr\u00e1nulos de PVC, cenizas volantes<\/p>","protected":false},"featured_media":58128,"template":"","meta":{"_acf_changed":false,"_kad_blocks_custom_css":"","_kad_blocks_head_custom_js":"","_kad_blocks_body_custom_js":"","_kad_blocks_footer_custom_js":"","_kad_post_transparent":"default","_kad_post_title":"","_kad_post_layout":"default","_kad_post_sidebar_id":"","_kad_post_content_style":"default","_kad_post_vertical_padding":"default","_kad_post_feature":"","_kad_post_feature_position":"","_kad_post_header":false,"_kad_post_footer":false,"_kad_post_classname":""},"product_brand":[],"product_cat":[101],"product_tag":[],"class_list":{"0":"post-21535","1":"product","2":"type-product","3":"status-publish","4":"has-post-thumbnail","6":"product_cat-cement-tanker","8":"first","9":"instock","10":"sold-individually","11":"shipping-taxable","12":"purchasable","13":"product-type-simple","14":"entry","15":"content-bg","16":"loop-entry"},"acf":[],"taxonomy_info":{"product_cat":[{"value":101,"label":"Cement Tanker For Sale"}]},"featured_image_src_large":["https:\/\/www.pandamech.com\/wp-content\/uploads\/2022\/10\/3-500x500.jpg",500,500,true],"author_info":[],"comment_info":"","_links":{"self":[{"href":"https:\/\/www.pandamech.com\/spanish\/wp-json\/wp\/v2\/product\/21535","targetHints":{"allow":["GET"]}}],"collection":[{"href":"https:\/\/www.pandamech.com\/spanish\/wp-json\/wp\/v2\/product"}],"about":[{"href":"https:\/\/www.pandamech.com\/spanish\/wp-json\/wp\/v2\/types\/product"}],"version-history":[{"count":1,"href":"https:\/\/www.pandamech.com\/spanish\/wp-json\/wp\/v2\/product\/21535\/revisions"}],"predecessor-version":[{"id":91267,"href":"https:\/\/www.pandamech.com\/spanish\/wp-json\/wp\/v2\/product\/21535\/revisions\/91267"}],"wp:featuredmedia":[{"embeddable":true,"href":"https:\/\/www.pandamech.com\/spanish\/wp-json\/wp\/v2\/media\/58128"}],"wp:attachment":[{"href":"https:\/\/www.pandamech.com\/spanish\/wp-json\/wp\/v2\/media?parent=21535"}],"wp:term":[{"taxonomy":"product_brand","embeddable":true,"href":"https:\/\/www.pandamech.com\/spanish\/wp-json\/wp\/v2\/product_brand?post=21535"},{"taxonomy":"product_cat","embeddable":true,"href":"https:\/\/www.pandamech.com\/spanish\/wp-json\/wp\/v2\/product_cat?post=21535"},{"taxonomy":"product_tag","embeddable":true,"href":"https:\/\/www.pandamech.com\/spanish\/wp-json\/wp\/v2\/product_tag?post=21535"}],"curies":[{"name":"wp","href":"https:\/\/api.w.org\/{rel}","templated":true}]}}