{"id":21499,"date":"2022-11-15T19:03:34","date_gmt":"2022-11-15T11:03:34","guid":{"rendered":"http:\/\/pandamech.com\/?post_type=product&#038;p=21499"},"modified":"2025-08-23T01:07:08","modified_gmt":"2025-08-22T17:07:08","slug":"40-ton-pneumatic-cement-trailer","status":"publish","type":"product","link":"https:\/\/www.pandamech.com\/spanish\/product\/40-ton-pneumatic-cement-trailer\/","title":{"rendered":"Remolque cementero neum\u00e1tico de 40 toneladas"},"content":{"rendered":"<p>El remolque neum\u00e1tico para cemento se utiliza principalmente para transportar materiales secos en polvo (di\u00e1metro\u22640.1mm) como cenizas volantes, cemento, harina de cal en polvo, polvo mineral, \u00e1lcali granular, etc. En general, se suele utilizar en obras de construcci\u00f3n. Los remolques de carga seca a granel de esta forma se utilizan principalmente en Sudam\u00e9rica y Norteam\u00e9rica.<\/p>\n<p>30 CBM neum\u00e1tico <span style=\"color: #0000ff;\"><a style=\"color: #0000ff;\" href=\"https:\/\/www.pandamech.com\/spanish\/category\/pneumatic-trailer\/cement-tanker\/\" target=\"_blank\" rel=\"noopener\">remolque de cemento<\/a><\/span> Capacidad: 40-45 toneladas.<\/p>\n<h2>Caracter\u00edstica<\/h2>\n<ol>\n<li>El mejor acero en bruto: El cuerpo del dep\u00f3sito y la construcci\u00f3n de acero de alta resistencia YP \u2265 620 garantizan una vida \u00fatil m\u00e1s larga y una tara m\u00e1s ligera.<\/li>\n<li>Soldadura de calidad:  Un buen acero con soldaduras de calidad respalda una garant\u00eda m\u00e1s prolongada para los remolques cisterna neum\u00e1ticos para graneles.<\/li>\n<li>Pintura duradera: Todo el veh\u00edculo Shot blasting base limpia para la pintura, dos veces imprimaci\u00f3n apoyo m\u00e1s larga vida de la pintura.<\/li>\n<li>Dise\u00f1o de remolques de carga seca a granel: el dibujo en 3D con Ansys &amp; Hypermesh Analyze permite un dise\u00f1o razonable.<\/li>\n<\/ol>\n<p style=\"text-align: center;\"><a class=\"product_button\" href=\"#elementor-action%3Aaction%3Dpopup%3Aopen%26settings%3DeyJpZCI6Ijk5MDciLCJ0b2dnbGUiOmZhbHNlfQ%3D%3D\">Haga clic para m\u00e1s detalles<\/a><\/p>\n<h2>Especificaciones del remolque de cemento neum\u00e1tico de 40 toneladas<\/h2>\n<table style=\"width: 800px;\" border=\"1\" cellspacing=\"1\" cellpadding=\"1\">\n<tbody>\n<tr>\n<td width=\"221\" height=\"40\">\u00a0Marca<\/td>\n<td width=\"515\">\u00a0PANDA Mech Remolque neum\u00e1tico para cami\u00f3n de transporte de cargas secas a granel<\/td>\n<\/tr>\n<tr>\n<td width=\"221\" height=\"40\">\u00a0Capacidad<\/td>\n<td width=\"515\">\u00a040 toneladas<\/td>\n<\/tr>\n<tr>\n<td width=\"221\" height=\"40\">\u00a0Dimensiones<\/td>\n<td width=\"515\">\u00a011500*2500*3750mm<\/td>\n<\/tr>\n<tr>\n<td width=\"221\" height=\"40\">\u00a0V\u00e1lvula de descarga<\/td>\n<td width=\"515\">\u00a0V\u00e1lvula de disco de 4<\/td>\n<\/tr>\n<tr>\n<td width=\"221\" height=\"40\">\u00a0Material del dep\u00f3sito<\/td>\n<td width=\"515\">\u00a0Acero de alta resistencia de 5 mm o 6 mm<\/td>\n<\/tr>\n<tr>\n<td width=\"221\" height=\"40\">\u00a0Estructura<\/td>\n<td width=\"515\">\u00a0Q345 acero recto alto, q235<\/td>\n<\/tr>\n<tr>\n<td width=\"221\" height=\"40\">\u00a0Suspensi\u00f3n<\/td>\n<td width=\"515\">\u00a0Suspensi\u00f3n mec\u00e1nica o neum\u00e1tica<\/td>\n<\/tr>\n<tr>\n<td width=\"221\" height=\"40\">\u00a0Sistema de frenos<\/td>\n<td width=\"515\">\u00a0C\u00e1mara T30\/30, v\u00e1lvula de emergencia WABCO<\/td>\n<\/tr>\n<tr>\n<td width=\"221\" height=\"40\">\u00a0Eje de remolque a granel<\/td>\n<td width=\"515\">\u00a03 ejes, de 1 a 4 juegos, ejes de 13,16,20 toneladas, BPW o SAF<\/td>\n<\/tr>\n<tr>\n<td width=\"221\" height=\"40\">\u00a0Neum\u00e1tico<\/td>\n<td width=\"515\">\u00a012R22.5, 385\/65R22.5, 13R22.5, 12.00R24, 315\/80R22.5<\/td>\n<\/tr>\n<tr>\n<td width=\"221\" height=\"40\">\u00a0Alfiler de rey<\/td>\n<td width=\"515\">Tipo desmontable JOST 2\u2033 o 3,5<\/td>\n<\/tr>\n<tr>\n<td width=\"221\" height=\"40\">\u00a0Piezas<\/td>\n<td width=\"515\">\u00a0soplador diesel, v\u00e1lvula de liberaci\u00f3n, rueda de leng\u00fceta, diagrama, bolsa de aire interior, tren de aterrizaje, dispositivo de pulverizaci\u00f3n de agua, protector lateral y caja de herramientas, tapa de alcantarilla, el tubo neum\u00e1tico de manguera de remolque, tolva de cami\u00f3n seco sistema de descarga<\/td>\n<\/tr>\n<\/tbody>\n<\/table>\n<p style=\"text-align: center;\"><a class=\"product_button\" href=\"#elementor-action%3Aaction%3Dpopup%3Aopen%26settings%3DeyJpZCI6Ijk5MDciLCJ0b2dnbGUiOmZhbHNlfQ%3D%3D\">Haga clic para m\u00e1s detalles<\/a><\/p>\n<h2>Remolque de cemento neum\u00e1tico de 40 toneladas im\u00e1genes<\/h2>\n<p><img fetchpriority=\"high\" decoding=\"async\" class=\"alignnone wp-image-18936 size-full\" style=\"width: 800px;\" title=\"Remolque cementero neum\u00e1tico de 40 toneladas\" src=\"https:\/\/pandamech.com\/wp-content\/uploads\/2022\/06\/40-ton-pneumatic-cement-trailer.jpg\" alt=\"30cbm 40 Ton Neum\u00e1tico Remolques de Cemento para la venta\" width=\"800\" height=\"533\" \/><\/p>\n<p>30m3 40 ton neum\u00e1tica <a href=\"https:\/\/www.pandamech.com\/spanish\/product\/bulk-cement-carrier-for-sale-html\/\" target=\"_blank\" rel=\"noopener\"><span style=\"color: #0000ff;\">remolque cementero<\/span><\/a> en venta<\/p>\n<p><img decoding=\"async\" class=\"alignnone wp-image-18937 size-full\" style=\"width: 800px;\" title=\"Remolque cementero neum\u00e1tico de 40 toneladas\" src=\"https:\/\/pandamech.com\/wp-content\/uploads\/2022\/06\/40-ton-pneumatic-cement-trailer-1.jpg\" alt=\"30cbm 40 Ton Remolque Neum\u00e1tico para Cemento fabricante\" width=\"800\" height=\"533\" \/><\/p>\n<p>30cbm 40 toneladas remolques cisterna neum\u00e1tica para la venta<\/p>\n<p>Relacionado: <span style=\"color: #0000ff;\"><a style=\"color: #0000ff;\" href=\"https:\/\/www.pandamech.com\/spanish\/category\/tank-trailer\/fuel-tanker\/\" target=\"_blank\" rel=\"noopener\">remolque cisterna para combustible<\/a><\/span>, <a href=\"https:\/\/www.pandamech.com\/spanish\/product\/40-ton-cement-tanker-trailer-for-sale\/\" target=\"_blank\" rel=\"noopener\"><span style=\"color: #0000ff;\">Remolque cisterna para cemento de 40 toneladas<\/span><\/a><\/p>\n<p style=\"text-align: center;\"><a class=\"product_button\" href=\"#elementor-action%3Aaction%3Dpopup%3Aopen%26settings%3DeyJpZCI6Ijk5MDciLCJ0b2dnbGUiOmZhbHNlfQ%3D%3D\">Obtenga un presupuesto instant\u00e1neo<\/a><\/p>\n<h2>Transporte mar\u00edtimo<\/h2>\n<p>Para evitar que la pintura del <span style=\"color: #0000ff;\"><a style=\"color: #0000ff;\" href=\"https:\/\/www.pandamech.com\/spanish\/product\/bulk-powder-tanker-p00149p1-html\/\" target=\"_blank\" rel=\"noopener\">cami\u00f3n cisterna de polvo<\/a><\/span> Para evitar que el agua de mar corroa el remolque, rociaremos una capa de cera en la superficie del cami\u00f3n de cemento neum\u00e1tico antes del transporte.<br \/>\nEnvolveremos todos los motores di\u00e9sel de los remolques cisterna de cemento con tela impermeable.<\/p>\n<p><img decoding=\"async\" class=\"alignnone wp-image-33094 size-full\" src=\"https:\/\/pandamech.com\/wp-content\/uploads\/2022\/10\/cement-trailer-transport-1.jpg\" alt=\"remolque cisterna de cemento de transporte neum\u00e1tico\" width=\"750\" height=\"400\" title=\"\"><\/p>\n<h2>Panda Mech<\/h2>\n<p>Panda Mech es un fabricante de remolques neum\u00e1ticos para cemento de 40 toneladas de China. Suministramos remolques neum\u00e1ticos para cemento de 40 toneladas para la venta. Los fabricantes de Panda Mech han tenido \u00e9xito en el sudeste de Asia, Oriente Medio, \u00c1frica y Am\u00e9rica del Sur, como Filipinas, Tanzania, etc ...<\/p>\n<p><a href=\"https:\/\/www.pandamech.com\/spanish\/contact-us\/\" target=\"_blank\" rel=\"noopener\"><img loading=\"lazy\" decoding=\"async\" class=\"alignnone\" src=\"https:\/\/pandamech.com\/wp-content\/uploads\/2021\/08\/quotation.jpg\" alt=\"oferta de remolque cisterna neum\u00e1tico para cemento\" width=\"864\" height=\"213\" title=\"\"><\/a><\/p>","protected":false},"excerpt":{"rendered":"<p>Tipo: Remolque cisterna de cemento neum\u00e1tico de 40 toneladas<\/p>\n<p>Gama de precios: USD14.500-39.500<\/p>\n<p>Plazo de entrega: 7-25 d\u00edas<\/p>\n<p>Descarga m\u00e1s r\u00e1pida: &gt;1,5 toneladas\/min<\/p>\n<p>Aplicaci\u00f3n: transporte de cemento, arena, <a class=\"wpil_keyword_link\" title=\"harina\" href=\"https:\/\/www.pandamech.com\/spanish\/product\/30-ton-bulk-flour-tanker-trailer\/\" target=\"_blank\" rel=\"noopener\" data-wpil-keyword-link=\"linked\">harina<\/a>, y otros materiales granulares, etc.<\/p>","protected":false},"featured_media":58010,"template":"","meta":{"_acf_changed":false,"_kad_blocks_custom_css":"","_kad_blocks_head_custom_js":"","_kad_blocks_body_custom_js":"","_kad_blocks_footer_custom_js":"","_kad_post_transparent":"default","_kad_post_title":"","_kad_post_layout":"default","_kad_post_sidebar_id":"","_kad_post_content_style":"default","_kad_post_vertical_padding":"default","_kad_post_feature":"","_kad_post_feature_position":"","_kad_post_header":false,"_kad_post_footer":false,"_kad_post_classname":""},"product_brand":[],"product_cat":[101],"product_tag":[],"class_list":{"0":"post-21499","1":"product","2":"type-product","3":"status-publish","4":"has-post-thumbnail","6":"product_cat-cement-tanker","8":"first","9":"instock","10":"sold-individually","11":"shipping-taxable","12":"purchasable","13":"product-type-simple","14":"entry","15":"content-bg","16":"loop-entry"},"acf":[],"taxonomy_info":{"product_cat":[{"value":101,"label":"Cement Tanker For Sale"}]},"featured_image_src_large":["https:\/\/www.pandamech.com\/wp-content\/uploads\/2022\/08\/w-cement-tanker-2-500x500.jpg",500,500,true],"author_info":[],"comment_info":"","_links":{"self":[{"href":"https:\/\/www.pandamech.com\/spanish\/wp-json\/wp\/v2\/product\/21499","targetHints":{"allow":["GET"]}}],"collection":[{"href":"https:\/\/www.pandamech.com\/spanish\/wp-json\/wp\/v2\/product"}],"about":[{"href":"https:\/\/www.pandamech.com\/spanish\/wp-json\/wp\/v2\/types\/product"}],"version-history":[{"count":1,"href":"https:\/\/www.pandamech.com\/spanish\/wp-json\/wp\/v2\/product\/21499\/revisions"}],"predecessor-version":[{"id":91274,"href":"https:\/\/www.pandamech.com\/spanish\/wp-json\/wp\/v2\/product\/21499\/revisions\/91274"}],"wp:featuredmedia":[{"embeddable":true,"href":"https:\/\/www.pandamech.com\/spanish\/wp-json\/wp\/v2\/media\/58010"}],"wp:attachment":[{"href":"https:\/\/www.pandamech.com\/spanish\/wp-json\/wp\/v2\/media?parent=21499"}],"wp:term":[{"taxonomy":"product_brand","embeddable":true,"href":"https:\/\/www.pandamech.com\/spanish\/wp-json\/wp\/v2\/product_brand?post=21499"},{"taxonomy":"product_cat","embeddable":true,"href":"https:\/\/www.pandamech.com\/spanish\/wp-json\/wp\/v2\/product_cat?post=21499"},{"taxonomy":"product_tag","embeddable":true,"href":"https:\/\/www.pandamech.com\/spanish\/wp-json\/wp\/v2\/product_tag?post=21499"}],"curies":[{"name":"wp","href":"https:\/\/api.w.org\/{rel}","templated":true}]}}