{"id":21485,"date":"2022-07-12T19:03:32","date_gmt":"2022-07-12T11:03:32","guid":{"rendered":"http:\/\/pandamech.com\/?post_type=product&#038;p=21485"},"modified":"2026-01-05T16:08:33","modified_gmt":"2026-01-05T08:08:33","slug":"25-80-ton-cement-silo-semi-trailer","status":"publish","type":"product","link":"https:\/\/www.pandamech.com\/spanish\/product\/25-80-ton-cement-silo-semi-trailer\/","title":{"rendered":"Semirremolque para silo de cemento de 25-80 toneladas"},"content":{"rendered":"<p>El remolque para silo de cemento se conoce como semirremolque para silo de cemento, remolque para silo de carga seca, <span style=\"color: #0000ff;\"><a style=\"color: #0000ff;\" href=\"https:\/\/www.pandamech.com\/product\/3-axle-55-ton-cement-bulker-trailer\/\" target=\"_blank\" rel=\"noopener\">granelero de cemento<\/a><\/span>. El remolque silo de cemento es adecuado para el transporte de cemento a granel, cenizas de carb\u00f3n, cal en polvo, polvo mineral, cenizas volantes, y otros materiales en polvo con un di\u00e1metro de part\u00edcula de no m\u00e1s de 0,1 mm.<\/p>\n<p>El remolque para silo de cemento de Panda Mech se utiliza principalmente en f\u00e1bricas de cemento, almacenes de cemento y grandes obras de construcci\u00f3n. El remolque silo de cemento reducir\u00e1 el <span style=\"color: #0000ff;\"><a style=\"color: #0000ff;\" href=\"https:\/\/www.pandamech.com\/spanish\/product\/bulk-powder-tanker-p00149p1-html\/\" target=\"_blank\" rel=\"noopener\">cami\u00f3n cisterna de polvo<\/a><\/span> la tasa de p\u00e9rdida de material y mejorar la eficacia de carga y descarga.<\/p>\n<h2>39CBM silo de cemento remolque im\u00e1genes<\/h2>\n<p><img fetchpriority=\"high\" decoding=\"async\" class=\"alignnone wp-image-22237 size-full\" src=\"https:\/\/pandamech.com\/wp-content\/uploads\/2021\/08\/8-104.jpg\" alt=\"Semirremolque silo de cemento de 25-80 toneladas\" width=\"800\" height=\"533\" title=\"\"><\/p>\n<p>fabricante de remolques silo de cemento 39cbm<\/p>\n<p><img decoding=\"async\" class=\"alignnone wp-image-22236 size-full\" src=\"https:\/\/pandamech.com\/wp-content\/uploads\/2021\/08\/7-124.jpg\" alt=\"Semirremolque silo de cemento de 25-80 toneladas\" width=\"800\" height=\"533\" title=\"\"><\/p>\n<p>39m3 semirremolque silo de cemento para la venta<\/p>\n<p style=\"text-align: center;\"><a class=\"product_button\" href=\"#elementor-action%3Aaction%3Dpopup%3Aopen%26settings%3DeyJpZCI6Ijk5MDciLCJ0b2dnbGUiOmZhbHNlfQ%3D%3D\">Obtenga un presupuesto instant\u00e1neo<\/a><\/p>\n<h2>Especificaciones del silo de cemento<\/h2>\n<table style=\"width: 800px;\" border=\"1\" cellspacing=\"1\" cellpadding=\"1\">\n<tbody>\n<tr>\n<td width=\"247\" height=\"36\">\u00a0Marca<\/td>\n<td width=\"540\">\u00a0PANDA Mech cisterna de cemento a granel<\/td>\n<\/tr>\n<tr>\n<td width=\"247\" height=\"36\">\u00a0Volumen del silo cisterna<\/td>\n<td width=\"540\">\u00a020-70 cbm\/m3<\/td>\n<\/tr>\n<tr>\n<td width=\"247\" height=\"36\">\u00a0Capacidad del remolque del silo<\/td>\n<td width=\"540\">\u00a025-80 toneladas<\/td>\n<\/tr>\n<tr>\n<td width=\"247\" height=\"36\">\u00a0Motor<\/td>\n<td width=\"540\">\u00a0WeiCai Deutz diesel moto<\/td>\n<\/tr>\n<tr>\n<td width=\"247\" height=\"36\">\u00a0Dimensi\u00f3n del remolque del silo<\/td>\n<td width=\"540\">\u00a08000-13500 * 2550 * 3300-3600 mm<\/td>\n<\/tr>\n<tr>\n<td width=\"247\" height=\"36\">\u00a0Material del dep\u00f3sito<\/td>\n<td width=\"540\">\u00a0Acero de alta resistencia de 5 mm o 6 mm<\/td>\n<\/tr>\n<tr>\n<td width=\"247\" height=\"36\">\u00a0Tren de aterrizaje<\/td>\n<td width=\"540\">\u00a0JOST 28T<\/td>\n<\/tr>\n<tr>\n<td width=\"247\" height=\"36\">\u00a0Suspensi\u00f3n<\/td>\n<td width=\"540\">\u00a0Suspensi\u00f3n mec\u00e1nica o neum\u00e1tica<\/td>\n<\/tr>\n<tr>\n<td width=\"247\" height=\"36\">\u00a0Eje<\/td>\n<td width=\"540\">\u00a01 a 4 juegos, ejes de 13,16,20 toneladas, BPW o SAF<\/td>\n<\/tr>\n<tr>\n<td width=\"247\" height=\"36\">\u00a0Neum\u00e1tico<\/td>\n<td width=\"540\">\u00a012R22.5, 385\/65R22.5, 13R22.5, 12.00R24, 315\/80R22.5<\/td>\n<\/tr>\n<tr>\n<td width=\"247\" height=\"36\">\u00a0Alfiler de rey<\/td>\n<td width=\"540\">\u00a0Tipo desmontable JOST 2\u2033 o 3,5<\/td>\n<\/tr>\n<tr>\n<td width=\"247\" height=\"54\">\u00a0Piezas de remolque de silo<\/td>\n<td width=\"540\">\u00a0Pasamanos neum\u00e1tico, Motor de marca famosa, Eje, Neum\u00e1tico, Alambres impermeables, Tubo semim\u00e9trico, V\u00e1lvulas, V\u00e1lvula de escape, Airbag interior, Tren de aterrizaje, Dispositivo de rociado de agua, Protector lateral y caja de herramientas, Tapa de alcantarilla, Soplador de silo de cemento a granel, piezas de repuesto.<\/td>\n<\/tr>\n<\/tbody>\n<\/table>\n<h2>Remolque para silo de cemento<\/h2>\n<table border=\"2\" width=\"664\" cellspacing=\"1\" cellpadding=\"1\">\n<tbody>\n<tr>\n<td width=\"292\" height=\"42\">\u00a0Capacidad<\/td>\n<td width=\"372\">\u00a0Precio (USD)<\/td>\n<\/tr>\n<tr>\n<td height=\"42\">\u00a025-40ton. 20-30m3<\/td>\n<td>\u00a0$12800-$19000<\/td>\n<\/tr>\n<tr>\n<td height=\"42\">\u00a040-50 toneladas, 30-40 m3<\/td>\n<td>\u00a0$13500-$20600<\/td>\n<\/tr>\n<tr>\n<td height=\"42\">\u00a050-60 toneladas, 40m3-50m3<\/td>\n<td>\u00a0$14000-$27800<\/td>\n<\/tr>\n<tr>\n<td height=\"42\">\u00a0\u226560 toneladas, 50 m3<\/td>\n<td>\u00a0personalizar, \u2265$15000<\/td>\n<\/tr>\n<\/tbody>\n<\/table>\n<p style=\"text-align: center;\"><a class=\"product_button\" href=\"#elementor-action%3Aaction%3Dpopup%3Aopen%26settings%3DeyJpZCI6Ijk5MDciLCJ0b2dnbGUiOmZhbHNlfQ%3D%3D\">Obtenga un presupuesto instant\u00e1neo<\/a><\/p>\n<h2>Transporte de silos de cemento<\/h2>\n<p>Podemos personalizar camiones cisterna para silos, remolques de vac\u00edo y volquetes. Nuestros remolques para silos se venden en todo el mundo y circulan por los cinco continentes.<\/p>\n<p>Nuestros clientes son importantes fabricantes de los sectores de la alimentaci\u00f3n, el pl\u00e1stico, la construcci\u00f3n y la qu\u00edmica no peligrosa.<\/p>\n<p>Nuestro silo <span style=\"color: #0000ff;\"><a style=\"color: #0000ff;\" href=\"https:\/\/www.pandamech.com\/spanish\/category\/pneumatic-trailer\/cement-tanker\/\" target=\"_blank\" rel=\"noopener\">remolques de cemento<\/a> <\/span>puede cargar hasta 80 toneladas, y el m\u00e1s peque\u00f1o puede cargar s\u00f3lo 25 toneladas. El remolque cisterna para silos que producimos adopta la \u00faltima tecnolog\u00eda, mejorando dr\u00e1sticamente la seguridad, la carga y la propia carrocer\u00eda. El peso se ha reducido significativamente.<\/p>\n<p>En el futuro, tambi\u00e9n equiparemos los veh\u00edculos con tecnolog\u00edas telem\u00e1ticas y de gesti\u00f3n del transporte para realizar el seguimiento y la localizaci\u00f3n del veh\u00edculo, con el fin de lograr la programaci\u00f3n y predicci\u00f3n m\u00e1s precisas para que los clientes puedan conocer en todo momento la ubicaci\u00f3n del remolque.<\/p>\n<h2>\u00bfC\u00f3mo transportar remolques cisterna de silo?<\/h2>\n<p>Pediremos el barco antes de que finalice la producci\u00f3n y lo inspeccionaremos despu\u00e9s de la presentaci\u00f3n. El remolque inspeccionado se le enviar\u00e1 seg\u00fan el \u00faltimo plazo de env\u00edo.<\/p>\n<p>Para evitar que la pintura del remolque cisterna de cemento se corroa por el agua de mar, rociaremos una capa de cera en la superficie del remolque cisterna de polvo antes del transporte.<\/p>\n<p>Envolveremos todos los motores di\u00e9sel de los remolques cisterna de cemento con tela impermeable.<\/p>\n<p><img decoding=\"async\" class=\"alignnone size-full wp-image-33096\" src=\"https:\/\/pandamech.com\/wp-content\/uploads\/2022\/10\/cement-trailer-transport4.jpg\" alt=\"remolque cisterna para el transporte de cemento\" width=\"750\" height=\"400\" title=\"\"><\/p>\n<p style=\"text-align: center;\"><a class=\"product_button\" href=\"#elementor-action%3Aaction%3Dpopup%3Aopen%26settings%3DeyJpZCI6Ijk5MDciLCJ0b2dnbGUiOmZhbHNlfQ%3D%3D\">Obtenga un presupuesto instant\u00e1neo<\/a><\/p>\n<h2>Panda Mech<\/h2>\n<p>Panda es un fabricante de remolques cisterna para silo de cemento de 25-80 toneladas de China. Suministramos remolques cisterna para cemento de 25-80 toneladas para la venta. Podemos personalizarlo de acuerdo a sus necesidades.<\/p>\n<p>Panda cuenta con m\u00e1quinas de fabricaci\u00f3n de primera clase y tipos de equipos de pruebas, introduce tecnolog\u00eda avanzada internacional e investiga a famosos fabricantes de camiones para mejorar la fuerza del dise\u00f1o. Cada veh\u00edculo es producido por trabajadores h\u00e1biles y experimentados que pasan 120 inspecciones de control de calidad y suministran productos perfectos al mundo. M\u00e1s...<\/p>\n<p><a href=\"https:\/\/www.pandamech.com\/spanish\/contact-us\/\" target=\"_blank\" rel=\"noopener\"><img loading=\"lazy\" decoding=\"async\" src=\"https:\/\/pandamech.com\/wp-content\/uploads\/2021\/08\/quotation.jpg\" alt=\"presupuesto\" width=\"864\" height=\"213\" title=\"\"><\/a><\/p>","protected":false},"excerpt":{"rendered":"<p><strong>Tipo<\/strong>: remolque silo de cemento<\/p>\n<p><strong>Precio<\/strong>: 21.800-39.500 USD<\/p>\n<p><strong>Transporte<\/strong>7-25 d\u00edas<\/p>\n<p><strong>Velocidad de descarga<\/strong>\u00a0: &gt;1,5ton\/min<\/p>\n<p><strong>Aplicaci\u00f3n<\/strong>Transporte de cenizas volantes, cemento, cal en polvo, mineral en polvo, \u00e1lcali granulado, etc.<\/p>","protected":false},"featured_media":57756,"template":"","meta":{"_acf_changed":false,"_kad_blocks_custom_css":"","_kad_blocks_head_custom_js":"","_kad_blocks_body_custom_js":"","_kad_blocks_footer_custom_js":"","_kad_post_transparent":"default","_kad_post_title":"","_kad_post_layout":"default","_kad_post_sidebar_id":"","_kad_post_content_style":"default","_kad_post_vertical_padding":"default","_kad_post_feature":"","_kad_post_feature_position":"","_kad_post_header":false,"_kad_post_footer":false,"_kad_post_classname":""},"product_brand":[],"product_cat":[15],"product_tag":[],"class_list":{"0":"post-21485","1":"product","2":"type-product","3":"status-publish","4":"has-post-thumbnail","6":"product_cat-uncategorized","8":"first","9":"instock","10":"sold-individually","11":"shipping-taxable","12":"purchasable","13":"product-type-simple","14":"entry","15":"content-bg","16":"loop-entry"},"acf":[],"taxonomy_info":{"product_cat":[{"value":15,"label":"Uncategorized"}]},"featured_image_src_large":["https:\/\/www.pandamech.com\/wp-content\/uploads\/2022\/08\/2-38-500x500.jpg",500,500,true],"author_info":[],"comment_info":"","_links":{"self":[{"href":"https:\/\/www.pandamech.com\/spanish\/wp-json\/wp\/v2\/product\/21485","targetHints":{"allow":["GET"]}}],"collection":[{"href":"https:\/\/www.pandamech.com\/spanish\/wp-json\/wp\/v2\/product"}],"about":[{"href":"https:\/\/www.pandamech.com\/spanish\/wp-json\/wp\/v2\/types\/product"}],"version-history":[{"count":1,"href":"https:\/\/www.pandamech.com\/spanish\/wp-json\/wp\/v2\/product\/21485\/revisions"}],"predecessor-version":[{"id":91366,"href":"https:\/\/www.pandamech.com\/spanish\/wp-json\/wp\/v2\/product\/21485\/revisions\/91366"}],"wp:featuredmedia":[{"embeddable":true,"href":"https:\/\/www.pandamech.com\/spanish\/wp-json\/wp\/v2\/media\/57756"}],"wp:attachment":[{"href":"https:\/\/www.pandamech.com\/spanish\/wp-json\/wp\/v2\/media?parent=21485"}],"wp:term":[{"taxonomy":"product_brand","embeddable":true,"href":"https:\/\/www.pandamech.com\/spanish\/wp-json\/wp\/v2\/product_brand?post=21485"},{"taxonomy":"product_cat","embeddable":true,"href":"https:\/\/www.pandamech.com\/spanish\/wp-json\/wp\/v2\/product_cat?post=21485"},{"taxonomy":"product_tag","embeddable":true,"href":"https:\/\/www.pandamech.com\/spanish\/wp-json\/wp\/v2\/product_tag?post=21485"}],"curies":[{"name":"wp","href":"https:\/\/api.w.org\/{rel}","templated":true}]}}