{"id":21483,"date":"2022-07-10T19:03:32","date_gmt":"2022-07-10T11:03:32","guid":{"rendered":"http:\/\/pandamech.com\/?post_type=product&#038;p=21483"},"modified":"2025-08-23T01:07:58","modified_gmt":"2025-08-22T17:07:58","slug":"40ft-platform-semi-trailer-for-sale","status":"publish","type":"product","link":"https:\/\/www.pandamech.com\/spanish\/product\/40ft-platform-semi-trailer-for-sale\/","title":{"rendered":"Semirremolque de plataforma de 40 pies de un solo neum\u00e1tico"},"content":{"rendered":"<p>El super semirremolque de plataforma de un solo neum\u00e1tico es conocido como semirremolque de plataforma plana. Panda Mech puede ofrecer diferentes tipos de semirremolques plataforma para cargas secas y contenedores. Este semirremolque plataforma se utiliza para el transporte de contenedores, barras de acero, otros art\u00edculos cargados con paletas y cargadores de carga normal.<\/p>\n<p>Panda Mech es un fabricante de semirremolques plataforma de 40 pies de China. Suministramos semirremolques plataforma de 40 pies para la venta. Podemos personalizarlo de acuerdo a sus necesidades.<\/p>\n<h2>Ventaja del semirremolque con plataforma de neum\u00e1tico \u00fanico<\/h2>\n<ul>\n<li>1. Estructura de acero de alta resistencia a la tracci\u00f3n y alta capacidad de carga, capacidad de carga de 40 toneladas. 2. Suspensi\u00f3n de resorte mec\u00e1nico de tipo pesado para altas cargas de necesidades de requisitos.<\/li>\n<li>2. Longitud y anchura de la cama baja disponibles a medida<\/li>\n<li>3. La suspensi\u00f3n neum\u00e1tica y la suspensi\u00f3n del bogie son opcionales.<\/li>\n<\/ul>\n<h2>Especificaci\u00f3n del semirremolque de plataforma de 40\u2032 con neum\u00e1tico super sencillo<\/h2>\n<p>Lo siguiente es principalmente acerca de super solo neum\u00e1tico plataforma de contenedores semi remolque especificaciones, dimensiones, capacidad, y parte, remolque plataforma anchura longitud, remolque plataforma peso<\/p>\n<table style=\"width: 800px;\" border=\"1\" cellspacing=\"1\" cellpadding=\"1\">\n<tbody>\n<tr>\n<td width=\"297\" height=\"30\">\u00a0Fabricante<\/td>\n<td width=\"495\">\u00a0Remolque tractor con plataforma de 40 pies Panda Mech super single tire<\/td>\n<\/tr>\n<tr>\n<td width=\"297\" height=\"30\">\u00a0Ejes<\/td>\n<td width=\"495\">\u00a02-4 ejes BPW\/SAF\/FUWA Marca<\/td>\n<\/tr>\n<tr>\n<td width=\"297\" height=\"30\">Dimensiones<\/td>\n<td width=\"495\">\u00a012500 \/ 13500\u00d72500\u00d71500 mm<\/td>\n<\/tr>\n<tr>\n<td width=\"297\" height=\"30\">Capacidad<\/td>\n<td width=\"495\">\u00a037 toneladas<\/td>\n<\/tr>\n<tr>\n<td width=\"297\" height=\"30\">\u00a0Peso<\/td>\n<td width=\"495\">\u00a07-9 toneladas<\/td>\n<\/tr>\n<tr>\n<td width=\"297\" height=\"30\">\u00a0Cierre giratorio<\/td>\n<td width=\"495\">\u00a08-12 series<\/td>\n<\/tr>\n<tr>\n<td width=\"297\" height=\"30\">\u00a0Material<\/td>\n<td width=\"495\">\u00a0Vigas principales Q345B, brida superior:14mm, media:8mm, inferior:16mm<\/td>\n<\/tr>\n<tr>\n<td width=\"297\" height=\"30\">\u00a0Alfiler de rey<\/td>\n<td width=\"495\">\u00a02 pulgadas o 3,5 pulgadas Marca JOST<\/td>\n<\/tr>\n<tr>\n<td width=\"297\" height=\"30\">\u00a0Chasis<\/td>\n<td width=\"495\">\u00a03mm,4mm,6mm, acero al carbono o aleaci\u00f3n de aluminio<\/td>\n<\/tr>\n<tr>\n<td width=\"297\" height=\"30\">\u00a0Suspensi\u00f3n<\/td>\n<td width=\"495\">\u00a0Suspensi\u00f3n mec\u00e1nica, neum\u00e1tica, de bogies<\/td>\n<\/tr>\n<tr>\n<td width=\"297\" height=\"36\">\u00a0Neum\u00e1tico<\/td>\n<td width=\"495\">\u00a011.00R20, 12.00R20,12R22.5, 385\/65R22.5 Triangle\/Hankook\/ Marca Bridgestone<\/td>\n<\/tr>\n<tr>\n<td width=\"297\" height=\"30\">\u00a0Sistema de frenos<\/td>\n<td width=\"495\">\u00a0V\u00e1lvula WABCO con c\u00e1mara grande<\/td>\n<\/tr>\n<\/tbody>\n<\/table>\n<h2>Aplicaci\u00f3n de semirremolque de plataforma con neum\u00e1tico s\u00faper sencillo<\/h2>\n<p>Un semirremolque plataforma se utiliza generalmente para el transporte de contenedores, carga a granel, cemento, arroz, etc. Se utiliza principalmente para el transporte de larga distancia. Generalmente, el semirremolque plataforma puede transportar 30-60 toneladas.<\/p>\n<p>Si se trata de una gran cantidad de transporte o diferentes necesidades, podemos personalizarlo o remolque de la plataforma algunos veh\u00edculos deformados.<\/p>\n<h2>Imagen de semirremolque de plataforma de un eje<\/h2>\n<p><img fetchpriority=\"high\" decoding=\"async\" class=\"alignnone wp-image-31202 size-full\" src=\"https:\/\/pandamech.com\/wp-content\/uploads\/2022\/08\/7-40-ft-flatbed-semi-trailer.jpg\" alt=\"semirremolque de plataforma de un solo eje de 40 pies\" width=\"800\" height=\"533\" title=\"\"><\/p>\n<p>super solo neum\u00e1tico 40ft plataforma de contenedores remolque para la venta<\/p>\n<p><img decoding=\"async\" class=\"alignnone wp-image-32221 size-full\" src=\"https:\/\/pandamech.com\/wp-content\/uploads\/u_file\/710430be05.jpg\" alt=\"Semirremolque de plataforma de eje \u00fanico de 40 pies\" width=\"800\" height=\"533\" title=\"\"><\/p>\n<p>40 pies super semirremolque plano de un solo neum\u00e1tico<\/p>\n<p><img decoding=\"async\" class=\"alignnone wp-image-32222 size-full\" src=\"https:\/\/pandamech.com\/wp-content\/uploads\/2022\/08\/9-single-axle-platform-semi-trailer.jpg\" alt=\"plataforma de un solo eje de 40 &#039;semirremolque para la venta\" width=\"800\" height=\"600\" title=\"\"><\/p>\n<p>40 pies super plataforma de un solo neum\u00e1tico tractor remolque para la venta<\/p>\n<h2>Transporte y transporte mar\u00edtimo de semirremolque plataforma de contenedores<\/h2>\n<p>Cuando se transporta el semirremolque con plataforma de neum\u00e1ticos s\u00faper sencilla, muchos clientes optar\u00e1n por utilizar el transporte de contenedores, ya que esto puede tener menores costos de transporte y menor tiempo de transporte.<\/p>\n<p>Los semirremolques plataforma se utilizan generalmente para el transporte de graneleros o buques ro-ro. Nos aseguraremos de que Panda Mech semirremolques plataforma comercial ser\u00e1 encerado y cubierto con lonas cuando los buques de carga a granel.<\/p>\n<h2>Panda Mech<\/h2>\n<p>Somos un fabricante de semirremolques de plataforma con neum\u00e1ticos s\u00faper simples de 40 pies de China. Suministramos semirremolques de plataforma con neum\u00e1ticos s\u00faper simples de 40 pies para la venta. Podemos personalizarlo de acuerdo a sus necesidades.<\/p>\n<p>Los fabricantes de Panda Mech han tenido \u00e9xito en el Sudeste Asi\u00e1tico, Oriente Medio, \u00c1frica y Sudam\u00e9rica, como Filipinas, Tanzania, etc.\u00a0 <a style=\"color: #3366ff;\" href=\"https:\/\/www.pandamech.com\/spanish\/about\/\" rel=\"nofollow noopener\" name=\"662ae8fb-4e4e-4cc5-876a-6bfaecae5a2d\" target=\"_blank\">M\u00e1s sobre el panda<\/a><\/p>\n<p><a href=\"#elementor-action%3Aaction%3Dpopup%3Aopen%26settings%3DeyJpZCI6Ijk5MDciLCJ0b2dnbGUiOmZhbHNlfQ%3D%3D\"><img loading=\"lazy\" decoding=\"async\" src=\"https:\/\/pandamech.com\/wp-content\/uploads\/2021\/08\/quotation.jpg\" alt=\"presupuesto\" width=\"864\" height=\"213\" title=\"\"><\/a><\/p>","protected":false},"excerpt":{"rendered":"<p>Tipo: Semirremolque plataforma 40 pies<\/p>\n<p>Gama de precios: $10.990-19.500<\/p>\n<p>Plazo de entrega: 7-25 d\u00edas<\/p>\n<p>Capacidad de carga: 20-60 toneladas<\/p>\n<p>Aplicaci\u00f3n: carga a granel, contenedores<\/p>","protected":false},"featured_media":57781,"template":"","meta":{"_acf_changed":false,"_kad_blocks_custom_css":"","_kad_blocks_head_custom_js":"","_kad_blocks_body_custom_js":"","_kad_blocks_footer_custom_js":"","_kad_post_transparent":"default","_kad_post_title":"","_kad_post_layout":"default","_kad_post_sidebar_id":"","_kad_post_content_style":"default","_kad_post_vertical_padding":"default","_kad_post_feature":"","_kad_post_feature_position":"","_kad_post_header":false,"_kad_post_footer":false,"_kad_post_classname":""},"product_brand":[],"product_cat":[15],"product_tag":[],"class_list":{"0":"post-21483","1":"product","2":"type-product","3":"status-publish","4":"has-post-thumbnail","6":"product_cat-uncategorized","8":"first","9":"instock","10":"sold-individually","11":"shipping-taxable","12":"purchasable","13":"product-type-simple","14":"entry","15":"content-bg","16":"loop-entry"},"acf":[],"taxonomy_info":{"product_cat":[{"value":15,"label":"Uncategorized"}]},"featured_image_src_large":["https:\/\/www.pandamech.com\/wp-content\/uploads\/2022\/08\/2-85-1-500x500.jpg",500,500,true],"author_info":[],"comment_info":"","_links":{"self":[{"href":"https:\/\/www.pandamech.com\/spanish\/wp-json\/wp\/v2\/product\/21483","targetHints":{"allow":["GET"]}}],"collection":[{"href":"https:\/\/www.pandamech.com\/spanish\/wp-json\/wp\/v2\/product"}],"about":[{"href":"https:\/\/www.pandamech.com\/spanish\/wp-json\/wp\/v2\/types\/product"}],"version-history":[{"count":1,"href":"https:\/\/www.pandamech.com\/spanish\/wp-json\/wp\/v2\/product\/21483\/revisions"}],"predecessor-version":[{"id":91368,"href":"https:\/\/www.pandamech.com\/spanish\/wp-json\/wp\/v2\/product\/21483\/revisions\/91368"}],"wp:featuredmedia":[{"embeddable":true,"href":"https:\/\/www.pandamech.com\/spanish\/wp-json\/wp\/v2\/media\/57781"}],"wp:attachment":[{"href":"https:\/\/www.pandamech.com\/spanish\/wp-json\/wp\/v2\/media?parent=21483"}],"wp:term":[{"taxonomy":"product_brand","embeddable":true,"href":"https:\/\/www.pandamech.com\/spanish\/wp-json\/wp\/v2\/product_brand?post=21483"},{"taxonomy":"product_cat","embeddable":true,"href":"https:\/\/www.pandamech.com\/spanish\/wp-json\/wp\/v2\/product_cat?post=21483"},{"taxonomy":"product_tag","embeddable":true,"href":"https:\/\/www.pandamech.com\/spanish\/wp-json\/wp\/v2\/product_tag?post=21483"}],"curies":[{"name":"wp","href":"https:\/\/api.w.org\/{rel}","templated":true}]}}