{"id":21459,"date":"2022-11-13T19:03:13","date_gmt":"2022-11-13T11:03:13","guid":{"rendered":"http:\/\/pandamech.com\/?post_type=product&#038;p=21459"},"modified":"2025-08-23T01:07:08","modified_gmt":"2025-08-22T17:07:08","slug":"4-axle-60-ton-cement-bulk-trailers-for-sale","status":"publish","type":"product","link":"https:\/\/www.pandamech.com\/spanish\/product\/4-axle-60-ton-cement-bulk-trailers-for-sale\/","title":{"rendered":"4 ejes a granel remolque de cemento para la venta"},"content":{"rendered":"<p>Los remolques cisterna para cemento se utilizan para transportar cemento u otros materiales alimentarios. Ofrecemos este remolque cisterna de cemento con un el\u00e9ctrico o compresor y tienen flexibilidad en la especificaci\u00f3n t\u00e9cnica de los graneleros de cemento a granel seco. Panda Mech puede proporcionar un precio competitivo y la m\u00e1s alta calidad <span style=\"color: #0000ff;\"><a style=\"color: #0000ff;\" href=\"https:\/\/www.pandamech.com\/spanish\/product\/25-80-ton-cement-silo-semi-trailer\/\" target=\"_blank\" rel=\"noopener\">remolque silo de cemento<\/a><\/span>.<\/p>\n<p>Capacidad del remolque granelero: 60 toneladas, volumen del remolque granelero: 50 cbm\/m3.<\/p>\n<h2>Caracter\u00edstica<\/h2>\n<ul>\n<li>1. Acero de alta resistencia al desgaste: el cuerpo del tanque est\u00e1 hecho de acero de alta resistencia y resistente al desgaste, lo que puede garantizar su larga vida \u00fatil que el material ordinario.<\/li>\n<li>2. Todas las soldaduras son perfectas para garantizar una alta seguridad y la ausencia de fugas de aire: M\u00e1quina de soldadura especial para soldar el cuerpo del tanque desde un lado, pero forma soldaduras lisas, resistentes y uniformes en ambos lados.<\/li>\n<li>3. La \u00faltima estructura de flujo aumenta la capacidad de carga, baja el centro de gravedad, descarga r\u00e1pida, y un peque\u00f1o n\u00famero de materiales residuales. volumen residual de menos de 50kg, y la velocidad de descarga de hasta 1.53cbm\/min.<\/li>\n<li>4. El sistema de tuber\u00edas est\u00e1 equipado con un ventilador auxiliar adecuado y un dispositivo antidesgaste para realizar un proceso de descarga m\u00e1s suave y una velocidad de descarga m\u00e1s r\u00e1pida.<\/li>\n<li>5. Adopta los accesorios y piezas de marcas famosas nacionales y extranjeras, como qu\u00e9 motor, compresor de aire Bohai, y compresor de aire, que aseguran su durabilidad, y ahorran costos de operaci\u00f3n y reparaci\u00f3n.<\/li>\n<li>6. Los bastidores de los semirremolques de cemento utilizan materiales de acero de alta resistencia, peso propio ligero y garantizan su resistencia a las fuerzas de torsi\u00f3n, los golpes y los baches para cumplir los requisitos de carga en diferentes carreteras.<\/li>\n<\/ul>\n<p style=\"text-align: center;\"><a class=\"product_button\" href=\"#elementor-action%3Aaction%3Dpopup%3Aopen%26settings%3DeyJpZCI6Ijk5MDciLCJ0b2dnbGUiOmZhbHNlfQ%3D%3D\">Haga clic para m\u00e1s detalles<\/a><\/p>\n<h2>V\u00eddeo del remolque para cemento a granel de 4 ejes<\/h2>\n<p><iframe title=\"Reproductor de v\u00eddeo YouTube\" src=\"https:\/\/www.youtube.com\/embed\/w8xQVfm1s54\" width=\"750\" height=\"400\" frameborder=\"0\" allowfullscreen=\"allowfullscreen\"><span data-mce-type=\"bookmark\" style=\"display: inline-block; width: 0px; overflow: hidden; line-height: 0;\" class=\"mce_SELRES_start\"><\/span><\/iframe><\/p>\n<h2>Especificaciones del remolque de cemento a granel de 4 ejes<\/h2>\n<p>Esta es la especificaci\u00f3n del cami\u00f3n cisterna de cemento de 60 toneladas. Podemos proporcionarle con 25-120 toneladas a granel remolques cisterna especificaciones.<\/p>\n<table style=\"width: 800px;\" border=\"1\" cellspacing=\"1\" cellpadding=\"1\">\n<tbody>\n<tr>\n<td width=\"221\" height=\"40\">\u00a0Marca<\/td>\n<td width=\"515\">\u00a0Remolques cisterna de cemento Panda Mech de 60 toneladas<\/td>\n<\/tr>\n<tr>\n<td width=\"221\" height=\"40\">\u00a0Tipo de remolque a granel<\/td>\n<td width=\"515\">\u00a0Tipo V<\/td>\n<\/tr>\n<tr>\n<td width=\"221\" height=\"40\">\u00a0Capacidad del remolque de granel<\/td>\n<td width=\"515\">\u00a060 toneladas<\/td>\n<\/tr>\n<tr>\n<td width=\"221\" height=\"40\">\u00a0Longitud del remolque<\/td>\n<td width=\"515\">\u00a09,5-12,5 metros<\/td>\n<\/tr>\n<tr>\n<td width=\"221\" height=\"40\">\u00a0Motor<\/td>\n<td width=\"515\">\u00a0WeiCai Deutz diesel moto<\/td>\n<\/tr>\n<tr>\n<td width=\"221\" height=\"40\">\u00a0Compresor<\/td>\n<td width=\"515\">\u00a0SK 12m3<\/td>\n<\/tr>\n<tr>\n<td width=\"221\" height=\"40\">\u00a0Tapa de alcantarilla<\/td>\n<td width=\"515\">\u00a0De 2 a 4 juegos de 500 mm de di\u00e1metro<\/td>\n<\/tr>\n<tr>\n<td width=\"221\" height=\"40\">\u00a0V\u00e1lvula de descarga<\/td>\n<td width=\"515\">\u00a0V\u00e1lvula de disco de 4<\/td>\n<\/tr>\n<tr>\n<td width=\"221\" height=\"40\">\u00a0Dimensiones<\/td>\n<td>\u00a010800*2500*3500 mm (opcional)<\/td>\n<\/tr>\n<tr>\n<td width=\"221\" height=\"40\">\u00a0Material del dep\u00f3sito<\/td>\n<td width=\"515\">\u00a0Acero de alta resistencia de 5 mm o 6 mm<\/td>\n<\/tr>\n<tr>\n<td width=\"221\" height=\"40\">\u00a0Suspensi\u00f3n<\/td>\n<td width=\"515\">\u00a0Suspensi\u00f3n mec\u00e1nica o neum\u00e1tica<\/td>\n<\/tr>\n<tr>\n<td width=\"221\" height=\"40\">\u00a0Eje<\/td>\n<td width=\"515\">\u00a0Eje 3\/4, ejes de 13,16,20 toneladas, BPW o SAF<\/td>\n<\/tr>\n<tr>\n<td width=\"221\" height=\"40\">\u00a0Neum\u00e1tico<\/td>\n<td width=\"515\">\u00a012R22.5, 385\/65R22.5, 13R22.5, 12.00R24, 315\/80R22.5<\/td>\n<\/tr>\n<tr>\n<td width=\"221\" height=\"40\">\u00a0Piezas de remolque a granel<\/td>\n<td width=\"515\">\u00a0Barandilla neum\u00e1tica, motor de marca famosa, eje, neum\u00e1tico, tubo semim\u00e9trico, V\u00e1lvulas, tapa de alcantarilla, soplador neum\u00e1tico de remolque, cable de remolque a granel, luces, ba\u00f1eras de remolque a granel, cable de remolque a granel, luz de remolque a granel seco<\/td>\n<\/tr>\n<\/tbody>\n<\/table>\n<p style=\"text-align: center;\"><a class=\"product_button\" href=\"#elementor-action%3Aaction%3Dpopup%3Aopen%26settings%3DeyJpZCI6Ijk5MDciLCJ0b2dnbGUiOmZhbHNlfQ%3D%3D\">Haga clic para m\u00e1s detalles<\/a><\/p>\n<h2>Foto del remolque de cemento a granel de 4 ejes<\/h2>\n<p><img fetchpriority=\"high\" decoding=\"async\" class=\"alignnone wp-image-20546 size-full\" src=\"https:\/\/pandamech.com\/wp-content\/uploads\/2022\/07\/2021_04_26_16_00_IMG_6496.jpg\" alt=\"4 ejes de 60 toneladas de cemento remolques de camiones para la venta\" width=\"800\" height=\"533\" title=\"\"><\/p>\n<p>4 ejes 60 toneladas cemento bulker remolques - <a href=\"https:\/\/www.pandamech.com\/spanish\/product\/30-ton-bulk-flour-tanker-trailer\/\" target=\"_blank\" rel=\"noopener\">cisterna de harina de trigo<\/a><\/p>\n<p><img decoding=\"async\" class=\"alignnone wp-image-20545 size-full\" src=\"https:\/\/pandamech.com\/wp-content\/uploads\/2022\/07\/2021_04_26_16_16_IMG_6514.jpg\" alt=\"Tractor remolque de transporte de cemento de 4 ejes y 60 toneladas\" width=\"800\" height=\"533\" title=\"\"><\/p>\n<p>4 ejes 60 toneladas <span style=\"color: #0000ff;\"><a style=\"color: #0000ff;\" href=\"https:\/\/www.pandamech.com\/spanish\/category\/pneumatic-trailer\/cement-tanker\/\" target=\"_blank\" rel=\"noopener\">cementero<\/a><\/span> remolque<\/p>\n<p>Relacionado: <span style=\"color: #0000ff;\"><a style=\"color: #0000ff;\" href=\"https:\/\/www.pandamech.com\/spanish\/product\/30-ton-bulk-flour-tanker-trailer\/\" target=\"_blank\" rel=\"noopener\">cisterna de harina<\/a><\/span>, <span style=\"color: #0000ff;\"><a style=\"color: #0000ff;\" href=\"https:\/\/www.pandamech.com\/spanish\/product\/58-60m3-bulk-cement-tanker\/\" target=\"_blank\" rel=\"noopener\">60 cbm bulker cisterna de cemento<\/a><\/span><\/p>\n<p style=\"text-align: center;\"><a class=\"product_button\" href=\"#elementor-action%3Aaction%3Dpopup%3Aopen%26settings%3DeyJpZCI6Ijk5MDciLCJ0b2dnbGUiOmZhbHNlfQ%3D%3D\">Obtenga un presupuesto instant\u00e1neo<\/a><\/p>\n<h2>Transporte mar\u00edtimo de remolques de cemento a granel de 4 ejes<\/h2>\n<p>Encargaremos el Freightliner e inspeccionaremos la presentaci\u00f3n antes de finalizar la producci\u00f3n. El remolque inspeccionado se le enviar\u00e1 de acuerdo con el \u00faltimo plazo de env\u00edo.<\/p>\n<p>Para evitar que el agua de mar corroa la pintura del remolque de transporte de arena de cemento, rociaremos una capa de cera sobre la superficie del <a href=\"https:\/\/www.pandamech.com\/spanish\/product\/bulk-powder-tanker-p00149p1-html\/\" target=\"_blank\" rel=\"noopener\"><span style=\"color: #0000ff;\">remolque cisterna para polvo<\/span><\/a> antes del transporte.<\/p>\n<p>Envolveremos todos los motores di\u00e9sel de los remolques de camiones de cemento con tela impermeable.<\/p>\n<p><img decoding=\"async\" class=\"alignnone size-full wp-image-33095\" src=\"https:\/\/pandamech.com\/wp-content\/uploads\/2022\/10\/cement-trailer-transport-2.jpg\" alt=\"remolque cisterna para el transporte de cemento\" width=\"750\" height=\"400\" title=\"\"><\/p>\n<h2>Panda Mech<\/h2>\n<p>Panda Mech es un fabricante de 60 toneladas de cemento remolque de China. Suministramos un cami\u00f3n cisterna para cemento de 60 toneladas para la venta. Panda Mech fabricantes han tenido \u00e9xito en el sudeste de Asia, Oriente Medio, \u00c1frica y Am\u00e9rica del Sur, como Filipinas, Tanzania, etc....<\/p>","protected":false},"excerpt":{"rendered":"<p>Tipo: Remolque cisterna de cemento de 4 ejes y 60 toneladas<\/p>\n<p>Gama de precios: $16.900-29.500<\/p>\n<p>Plazo de entrega: 7-25 d\u00edas<\/p>\n<p>Descarga m\u00e1s r\u00e1pida: &gt;1,5 toneladas\/min<\/p>\n<p>Aplicaci\u00f3n: transporte de cemento, part\u00edculas de PVC, cenizas volantes, materiales granulares, etc.<\/p>","protected":false},"featured_media":58180,"template":"","meta":{"_acf_changed":false,"_kad_blocks_custom_css":"","_kad_blocks_head_custom_js":"","_kad_blocks_body_custom_js":"","_kad_blocks_footer_custom_js":"","_kad_post_transparent":"default","_kad_post_title":"","_kad_post_layout":"default","_kad_post_sidebar_id":"","_kad_post_content_style":"default","_kad_post_vertical_padding":"default","_kad_post_feature":"","_kad_post_feature_position":"","_kad_post_header":false,"_kad_post_footer":false,"_kad_post_classname":""},"product_brand":[],"product_cat":[101],"product_tag":[],"class_list":{"0":"post-21459","1":"product","2":"type-product","3":"status-publish","4":"has-post-thumbnail","6":"product_cat-cement-tanker","8":"first","9":"instock","10":"sold-individually","11":"shipping-taxable","12":"purchasable","13":"product-type-simple","14":"entry","15":"content-bg","16":"loop-entry"},"acf":[],"taxonomy_info":{"product_cat":[{"value":101,"label":"Cement Tanker For Sale"}]},"featured_image_src_large":["https:\/\/www.pandamech.com\/wp-content\/uploads\/2022\/10\/4axle-bulk-trailer-6-500x500.jpg",500,500,true],"author_info":[],"comment_info":"","_links":{"self":[{"href":"https:\/\/www.pandamech.com\/spanish\/wp-json\/wp\/v2\/product\/21459","targetHints":{"allow":["GET"]}}],"collection":[{"href":"https:\/\/www.pandamech.com\/spanish\/wp-json\/wp\/v2\/product"}],"about":[{"href":"https:\/\/www.pandamech.com\/spanish\/wp-json\/wp\/v2\/types\/product"}],"version-history":[{"count":1,"href":"https:\/\/www.pandamech.com\/spanish\/wp-json\/wp\/v2\/product\/21459\/revisions"}],"predecessor-version":[{"id":91276,"href":"https:\/\/www.pandamech.com\/spanish\/wp-json\/wp\/v2\/product\/21459\/revisions\/91276"}],"wp:featuredmedia":[{"embeddable":true,"href":"https:\/\/www.pandamech.com\/spanish\/wp-json\/wp\/v2\/media\/58180"}],"wp:attachment":[{"href":"https:\/\/www.pandamech.com\/spanish\/wp-json\/wp\/v2\/media?parent=21459"}],"wp:term":[{"taxonomy":"product_brand","embeddable":true,"href":"https:\/\/www.pandamech.com\/spanish\/wp-json\/wp\/v2\/product_brand?post=21459"},{"taxonomy":"product_cat","embeddable":true,"href":"https:\/\/www.pandamech.com\/spanish\/wp-json\/wp\/v2\/product_cat?post=21459"},{"taxonomy":"product_tag","embeddable":true,"href":"https:\/\/www.pandamech.com\/spanish\/wp-json\/wp\/v2\/product_tag?post=21459"}],"curies":[{"name":"wp","href":"https:\/\/api.w.org\/{rel}","templated":true}]}}