{"id":21451,"date":"2022-06-30T19:03:12","date_gmt":"2022-06-30T11:03:12","guid":{"rendered":"http:\/\/pandamech.com\/?post_type=product&#038;p=21451"},"modified":"2026-01-05T15:57:30","modified_gmt":"2026-01-05T07:57:30","slug":"bulk-cement-carrier-for-sale-html","status":"publish","type":"product","link":"https:\/\/www.pandamech.com\/spanish\/product\/bulk-cement-carrier-for-sale-html\/","title":{"rendered":"25-120 toneladas de cemento cami\u00f3n transportador para la venta"},"content":{"rendered":"<p>El cami\u00f3n transportador de cemento a granel es adecuado para transportar cemento a granel, cenizas de carb\u00f3n, cal en polvo, polvo mineral, cenizas volantes y otros materiales en polvo con un di\u00e1metro de part\u00edcula no superior a 0,1 mm. El cami\u00f3n cisterna de cemento a granel se utiliza principalmente en f\u00e1bricas de cemento, almacenes de cemento, y grandes obras de construcci\u00f3n.<\/p>\n<p>Camiones graneleros con capacidad de 25 a 120 toneladas, volumen de 22 a 100 cbm.<\/p>\n<h2 style=\"text-align: left;\">V\u00eddeo de un cami\u00f3n cementero com\u00fan<\/h2>\n<p><iframe style=\"width: 800px;\" title=\"Reproductor de v\u00eddeo YouTube\" src=\"https:\/\/www.youtube.com\/embed\/ptQz5yxKIQw\" height=\"533\" frameborder=\"0\" allowfullscreen=\"allowfullscreen\" data-mce-fragment=\"1\"><\/iframe><\/p>\n<p>&nbsp;<\/p>\n<h2>Especificaci\u00f3n del cami\u00f3n de transporte de cemento de 25-120 toneladas<\/h2>\n<table style=\"width: 800px;\" border=\"1\" cellspacing=\"1\" cellpadding=\"1\">\n<tbody>\n<tr>\n<td width=\"202\" height=\"38\">Marca<\/td>\n<td width=\"691\">Remolque de transporte de cemento a granel Panda Mech<\/td>\n<\/tr>\n<tr>\n<td width=\"202\" height=\"38\">Longitud*anchura*altura<\/td>\n<td width=\"691\">10500-14500x2500x3300-4000mm<\/td>\n<\/tr>\n<tr>\n<td width=\"202\" height=\"38\">Capacidad\/volumen<\/td>\n<td width=\"691\">De 25 a 120 toneladas, de 22 a 100 metros c\u00fabicos<\/td>\n<\/tr>\n<tr>\n<td width=\"202\" height=\"38\">Motor<\/td>\n<td width=\"691\">WeiCai Deutz diesel moto<\/td>\n<\/tr>\n<tr>\n<td width=\"202\" height=\"38\">Peso<\/td>\n<td width=\"691\">4,5-6 toneladas<\/td>\n<\/tr>\n<tr>\n<td width=\"202\" height=\"38\">Tapa de alcantarilla<\/td>\n<td width=\"691\">De 2 a 4 juegos de 500 mm de di\u00e1metro<\/td>\n<\/tr>\n<tr>\n<td width=\"202\" height=\"38\">V\u00e1lvula de descarga<\/td>\n<td width=\"691\">V\u00e1lvula de disco de 4<\/td>\n<\/tr>\n<tr>\n<td width=\"202\" height=\"38\">Material de la carrocer\u00eda\/chasis<\/td>\n<td width=\"691\">Acero de alta resistencia de 5 mm o 6 mm<\/td>\n<\/tr>\n<tr>\n<td width=\"202\" height=\"38\">Estructura<\/td>\n<td width=\"691\">Q345 acero de alta resistencia<\/td>\n<\/tr>\n<tr>\n<td width=\"202\" height=\"38\">Tren de aterrizaje<\/td>\n<td width=\"691\">JOST 28T<\/td>\n<\/tr>\n<tr>\n<td width=\"202\" height=\"38\">Distancia entre ejes (mm)<\/td>\n<td width=\"691\">8000+1310+1310<\/td>\n<\/tr>\n<tr>\n<td width=\"202\" height=\"38\">Suspensi\u00f3n<\/td>\n<td width=\"691\">Suspensi\u00f3n mec\u00e1nica, suspensi\u00f3n neum\u00e1tica<\/td>\n<\/tr>\n<tr>\n<td width=\"202\" height=\"38\">Compresor de aire<\/td>\n<td width=\"691\">Est\u00e1ndar 10 CBM<\/td>\n<\/tr>\n<tr>\n<td width=\"202\" height=\"38\">Sistema de frenos<\/td>\n<td width=\"691\">V\u00e1lvula de emergencia WABCO<\/td>\n<\/tr>\n<tr>\n<td width=\"202\" height=\"38\">Eje<\/td>\n<td width=\"691\">1 a 4 juegos, ejes de 13,16,20 toneladas, BPW\/FUWA<\/td>\n<\/tr>\n<tr>\n<td width=\"202\" height=\"38\">Caja de herramientas<\/td>\n<td width=\"691\">1 juego<\/td>\n<\/tr>\n<tr>\n<td width=\"202\" height=\"38\">Neum\u00e1tico<\/td>\n<td width=\"691\">12R22.5, 385\/65R22.5, 13R22.5, 12.00R24, 315\/80R22.5<\/td>\n<\/tr>\n<tr>\n<td width=\"202\" height=\"38\">Alfiler de rey<\/td>\n<td width=\"691\">Tipo desmontable JOST 2\u2033 o 3,5<\/td>\n<\/tr>\n<tr>\n<td width=\"202\" height=\"38\">Piezas<\/td>\n<td width=\"691\">Motor de marca famosa, Eje, Neum\u00e1tico, Alambres impermeables, Granallado, Sistema de descarga, Tuber\u00eda semim\u00e9trica, V\u00e1lvulas, V\u00e1lvula de escape, Bolsa de aire interior, Tren de aterrizaje, Dispositivo de rociado de agua, Protecci\u00f3n lateral y caja de herramientas, Tapa de alcantarilla.<\/td>\n<\/tr>\n<\/tbody>\n<\/table>\n<p>&nbsp;<\/p>\n<h2>Cami\u00f3n com\u00fan de 55 toneladas para transporte de cemento a granel<\/h2>\n<p><img fetchpriority=\"high\" decoding=\"async\" class=\"alignnone\" style=\"width: 800px;\" src=\"https:\/\/pandamech.com\/wp-content\/uploads\/2021\/08\/7-34.jpg\" alt=\"55 toneladas de cemento a granel seco cami\u00f3n cisterna remolques para la venta \" width=\"800\" height=\"533\" title=\"\"><\/p>\n<p>Venta de remolques graneleros de 55 toneladas<\/p>\n<p><img decoding=\"async\" style=\"width: 800px;\" src=\"https:\/\/pandamech.com\/wp-content\/uploads\/2021\/08\/8-29.jpg\" alt=\"remolque para cemento de 55 toneladas\" height=\"533\" title=\"\"><\/p>\n<p>55 toneladas de cemento en polvo semirremolques para la venta<br \/>\n<img decoding=\"async\" class=\"alignnone\" style=\"width: 800px;\" src=\"https:\/\/pandamech.com\/wp-content\/uploads\/2021\/08\/9-16.jpg\" alt=\"cami\u00f3n cisterna para polvo de 55 toneladas\" width=\"800\" height=\"533\" title=\"\"><\/p>\n<p>Cami\u00f3n remolque para cemento a granel de 55 toneladas<\/p>\n<p>&nbsp;<\/p>\n<h2>Ventajas del remolque para camiones cisterna<\/h2>\n<ul>\n<li>1. El mejor acero en bruto: El cuerpo y la construcci\u00f3n del tanque hechos de acero de alta resistencia YP \u2265 620, garantizan una vida \u00fatil m\u00e1s larga y una tara m\u00e1s ligera.<\/li>\n<li>2. Excelente rendimiento, dise\u00f1o \u00fanico asegura la tasa de descarga, 1.3t\/min, 30m distancia de descarga vertical.<\/li>\n<li>3. Soldadura de calidad:  Buen acero con soporte de soldadura de calidad garant\u00eda m\u00e1s larga para remolque de cami\u00f3n cisterna a granel.<\/li>\n<li>4. Pintura duradera: Todo el veh\u00edculo Shot blasting base limpia para la pintura, dos veces imprimaci\u00f3n apoyo m\u00e1s larga vida de la pintura.<\/li>\n<li>5. Dise\u00f1o de remolque neum\u00e1tico: dibujo 3D con Ansys &amp; Hypermesh Analizar dise\u00f1o de soporte razonable.<\/li>\n<li>6. R\u00e1pida velocidad de descarga.<\/li>\n<li>7. Altas prestaciones de seguridad.<\/li>\n<li>8. F\u00e1cil de manejar.<\/li>\n<\/ul>\n<p>&nbsp;<\/p>\n<h2>Transporte mar\u00edtimo<\/h2>\n<p>Para evitar que la pintura del remolque del cami\u00f3n cisterna de polvo se corroa por el agua de mar, rociaremos una capa de cera en la superficie del cami\u00f3n de transporte de cemento antes del transporte.<br \/>\nEnvolveremos todos los motores di\u00e9sel de los camiones cisterna a granel con tela impermeable.<\/p>\n<p><img decoding=\"async\" class=\"alignnone wp-image-31376 size-full\" src=\"https:\/\/pandamech.com\/wp-content\/uploads\/2022\/08\/55-ton-cement-bulk-trailer-transport2.jpg\" alt=\"50 toneladas a granel cami\u00f3n cisterna remolque de transporte\" width=\"800\" height=\"532\" title=\"\"><\/p>\n<p><img loading=\"lazy\" decoding=\"async\" class=\"alignnone wp-image-31375 size-full\" src=\"https:\/\/pandamech.com\/wp-content\/uploads\/2022\/08\/55-ton-cement-bulk-trailer-transport1.jpg\" alt=\"Remolque cisterna de 60 toneladas para transporte a granel\" width=\"800\" height=\"604\" title=\"\"><\/p>","protected":false},"excerpt":{"rendered":"<p>Tipo: Remolque granelero de cemento de 25-120 toneladas<\/p>\n<p>Gama de precios: $15,600-$39,800<\/p>\n<p>Entrega: 7 -25 d\u00edas<\/p>\n<p>Descarga m\u00e1s r\u00e1pida: &gt;1,5 toneladas\/min<\/p>\n<p>Aplicaci\u00f3n: transporte de cemento, arena y otros materiales granulares<\/p>","protected":false},"featured_media":58449,"template":"","meta":{"_acf_changed":false,"_kad_blocks_custom_css":"","_kad_blocks_head_custom_js":"","_kad_blocks_body_custom_js":"","_kad_blocks_footer_custom_js":"","_kad_post_transparent":"default","_kad_post_title":"","_kad_post_layout":"default","_kad_post_sidebar_id":"","_kad_post_content_style":"default","_kad_post_vertical_padding":"default","_kad_post_feature":"","_kad_post_feature_position":"","_kad_post_header":false,"_kad_post_footer":false,"_kad_post_classname":""},"product_brand":[],"product_cat":[101],"product_tag":[],"class_list":{"0":"post-21451","1":"product","2":"type-product","3":"status-publish","4":"has-post-thumbnail","6":"product_cat-cement-tanker","8":"first","9":"instock","10":"sold-individually","11":"shipping-taxable","12":"purchasable","13":"product-type-simple","14":"entry","15":"content-bg","16":"loop-entry"},"acf":[],"taxonomy_info":{"product_cat":[{"value":101,"label":"Cement Tanker For Sale"}]},"featured_image_src_large":["https:\/\/www.pandamech.com\/wp-content\/uploads\/2022\/12\/3-axles-45-cubic-meters-v-type-cement-tanker-1-500x500.jpg",500,500,true],"author_info":[],"comment_info":"","_links":{"self":[{"href":"https:\/\/www.pandamech.com\/spanish\/wp-json\/wp\/v2\/product\/21451","targetHints":{"allow":["GET"]}}],"collection":[{"href":"https:\/\/www.pandamech.com\/spanish\/wp-json\/wp\/v2\/product"}],"about":[{"href":"https:\/\/www.pandamech.com\/spanish\/wp-json\/wp\/v2\/types\/product"}],"version-history":[{"count":1,"href":"https:\/\/www.pandamech.com\/spanish\/wp-json\/wp\/v2\/product\/21451\/revisions"}],"predecessor-version":[{"id":91375,"href":"https:\/\/www.pandamech.com\/spanish\/wp-json\/wp\/v2\/product\/21451\/revisions\/91375"}],"wp:featuredmedia":[{"embeddable":true,"href":"https:\/\/www.pandamech.com\/spanish\/wp-json\/wp\/v2\/media\/58449"}],"wp:attachment":[{"href":"https:\/\/www.pandamech.com\/spanish\/wp-json\/wp\/v2\/media?parent=21451"}],"wp:term":[{"taxonomy":"product_brand","embeddable":true,"href":"https:\/\/www.pandamech.com\/spanish\/wp-json\/wp\/v2\/product_brand?post=21451"},{"taxonomy":"product_cat","embeddable":true,"href":"https:\/\/www.pandamech.com\/spanish\/wp-json\/wp\/v2\/product_cat?post=21451"},{"taxonomy":"product_tag","embeddable":true,"href":"https:\/\/www.pandamech.com\/spanish\/wp-json\/wp\/v2\/product_tag?post=21451"}],"curies":[{"name":"wp","href":"https:\/\/api.w.org\/{rel}","templated":true}]}}