{"id":21401,"date":"2022-06-03T19:02:48","date_gmt":"2022-06-03T11:02:48","guid":{"rendered":"http:\/\/pandamech.com\/?post_type=product&#038;p=21401"},"modified":"2025-08-23T01:08:26","modified_gmt":"2025-08-22T17:08:26","slug":"28000-liters-hydrochloric-acid-tanker","status":"publish","type":"product","link":"https:\/\/www.pandamech.com\/spanish\/product\/28000-liters-hydrochloric-acid-tanker\/","title":{"rendered":"Cisterna de 28.000 litros de \u00e1cido clorh\u00eddrico"},"content":{"rendered":"<p>Los remolques cisterna de \u00e1cido clorh\u00eddrico se utilizan generalmente para el transporte de larga distancia, el prop\u00f3sito es transportar \u00e1cido clorh\u00eddrico o algunos otros productos qu\u00edmicos. Generalmente se utilizan para el transporte entre plantas qu\u00edmicas.<\/p>\n<h2>Especificaciones de los remolques cisterna de \u00e1cido clorh\u00eddrico de 28.000 litros<\/h2>\n<p>A continuaci\u00f3n, las especificaciones de los remolques cisterna de \u00e1cido clorh\u00eddrico de 28.000 litros.<\/p>\n<p>Marca: Panda<\/p>\n<p>Remolque cisterna para \u00e1cido clorh\u00eddrico<\/p>\n<p>Capacidad: 28 KL, 28000 litros<\/p>\n<p>Dimensi\u00f3n:<\/p>\n<p>9950x2500x3900mm<\/p>\n<p>Material del dep\u00f3sito: acero al carbono\/acero inoxidable\/aleaci\u00f3n de aluminio<\/p>\n<p>Placa final: Acero al carbono de 5\/6 mm<\/p>\n<p>Tapa de registro: Tapa de registro de acero inoxidable<\/p>\n<p>V\u00e1lvula de fondo: V\u00e1lvula de fondo neum\u00e1tica API de aluminio<\/p>\n<p>V\u00e1lvula de descarga: 3\/4 pulgadas<\/p>\n<p>Tubo de descarga: Tubo de goma de 4\u201d, 6m\/pieza, 2 piezas<\/p>\n<p>Compartimentos: un solo compartimento<\/p>\n<p>Eje: Marca FUWA 3x13T<\/p>\n<p>Neum\u00e1tico: Marca Try-angle, 12R22.5 12 piezas<\/p>\n<p>Soporte de repuesto: 2 piezas<\/p>\n<p>Kingpin: 2\/3,5 pulgadas<\/p>\n<p>Sistema de frenado: sistema de frenado neum\u00e1tico de 2 l\u00edneas.<\/p>\n<p>Sistema de frenos de muelle tipo 30\/30 en los dos ejes. Acoplamiento neum\u00e1tico tipo ISO en la parte delantera del semirremolque.<\/p>\n<p>ABS: opcional<\/p>\n<p>C\u00e1mara de freno: 4 dobles, 2 simples<\/p>\n<p>Sistema el\u00e9ctrico: Est\u00e1ndar chino 24V; 7 v\u00edas recept\u00e1culo; l\u00e1mparas LED<\/p>\n<p>Color y marcado: Conforme a los requisitos del cliente<\/p>\n<p>Accesorios: Una caja de herramientas est\u00e1ndar<\/p>\n<p>Observaci\u00f3n: Cualquier color estar\u00e1 disponible, peque\u00f1a orden aceptada<\/p>\n<h2>Remolque cisterna de \u00e1cido clorh\u00eddrico de 28.000 litros imagen<\/h2>\n<p><img decoding=\"async\" src=\"\/wp-content\/uploads\/u_file\/6efa032327.jpg\" alt=\"\" title=\"\"><\/p>\n<p><img decoding=\"async\" src=\"\/wp-content\/uploads\/u_file\/4a7eb979fc.jpg\" alt=\"\" title=\"\"><\/p>\n<h2>Caracter\u00edsticas:<\/h2>\n<p>1. Dibujo 3D e HyperMesh &amp; Ansys<\/p>\n<p>Aprovechar al m\u00e1ximo las propiedades f\u00edsicas, aumentar el rendimiento y reducir los costes de explotaci\u00f3n.<\/p>\n<p>2. Adaptador API est\u00e1ndar ADR<\/p>\n<p>Crucial para cualquier sistema de carga inferior API, coincide con acopladores de 3\u2033 o 4\u2033.<\/p>\n<p>3. Tomas API \u00d3pticas<\/p>\n<p>Sistema de carga inferior del soporte<\/p>\n<p>4. Est\u00e1ndar ADR Boca de hombre con ventilaci\u00f3n de vapor<\/p>\n<p>16\u2033 o 20\u2033, Material de aluminio para una mayor vida \u00fatil.<\/p>\n<p>5. M\u00e1s seguridad por 7ntro de gravedad m\u00e1s bajo Dise\u00f1o de cuello de cisne<\/p>\n<p>6. 12% Mayor volumen gracias al dise\u00f1o del ca\u00f1\u00f3n de secci\u00f3n semiel\u00edptica<\/p>\n<p>7. Larga vida \u00fatil gracias a la soldadura por arco autom\u00e1tica de cisternas<\/p>\n<h2>Panda Mech<\/h2>\n<p>Somos fabricantes de remolques cisterna para \u00e1cido clorh\u00eddrico en China. Suministramos remolques cisterna de \u00e1cido clorh\u00eddrico de 28000 litros para la venta. Podemos personalizarlo de acuerdo a sus necesidades. El precio del remolque cisterna de \u00e1cido clorh\u00eddrico depende de las especificaciones. Podemos personalizarlo de acuerdo a sus necesidades.<\/p>\n<p>Los fabricantes de Panda Mech han tenido \u00e9xito en el Sudeste Asi\u00e1tico, Oriente Medio, \u00c1frica y Sudam\u00e9rica, como Filipinas, Tanzania, Nigeria, etc.<\/p>","protected":false},"excerpt":{"rendered":"<p>Tipo: Remolques cisterna de \u00e1cido clorh\u00eddrico de 28000 litros<\/p>\n<p>Gama de precios: $23,000-45000<\/p>\n<p>Plazo de entrega: 7-25 d\u00edas<\/p>\n<p>Ejes: 3 ejes<\/p>\n<p>Aplicaci\u00f3n: transporte de \u00e1cido clorh\u00eddrico<\/p>","protected":false},"featured_media":57766,"template":"","meta":{"_acf_changed":false,"_kad_blocks_custom_css":"","_kad_blocks_head_custom_js":"","_kad_blocks_body_custom_js":"","_kad_blocks_footer_custom_js":"","_kad_post_transparent":"default","_kad_post_title":"","_kad_post_layout":"default","_kad_post_sidebar_id":"","_kad_post_content_style":"default","_kad_post_vertical_padding":"default","_kad_post_feature":"","_kad_post_feature_position":"","_kad_post_header":false,"_kad_post_footer":false,"_kad_post_classname":""},"product_brand":[],"product_cat":[102],"product_tag":[],"class_list":{"0":"post-21401","1":"product","2":"type-product","3":"status-publish","4":"has-post-thumbnail","6":"product_cat-chemical-tanker","8":"first","9":"instock","10":"sold-individually","11":"shipping-taxable","12":"purchasable","13":"product-type-simple","14":"entry","15":"content-bg","16":"loop-entry"},"acf":[],"taxonomy_info":{"product_cat":[{"value":102,"label":"Chemical Tanker"}]},"featured_image_src_large":["https:\/\/www.pandamech.com\/wp-content\/uploads\/2022\/08\/2-53-500x500.jpg",500,500,true],"author_info":[],"comment_info":"","_links":{"self":[{"href":"https:\/\/www.pandamech.com\/spanish\/wp-json\/wp\/v2\/product\/21401","targetHints":{"allow":["GET"]}}],"collection":[{"href":"https:\/\/www.pandamech.com\/spanish\/wp-json\/wp\/v2\/product"}],"about":[{"href":"https:\/\/www.pandamech.com\/spanish\/wp-json\/wp\/v2\/types\/product"}],"version-history":[{"count":1,"href":"https:\/\/www.pandamech.com\/spanish\/wp-json\/wp\/v2\/product\/21401\/revisions"}],"predecessor-version":[{"id":91396,"href":"https:\/\/www.pandamech.com\/spanish\/wp-json\/wp\/v2\/product\/21401\/revisions\/91396"}],"wp:featuredmedia":[{"embeddable":true,"href":"https:\/\/www.pandamech.com\/spanish\/wp-json\/wp\/v2\/media\/57766"}],"wp:attachment":[{"href":"https:\/\/www.pandamech.com\/spanish\/wp-json\/wp\/v2\/media?parent=21401"}],"wp:term":[{"taxonomy":"product_brand","embeddable":true,"href":"https:\/\/www.pandamech.com\/spanish\/wp-json\/wp\/v2\/product_brand?post=21401"},{"taxonomy":"product_cat","embeddable":true,"href":"https:\/\/www.pandamech.com\/spanish\/wp-json\/wp\/v2\/product_cat?post=21401"},{"taxonomy":"product_tag","embeddable":true,"href":"https:\/\/www.pandamech.com\/spanish\/wp-json\/wp\/v2\/product_tag?post=21401"}],"curies":[{"name":"wp","href":"https:\/\/api.w.org\/{rel}","templated":true}]}}