{"id":21395,"date":"2025-08-21T16:10:48","date_gmt":"2025-08-21T08:10:48","guid":{"rendered":"http:\/\/pandamech.com\/?post_type=product&#038;p=21395"},"modified":"2025-08-24T13:45:42","modified_gmt":"2025-08-24T05:45:42","slug":"40-ton-half-round-end-dump-trailer","status":"publish","type":"product","link":"https:\/\/www.pandamech.com\/spanish\/product\/40-ton-half-round-end-dump-trailer\/","title":{"rendered":"Semirremolque volquete de 40 toneladas al por mayor"},"content":{"rendered":"<p>Los semirremolques volquete de 40 toneladas tambi\u00e9n son conocidos como semirremolques volquete de 40 toneladas. La estructura incluye chasis, caja y sistema de elevaci\u00f3n. Trabajo por PTO suministra aceite al cilindro, caja de elevaci\u00f3n hasta el \u00e1ngulo de dise\u00f1o, deslizamiento de carga hacia fuera, mejorar la eficiencia de descarga.<\/p>\n<p>Ampliamente utilizado en plantas de arenisca, obras de construcci\u00f3n y minas, transporte de arena, grava, movimiento de tierras y miner\u00eda.<\/p>\n<h2>40 Ton Dump Semi Remolques Im\u00e1genes<\/h2>\n<p><img fetchpriority=\"high\" decoding=\"async\" class=\"alignnone wp-image-32373 size-full\" src=\"https:\/\/pandamech.com\/wp-content\/uploads\/2022\/10\/28cbm-tipper-trailer-7.jpg\" alt=\"suministro semirremolque basculante de 40 toneladas\" width=\"750\" height=\"399\" title=\"\"><\/p>\n<p>semirremolque volquete de 40 toneladas al por mayor<\/p>\n<p><img decoding=\"async\" class=\"alignnone wp-image-32374 size-full\" src=\"https:\/\/pandamech.com\/wp-content\/uploads\/2022\/10\/28cbm-tipper-trailer-8.jpg\" alt=\"Marcas de semirremolques basculantes de 40 toneladas\" width=\"750\" height=\"450\" title=\"\"><\/p>\n<p>Venta de remolques basculantes de media ca\u00f1a de 40T<\/p>\n<p><img decoding=\"async\" class=\"alignnone wp-image-32375 size-full\" src=\"https:\/\/pandamech.com\/wp-content\/uploads\/2022\/10\/28cbm-tipper-trailer-9.jpg\" alt=\"40 toneladas de media ca\u00f1a remolques volquete final para la venta\" width=\"750\" height=\"399\" title=\"\"><\/p>\n<p>Media ca\u00f1a de 40 toneladas <span style=\"color: #0000ff;\"><a style=\"color: #0000ff;\" href=\"https:\/\/www.pandamech.com\/spanish\/category\/tipper-trailer\/semi-dump-trailer\/\" target=\"_blank\" rel=\"noopener\">semirremolque basculante<\/a><\/span> en venta<\/p>\n<p style=\"text-align: center;\"><a class=\"product_button\" href=\"#elementor-action%3Aaction%3Dpopup%3Aopen%26settings%3DeyJpZCI6Ijk5MDciLCJ0b2dnbGUiOmZhbHNlfQ%3D%3D\">Obtenga un presupuesto instant\u00e1neo<\/a><\/p>\n<h2>V\u00eddeo del semirremolque volquete de 40 toneladas<\/h2>\n<p><iframe title=\"Reproductor de v\u00eddeo YouTube\" src=\"https:\/\/www.youtube.com\/embed\/uV4awegJhLI\" width=\"800\" height=\"533\" frameborder=\"0\" allowfullscreen=\"allowfullscreen\"><\/iframe><\/p>\n<h2>Caracter\u00edsticas del semirremolque volquete de 40 toneladas<\/h2>\n<p><strong>Material:<\/strong><\/p>\n<p>Caja de material Hardox 450 o igual resistente al desgaste y a la abrasi\u00f3n, viga de alta tensi\u00f3n T700, tara m\u00e1s ligera 2000kg que el volquete de material normal, mayor tiempo de servicio y menor consumo de combustible.<\/p>\n<p><strong>Caja de secci\u00f3n en U:<\/strong><\/p>\n<p>Dise\u00f1o y an\u00e1lisis de cajas modelo U, mayor \u00e1rea de secci\u00f3n con menor baricentro, carga m\u00e1s y descarga m\u00e1s f\u00e1cil, segura y eficiente.<\/p>\n<p><strong>Chasis:<\/strong><\/p>\n<p>Doble alma para el dise\u00f1o de la viga principal, m\u00e1s fuerte para condiciones de carreteras m\u00faltiples<\/p>\n<p><strong>Cilindro:<\/strong><\/p>\n<p>Modelo FC y FE opcional, mayor presi\u00f3n de funcionamiento, ayuda \u00c1ngulo de inclinaci\u00f3n m\u00e1x. 45\u00b0, reducci\u00f3n del tiempo de giro con mayor velocidad de rasgado, aumento del tiempo de funcionamiento con largos intervalos de servicio<\/p>\n<p><strong>Soportes<\/strong>:<\/p>\n<p>Dise\u00f1o mejorado con mayor resistencia a la tensi\u00f3n y la fatiga<\/p>\n<p><strong>Knock off:<\/strong><\/p>\n<p>Dise\u00f1o robusto accionamiento preciso proteger la caja trabajando en \u00e1ngulo de seguridad<\/p>\n<p><strong>Eje de inclinaci\u00f3n:<\/strong><\/p>\n<p>Dise\u00f1o resistente que permite trabajar de forma estable cuando se inclina, m\u00e1s duradero y seguro<\/p>\n<p style=\"text-align: center;\"><a class=\"product_button\" href=\"#elementor-action%3Aaction%3Dpopup%3Aopen%26settings%3DeyJpZCI6Ijk5MDciLCJ0b2dnbGUiOmZhbHNlfQ%3D%3D\">Haga clic para m\u00e1s detalles<\/a><\/p>\n<h2>Especificaciones del semirremolque volquete de 40 toneladas<\/h2>\n<table style=\"width: 800px;\" border=\"1\" cellspacing=\"1\" cellpadding=\"1\">\n<tbody>\n<tr>\n<td width=\"208\" height=\"33\">\u00a0Marca<\/td>\n<td width=\"598\">\u00a0Panda Mech<\/td>\n<\/tr>\n<tr>\n<td height=\"33\">\u00a0Capacidad<\/td>\n<td>\u00a025 cbm, 40ton<\/td>\n<\/tr>\n<tr>\n<td height=\"33\">\u00a0Dimensiones totales (mm)<\/td>\n<td>\u00a08500*2500*3500 mm<\/td>\n<\/tr>\n<tr>\n<td height=\"33\">\u00a0Dimensiones del cuerpo (mm)<\/td>\n<td>\u00a08100*2400*1380 mm<\/td>\n<\/tr>\n<tr>\n<td height=\"33\">\u00a0Material<\/td>\n<td>Acero<\/td>\n<\/tr>\n<tr>\n<td height=\"33\">\u00a0Eje<\/td>\n<td>\u00a02 ejes<\/td>\n<\/tr>\n<tr>\n<td height=\"33\">\u00a0Sistema hidr\u00e1ulico<\/td>\n<td>\u00a0Cilindro hidr\u00e1ulico HYVA<\/td>\n<\/tr>\n<tr>\n<td height=\"33\">\u00a0Cilindro<\/td>\n<td>\u00a0175, 191, 202, 214 \/ 4TG, 5TG<\/td>\n<\/tr>\n<tr>\n<td height=\"33\">\u00a0Suspensi\u00f3n<\/td>\n<td>\u00a0Suspensi\u00f3n mec\u00e1nica \/ Suspensi\u00f3n por muelles<\/td>\n<\/tr>\n<tr>\n<td height=\"33\">\u00a0Material<\/td>\n<td>\u00a0Acero de alta resistencia de 5 mm o 6 mm<\/td>\n<\/tr>\n<tr>\n<td height=\"33\">\u00a0Neum\u00e1tico<\/td>\n<td>\u00a012R 22.5 315\/80 R22.5<\/td>\n<\/tr>\n<tr>\n<td height=\"33\">\u00a0Accesorios<\/td>\n<td>\u00a0Una caja de herramientas est\u00e1ndar, un mango basculante, una llave de eje<\/td>\n<\/tr>\n<\/tbody>\n<\/table>\n<p>Relacionado: <span style=\"color: #0000ff;\"><a style=\"color: #0000ff;\" href=\"https:\/\/www.pandamech.com\/spanish\/product\/50-ton-high-side-end-dump-trailer\/\" target=\"_blank\" rel=\"noopener\">Remolque volquete de 50 toneladas<\/a><\/span>, <span style=\"color: #0000ff;\"><a style=\"color: #0000ff;\" href=\"https:\/\/www.pandamech.com\/spanish\/product\/4-axle-tipper-trailer-for-sale\/\" target=\"_blank\" rel=\"noopener\">Remolque basculante de 4 ejes<\/a><\/span><\/p>\n<p style=\"text-align: center;\"><a class=\"product_button\" href=\"#elementor-action%3Aaction%3Dpopup%3Aopen%26settings%3DeyJpZCI6Ijk5MDciLCJ0b2dnbGUiOmZhbHNlfQ%3D%3D\">Haga clic para m\u00e1s detalles<\/a><\/p>\n<h2>Panda Mech<\/h2>\n<p>Panda Mech es un fabricante de remolques volquete semirredondos de 40 toneladas de China. Suministramos 25 cbm 40 toneladas semirredondos remolques volquete para la venta. Los fabricantes de Panda Mech han tenido \u00e9xito en el sudeste asi\u00e1tico, Oriente Medio, \u00c1frica y Am\u00e9rica del Sur, como Filipinas, Tanzania, Costa de Marfil, etc ...<\/p>\n<p><a href=\"\/spanish\/contact-us\/\" rel=\"nofollow\"><img loading=\"lazy\" decoding=\"async\" class=\"alignnone\" src=\"https:\/\/pandamech.com\/wp-content\/uploads\/u_file\/db8ce19fe3.jpg\" alt=\"25cbm 40 toneladas media ronda remolque volquete cotizaci\u00f3n\" width=\"864\" height=\"213\" title=\"\"><\/a><\/p>\n<p>Relacionado:<\/p>\n<p><a href=\"https:\/\/www.pandamech.com\/spanish\/product\/wholesale-70-ton-dump-trailer\/\">fabricante de remolques basculantes de 70 toneladas<\/a><\/p>\n<p><a href=\"https:\/\/www.pandamech.com\/spanish\/product\/40-foot-dump-truck-trailer-for-sale\/\">Remolque basculante de 40 pies<\/a><\/p>\n<p><a href=\"https:\/\/www.pandamech.com\/spanish\/info\/end-dump-trailer-capacity-dimensions\/\">Dimensiones del remolque basculante<\/a><\/p>\n<p><a href=\"https:\/\/www.pandamech.com\/spanish\/category\/tipper-trailer\/semi-dump-trailer\/\" target=\"_blank\" rel=\"noopener\">Se Vende Remolque Basculante<\/a><\/p>\n<p>Otros:<\/p>\n<h2>\u00bfCu\u00e1nto mide un remolque volquete de media ca\u00f1a?<\/h2>\n<p>Por lo general, el remolque volquete lateral se puede utilizar entre 6 y 8 a\u00f1os, pero cuando se utiliza, se debe mantener y revisar con frecuencia para garantizar el uso normal del remolque volquete lateral.<\/p>\n<h2>\u00bfC\u00f3mo funcionan los remolques basculantes?<\/h2>\n<p>El dispositivo de descarga final puede manipular mercanc\u00edas dif\u00edciles, y la descarga inferior mantiene su fluidez. El volquete de extremo alto se conduce primero a un terreno plano y s\u00f3lido y luego se eleva mediante una barra de elevaci\u00f3n hidr\u00e1ulica para lograr el prop\u00f3sito de descarga.<\/p>\n<h2>\u00bfPuedo ganar dinero con un remolque volquete<\/h2>\n<p>Utilizamos remolques basculantes para transportar mercanc\u00edas, con el fin de obtener gastos durante el transporte y ganar dinero.<\/p>\n<p style=\"text-align: center;\"><a class=\"product_button\" href=\"#elementor-action%3Aaction%3Dpopup%3Aopen%26settings%3DeyJpZCI6Ijk5MDciLCJ0b2dnbGUiOmZhbHNlfQ%3D%3D\">Obtenga un presupuesto instant\u00e1neo<\/a><\/p>\n<h2><a>\u00bfCu\u00e1ntas yardas es un remolque volquete final<\/a><\/h2>\n<p>Longitud del remolque volquete de acero: 8,7-13,1 yardas;<\/p>\n<p>Anchura final del remolque basculante: 2,7 yardas;<\/p>\n<p>Altura final del remolque basculante: 3,8 yardas.<\/p>\n<h2>\u00bfCu\u00e1nto cuesta alquilar un remolque volquete?<\/h2>\n<p>Si queremos alquilar un remolque volquete sin bastidor, debemos firmar un contrato con el arrendador, firmar el precio y el tiempo, para garantizar los derechos e intereses de ambos, y cuando tengamos que alquilar, debemos comprobar que el veh\u00edculo est\u00e1 libre.<\/p>","protected":false},"excerpt":{"rendered":"<p><strong>Modelo<\/strong>: 40 toneladas<\/p>\n<p><strong>Precios<\/strong>: USD 12.000-25.000<\/p>\n<p><strong>Fecha de entrega<\/strong>7-25 d\u00edas<\/p>\n<p><strong>Aplicaci\u00f3n<\/strong>Transporte Carb\u00f3n, mineral, materiales de construcci\u00f3n<\/p>\n<p><strong>\u00c1ngulo de inclinaci\u00f3n<\/strong>: 45\u00b0<\/p>\n<p><strong>Sistema hidr\u00e1ulico<\/strong>: Cilindro HYVA<\/p>","protected":false},"featured_media":58113,"template":"","meta":{"_acf_changed":false,"_kad_blocks_custom_css":"","_kad_blocks_head_custom_js":"","_kad_blocks_body_custom_js":"","_kad_blocks_footer_custom_js":"","_kad_post_transparent":"default","_kad_post_title":"","_kad_post_layout":"default","_kad_post_sidebar_id":"","_kad_post_content_style":"default","_kad_post_vertical_padding":"default","_kad_post_feature":"","_kad_post_feature_position":"","_kad_post_header":false,"_kad_post_footer":false,"_kad_post_classname":""},"product_brand":[],"product_cat":[106],"product_tag":[],"class_list":{"0":"post-21395","1":"product","2":"type-product","3":"status-publish","4":"has-post-thumbnail","6":"product_cat-semi-dump-trailer","8":"first","9":"instock","10":"sold-individually","11":"shipping-taxable","12":"purchasable","13":"product-type-simple","14":"entry","15":"content-bg","16":"loop-entry"},"acf":[],"taxonomy_info":{"product_cat":[{"value":106,"label":"End Dump Trailer"}]},"featured_image_src_large":["https:\/\/www.pandamech.com\/wp-content\/uploads\/2022\/10\/28cbm-tipper-trailer-4-500x500.jpg",500,500,true],"author_info":[],"comment_info":"","_links":{"self":[{"href":"https:\/\/www.pandamech.com\/spanish\/wp-json\/wp\/v2\/product\/21395","targetHints":{"allow":["GET"]}}],"collection":[{"href":"https:\/\/www.pandamech.com\/spanish\/wp-json\/wp\/v2\/product"}],"about":[{"href":"https:\/\/www.pandamech.com\/spanish\/wp-json\/wp\/v2\/types\/product"}],"version-history":[{"count":3,"href":"https:\/\/www.pandamech.com\/spanish\/wp-json\/wp\/v2\/product\/21395\/revisions"}],"predecessor-version":[{"id":91527,"href":"https:\/\/www.pandamech.com\/spanish\/wp-json\/wp\/v2\/product\/21395\/revisions\/91527"}],"wp:featuredmedia":[{"embeddable":true,"href":"https:\/\/www.pandamech.com\/spanish\/wp-json\/wp\/v2\/media\/58113"}],"wp:attachment":[{"href":"https:\/\/www.pandamech.com\/spanish\/wp-json\/wp\/v2\/media?parent=21395"}],"wp:term":[{"taxonomy":"product_brand","embeddable":true,"href":"https:\/\/www.pandamech.com\/spanish\/wp-json\/wp\/v2\/product_brand?post=21395"},{"taxonomy":"product_cat","embeddable":true,"href":"https:\/\/www.pandamech.com\/spanish\/wp-json\/wp\/v2\/product_cat?post=21395"},{"taxonomy":"product_tag","embeddable":true,"href":"https:\/\/www.pandamech.com\/spanish\/wp-json\/wp\/v2\/product_tag?post=21395"}],"curies":[{"name":"wp","href":"https:\/\/api.w.org\/{rel}","templated":true}]}}