{"id":21380,"date":"2022-06-01T19:02:47","date_gmt":"2022-06-01T11:02:47","guid":{"rendered":"http:\/\/pandamech.com\/?post_type=product&#038;p=21380"},"modified":"2025-08-23T01:08:26","modified_gmt":"2025-08-22T17:08:26","slug":"extendable-trailer-p00282p1-html","status":"publish","type":"product","link":"https:\/\/www.pandamech.com\/spanish\/product\/extendable-trailer-p00282p1-html\/","title":{"rendered":"Remolque de plataforma extensible de 40 pies"},"content":{"rendered":"<p>El remolque plataforma extensible se conoce como remolque extensible <span style=\"color: #0000ff;\"><a style=\"color: #0000ff;\" href=\"https:\/\/www.pandamech.com\/spanish\/category\/cargo-trailer\/flatbed-semi-trailer\/\" target=\"_blank\" rel=\"noopener\">remolque plano<\/a><\/span>. El remolque plataforma extensible se utiliza generalmente para transportar maquinaria de construcci\u00f3n y equipos de gran tama\u00f1o. Generalmente, muchos lugares son limitados, especialmente en algunos puentes. El uso de remolque extensible de cama plana no puede ser transportado, por lo que la gente utiliza un remolque extensible de cama plana para el transporte.<\/p>\n<h2>Remolque de plataforma extensible<\/h2>\n<p><strong>Piezas multisoporte<\/strong><\/p>\n<p>8, 12 juegos de candados para contenedores para transportar 1 contenedor de 20 pies 40 pies 45 pies.<\/p>\n<p>Los eufros de cuerda y los ganchos ayudan a sujetar la carga, por lo que son adecuados para el transporte de varias cargas.<\/p>\n<p><strong>Buena pintura<\/strong><\/p>\n<p>Las superficies se limpian mediante granallado: una capa de epoxi y una capa de acabado acr\u00edlico.<\/p>\n<p>Duradero contra el \u00f3xido, soporta m\u00e1s tiempo el buen aspecto y la vida \u00fatil.<\/p>\n<p><strong>Soldadura autom\u00e1tica<\/strong><\/p>\n<p>Sumergido es la construcci\u00f3n de soldadura autom\u00e1tica, Keypoint refuerza y soldadura a prop\u00f3sito evita algunas partes m\u00e1s f\u00e1ciles de perder la soldadura de acuerdo a la experiencia de apoyo veh\u00edculo m\u00e1s tiempo trabajando sin reparar.<\/p>\n<p><strong>Ejes, suspensiones y sistemas de frenado de calidad<\/strong><\/p>\n<p>BPW, FUWA en todo el mundo mejores ejes de trabajo con v\u00e1lvula de freno WABCO, m\u00e1s eficaz de freno para la seguridad y ahorrar costes de neum\u00e1ticos Fijar la calidad de muelles y suspensiones, el apoyo a una mayor vida \u00fatil, ahorrar costes de mantenimiento.<\/p>\n<p style=\"text-align: center;\"><a class=\"product_button\" href=\"#elementor-action%3Aaction%3Dpopup%3Aopen%26settings%3DeyJpZCI6Ijk5MDciLCJ0b2dnbGUiOmZhbHNlfQ%3D%3D\">Haga clic para m\u00e1s detalles<\/a><\/p>\n<h2>40Ft remolque plataforma extensible imagen<\/h2>\n<p><img fetchpriority=\"high\" decoding=\"async\" class=\"alignnone size-full wp-image-32303\" src=\"https:\/\/pandamech.com\/wp-content\/uploads\/2022\/09\/Extendable-flatbed-7.jpg\" alt=\"remolque de plataforma extensible\" width=\"750\" height=\"399\" title=\"\"><\/p>\n<p>semirremolque de plataforma extensible de 40 pies<\/p>\n<p><img decoding=\"async\" class=\"alignnone size-full wp-image-32304\" src=\"https:\/\/pandamech.com\/wp-content\/uploads\/2022\/09\/Extendable-flatbed-8.jpg\" alt=\"remolque de plataforma extensible\" width=\"750\" height=\"399\" title=\"\"><\/p>\n<p>tri axle 40ft extensible remolque de transporte de contenedores de plataforma para la venta<\/p>\n<p style=\"text-align: center;\"><a class=\"product_button\" href=\"#elementor-action%3Aaction%3Dpopup%3Aopen%26settings%3DeyJpZCI6Ijk5MDciLCJ0b2dnbGUiOmZhbHNlfQ%3D%3D\">Haga clic para m\u00e1s detalles<\/a><\/p>\n<h2>Especificaciones del remolque de plataforma extensible<\/h2>\n<h3>Marcas de remolques de cami\u00f3n de plataforma extensible<\/h3>\n<p>- Panda Mech<\/p>\n<h3>Capacidad de carga del remolque de contenedor plano extensible: 20-120 toneladas<\/h3>\n<p>- 2 ejes: 20-40 toneladas<\/p>\n<p>- 3 ejes: 40-70 toneladas<\/p>\n<p>- 4 ejes: 70-90 toneladas<\/p>\n<h3>Remolque de plataforma extensible<\/h3>\n<p>- Remolque de plataforma extensible de 2 ejes dimensiones: 13000x3000x1750\/1250 mm<\/p>\n<h3>Remolque plataforma extensible<\/h3>\n<h3>peso<\/h3>\n<p>- Remolque de plataforma extensible de 2 ejes: 9-11 toneladas<\/p>\n<p>- Remolque de plataforma extensible de 3 ejes: 10-12 toneladas<\/p>\n<p>- Remolque de plataforma extensible de 4 ejes: 11-13 toneladas<\/p>\n<h3>Anchura<\/h3>\n<p>- 3000mm, 3metros, M\u00e1s utilizados<\/p>\n<h3>Altura desde el suelo<\/h3>\n<p>- 1250 mm<\/p>\n<h3>Altura:<\/h3>\n<p>- altura: 850-1250 mm<\/p>\n<p>- Altura m\u00e1xima: 1750 mm<\/p>\n<h3>Longitud<\/h3>\n<p>- 850-1250 mm, personalizar seg\u00fan sus necesidades.<\/p>\n<p>- Altura m\u00e1xima: 1250 mm, 1,25 metros<\/p>\n<h3>Ruedas<\/h3>\n<p>- 2 ejes: 8+1<\/p>\n<p>- 3 ejes: 12+1<\/p>\n<p>- 4 ejes: 16+1<\/p>\n<h3>V\u00e1lvula<\/h3>\n<p>- BPW, FUWA<\/p>\n<h3>Suspensi\u00f3n<\/h3>\n<p>- Suspensi\u00f3n mec\u00e1nica\/ suspensi\u00f3n neum\u00e1tica<\/p>\n<h3>Neum\u00e1ticos<\/h3>\n<p>- 235\/70 R 17.5<\/p>\n<p>- 245\/70 R 17.5<\/p>\n<p>- 295\/60 R 22.5<\/p>\n<p>- 11 R 22.5<\/p>\n<p>- 12 R 22.5<\/p>\n<p>- 315\/80 R 22.5<\/p>\n<h3>Piezas\/accesorios<\/h3>\n<p>- Rampas hidr\u00e1ulicas, bomba hidr\u00e1ulica, v\u00e1lvula de semirremolque Low Bed, booster, zapatas de freno, tambores de freno, estabilizadores, suspensi\u00f3n, tren de aterrizaje, neum\u00e1ticos, luces,<\/p>\n<h3>Tipos de remolques de plataforma extensible<\/h3>\n<p>- Remolques de plataforma baja desmontables, remolques de plataforma baja con cuello de cisne, semirremolques de plataforma baja escalonados, semirremolques de plataforma baja con rampas hidr\u00e1ulicas, semirremolques de plataforma baja especiales (personalizados).<\/p>\n<p style=\"text-align: center;\"><a class=\"product_button\" href=\"#elementor-action%3Aaction%3Dpopup%3Aopen%26settings%3DeyJpZCI6Ijk5MDciLCJ0b2dnbGUiOmZhbHNlfQ%3D%3D\">Haga clic para m\u00e1s detalles<\/a><\/p>\n<h2>Panda Mech<\/h2>\n<p>Panda Mech es un fabricante de remolques de plataforma extensible de China. Suministramos remolques de plataforma extensible para la venta. Podemos personalizarlo de acuerdo a sus necesidades. Los fabricantes de Panda Mech han tenido \u00e9xito en el sudeste asi\u00e1tico, Oriente Medio, \u00c1frica y Am\u00e9rica del Sur, como Filipinas, Tanzania, etc ...<\/p>\n<p><a href=\"https:\/\/www.pandamech.com\/spanish\/contact-us\/\" target=\"_blank\" rel=\"noopener\"><img decoding=\"async\" src=\"https:\/\/pandamech.com\/wp-content\/uploads\/2021\/08\/quotation.jpg\" alt=\"presupuesto\" width=\"864\" height=\"213\" title=\"\"><\/a><\/p>\n<p>Relacionado:<\/p>\n<p><span style=\"color: #0000ff;\"><a style=\"color: #0000ff;\" href=\"https:\/\/www.pandamech.com\/spanish\/product\/3-axle-40-foot-flatbed-semi-trailer\/\" target=\"_blank\" rel=\"noopener\">semirremolque de plataforma de 40 pies<\/a><\/span><\/p>\n<p><a href=\"https:\/\/www.pandamech.com\/product\/20-ft-platform-semi-trailer\/\" target=\"_blank\" rel=\"noopener\"><span style=\"color: #0000ff;\">Semirremolque con plataforma de 20 pies<\/span><\/a><\/p>","protected":false},"excerpt":{"rendered":"<p>Tipo: Remolque de plataforma extensible de 40 pies<\/p>\n<p>Gama de precios: $12.990-20.500<\/p>\n<p>Plazo de entrega: 7-25 d\u00edas<\/p>\n<p>Capacidad de carga: 20-100 toneladas<\/p>\n<p>Aplicaci\u00f3n: carga a granel, contenedores<\/p>","protected":false},"featured_media":58037,"template":"","meta":{"_acf_changed":false,"_kad_blocks_custom_css":"","_kad_blocks_head_custom_js":"","_kad_blocks_body_custom_js":"","_kad_blocks_footer_custom_js":"","_kad_post_transparent":"default","_kad_post_title":"","_kad_post_layout":"default","_kad_post_sidebar_id":"","_kad_post_content_style":"default","_kad_post_vertical_padding":"default","_kad_post_feature":"","_kad_post_feature_position":"","_kad_post_header":false,"_kad_post_footer":false,"_kad_post_classname":""},"product_brand":[],"product_cat":[77],"product_tag":[],"class_list":{"0":"post-21380","1":"product","2":"type-product","3":"status-publish","4":"has-post-thumbnail","6":"product_cat-flatbed-semi-trailer","8":"first","9":"instock","10":"sold-individually","11":"shipping-taxable","12":"purchasable","13":"product-type-simple","14":"entry","15":"content-bg","16":"loop-entry"},"acf":[],"taxonomy_info":{"product_cat":[{"value":77,"label":"Flatbed Semi Trailer"}]},"featured_image_src_large":["https:\/\/www.pandamech.com\/wp-content\/uploads\/2022\/09\/Extendable-flatbed-3-500x500.jpg",500,500,true],"author_info":[],"comment_info":"","_links":{"self":[{"href":"https:\/\/www.pandamech.com\/spanish\/wp-json\/wp\/v2\/product\/21380","targetHints":{"allow":["GET"]}}],"collection":[{"href":"https:\/\/www.pandamech.com\/spanish\/wp-json\/wp\/v2\/product"}],"about":[{"href":"https:\/\/www.pandamech.com\/spanish\/wp-json\/wp\/v2\/types\/product"}],"version-history":[{"count":1,"href":"https:\/\/www.pandamech.com\/spanish\/wp-json\/wp\/v2\/product\/21380\/revisions"}],"predecessor-version":[{"id":91398,"href":"https:\/\/www.pandamech.com\/spanish\/wp-json\/wp\/v2\/product\/21380\/revisions\/91398"}],"wp:featuredmedia":[{"embeddable":true,"href":"https:\/\/www.pandamech.com\/spanish\/wp-json\/wp\/v2\/media\/58037"}],"wp:attachment":[{"href":"https:\/\/www.pandamech.com\/spanish\/wp-json\/wp\/v2\/media?parent=21380"}],"wp:term":[{"taxonomy":"product_brand","embeddable":true,"href":"https:\/\/www.pandamech.com\/spanish\/wp-json\/wp\/v2\/product_brand?post=21380"},{"taxonomy":"product_cat","embeddable":true,"href":"https:\/\/www.pandamech.com\/spanish\/wp-json\/wp\/v2\/product_cat?post=21380"},{"taxonomy":"product_tag","embeddable":true,"href":"https:\/\/www.pandamech.com\/spanish\/wp-json\/wp\/v2\/product_tag?post=21380"}],"curies":[{"name":"wp","href":"https:\/\/api.w.org\/{rel}","templated":true}]}}