{"id":21377,"date":"2022-05-19T19:02:46","date_gmt":"2022-05-19T11:02:46","guid":{"rendered":"http:\/\/pandamech.com\/?post_type=product&#038;p=21377"},"modified":"2025-08-23T01:08:27","modified_gmt":"2025-08-22T17:08:27","slug":"10-axle-lowboy-trailer","status":"publish","type":"product","link":"https:\/\/www.pandamech.com\/spanish\/product\/10-axle-lowboy-trailer\/","title":{"rendered":"Remolque Lowboy de 10 ejes"},"content":{"rendered":"<p>El remolque bajo de 10 ejes se utiliza generalmente en el transporte de turbinas e\u00f3licas, barcos, equipos de construcci\u00f3n, entradas de puentes, gr\u00faas, transformadores y otras maquinarias y equipos similares. La estructura de cama baja de 10 ejes se utiliza en el remolque lowboy de 100 toneladas, por lo que tiene una altura total m\u00e1s baja en comparaci\u00f3n con otros remolques de plataforma plana, lo que hace que sea m\u00e1s conveniente para el transporte.<\/p>\n<h2>Remolque Lowboy de 10 ejes image<\/h2>\n<p><img fetchpriority=\"high\" decoding=\"async\" class=\"wp-image-57726 size-full\" src=\"https:\/\/pandamech.com\/wp-content\/uploads\/2022\/08\/10-axle-lowbed-trailer-e1665709862210.jpg\" alt=\"Remolque de plataforma baja de 10 ejes\" width=\"800\" height=\"534\" title=\"\" srcset=\"https:\/\/www.pandamech.com\/wp-content\/uploads\/2022\/08\/10-axle-lowbed-trailer-e1665709862210.jpg 800w, https:\/\/www.pandamech.com\/wp-content\/uploads\/2022\/08\/10-axle-lowbed-trailer-e1665709862210-300x200.jpg 300w, https:\/\/www.pandamech.com\/wp-content\/uploads\/2022\/08\/10-axle-lowbed-trailer-e1665709862210-500x334.jpg 500w, https:\/\/www.pandamech.com\/wp-content\/uploads\/2022\/08\/10-axle-lowbed-trailer-e1665709862210-18x12.jpg 18w\" sizes=\"(max-width: 800px) 100vw, 800px\" \/><\/p>\n<p>10 ejes 100\/120 toneladas lowboy cami\u00f3n remolque de transporte para la venta<\/p>\n<h2>Especificaciones del remolque lowboy de 10 ejes y 100 toneladas<\/h2>\n<p><strong>Capacidad del remolque de plataforma baja de 10 ejes<\/strong>: De 100 a 120 toneladas<\/p>\n<p><strong>Ejes<\/strong>: BPW, FUWA o marca china certificada<\/p>\n<p><strong>Direcci\u00f3n<\/strong>: Ejes de direcci\u00f3n autodireccionales o hidr\u00e1ulicos<\/p>\n<p><strong>Accesorios<\/strong>: Pata de estacionamiento y pivote marca JOST o China<\/p>\n<p><strong>Chasis<\/strong>: Uso del acero de calidad ST<\/p>\n<p><strong>Suspensi\u00f3n<\/strong>: Suspensi\u00f3n neum\u00e1tica o mec\u00e1nica<\/p>\n<p><strong>Frenos<\/strong>: Sistema de frenos ABS y EBS<\/p>\n<p><strong>Llantas<\/strong>: Llantas de acero<\/p>\n<p><strong>Neum\u00e1ticos<\/strong>: Neum\u00e1ticos marca Pirelli, Bridgestone, Goodyear<\/p>\n<p><strong>Rampa de carga<\/strong>: Rampa hidr\u00e1ulica o neum\u00e1tica<\/p>\n<p><strong>Rampa de carga<\/strong><\/p>\n<p>- Se trata de un sistema neum\u00e1tico o hidr\u00e1ulico. El movimiento de la rampa se realizar\u00e1 mediante la instalaci\u00f3n de un bot\u00f3n cubierto en la parte trasera. La anchura de la rampa ser\u00e1 de 800 o 1000 mm seg\u00fan la cama baja.<\/p>\n<p><strong>Chasis<\/strong><\/p>\n<p>- La estanter\u00eda Low Loader est\u00e1 soldada mediante una m\u00e1quina de soldadura sumergida a partir de acero plano inferior y superior de 20 mm x 150 mm (calidad ST 52.3 A) y chapa de cubo ST 52.3 de 10 mm. Tiene la secci\u00f3n en \u201cI\u201d y tambi\u00e9n tiene 4 piezas<\/p>\n<p><strong>Plataforma<\/strong><\/p>\n<p>- La parte superior central de la plataforma se cubrir\u00e1 con una chapa met\u00e1lica de 3\/4 mm de espesor de acuerdo con la utilizaci\u00f3n. En los laterales de la plataforma (puntos donde se encuentran el palet o las ruedas) se instalar\u00e1 goma o madera dura para proporcionar la m\u00e1xima fricci\u00f3n.<\/p>\n<p><strong>Sistema de frenos<\/strong><\/p>\n<p>- Herrajes de freno de doble circuito, fuelle de freno de servicio de 24\u201d montado en el eje 3 24\u00d730\u201d Emergencia<\/p>\n<p>Freno montado en el eje 1 y en el eje 2 V\u00e1lvula de distribuci\u00f3n del equilibrado de la carga, Ajustadores de freno autom\u00e1ticos o manuales<\/p>\n<p>- Frenos WAbco ABS, EBS<\/p>\n<h2>Remolque de plataforma baja de 100 toneladas<\/h2>\n<p><strong>Material<\/strong><\/p>\n<p>Capacidad de carga superior, estructura razonable, el bastidor principal es de acero de alta resistencia 16Mn, que no produce deformaci\u00f3n permanente; puede reforzarse seg\u00fan la situaci\u00f3n real.<\/p>\n<p><strong>Dise\u00f1o<\/strong><\/p>\n<p>El remolque lowboy de 10 ejes adopta una estructura de cuello de cisne grande, el centro de gravedad general es m\u00e1s bajo, la plataforma de carga es m\u00e1s fuerte, la plataforma de transporte es m\u00e1s grande, m\u00e1s adecuado para el transporte de algunas cargas grandes, maquinaria y equipo, equipo de construcci\u00f3n. Mientras tanto, tambi\u00e9n puede ser dise\u00f1ado como rampa hidr\u00e1ulica y de primavera y el tipo de viga c\u00f3ncava, de acuerdo con el uso real, le proporcionaremos sugerencias m\u00e1s adecuadas.<\/p>\n<p><strong>Estructura<\/strong><\/p>\n<p>La estructura se mejora constantemente para adaptarse mejor a los requisitos de carga y descarga, y podemos adaptarla a sus necesidades, con una carga \u00fatil total de 100 a 120 toneladas.<\/p>\n<p><strong>Rendimiento<\/strong><\/p>\n<p>Los ejes, neum\u00e1ticos y otros accesorios son de marcas famosas nacionales y extranjeras, con mayor vida \u00fatil y mejor calidad.<\/p>\n<h2>Panda Mech<\/h2>\n<p>Panda Mech es un fabricante de remolques bajos de 10 ejes de China. Tenemos una amplia experiencia en la fabricaci\u00f3n de remolques bajos de 10 ejes de 100\/120 toneladas. Ofrecemos una variedad de remolques bajos de 10 ejes para la venta. Podemos personalizarlo de acuerdo a sus necesidades. Hemos logrado el \u00e9xito en \u00c1frica, Am\u00e9rica del Sur y el Sudeste Asi\u00e1tico, como Tanzania, Nigeria, Kenia ...<\/p>\n<p>Panda Mech suministro 100 toneladas lowbed remolque, 10 ejes 120 toneladas lowboy remolque para la venta, podemos personalizar de acuerdo a sus necesidades.<\/p>\n<p><a href=\"https:\/\/www.pandamech.com\/spanish\/contact-us\/\" target=\"_blank\" rel=\"noopener\"><img decoding=\"async\" src=\"https:\/\/pandamech.com\/wp-content\/uploads\/2021\/08\/quotation.jpg\" alt=\"presupuesto\" width=\"864\" height=\"213\" title=\"\"><\/a><\/p>","protected":false},"excerpt":{"rendered":"<p>Tipo: Remolque bajo de 10 ejes y 100\/120 toneladas<\/p>\n<p>Gama de precios: $19.500-38.500<\/p>\n<p>Entrega: 7-28 d\u00edas<\/p>\n<p>Dimensiones: a medida<\/p>\n<p>Aplicaci\u00f3n: para transportar excavadoras, cargadoras de ruedas u otra maquinaria.<\/p>","protected":false},"featured_media":57727,"template":"","meta":{"_acf_changed":false,"_kad_blocks_custom_css":"","_kad_blocks_head_custom_js":"","_kad_blocks_body_custom_js":"","_kad_blocks_footer_custom_js":"","_kad_post_transparent":"default","_kad_post_title":"","_kad_post_layout":"default","_kad_post_sidebar_id":"","_kad_post_content_style":"default","_kad_post_vertical_padding":"default","_kad_post_feature":"","_kad_post_feature_position":"","_kad_post_header":false,"_kad_post_footer":false,"_kad_post_classname":""},"product_brand":[],"product_cat":[112],"product_tag":[],"class_list":{"0":"post-21377","1":"product","2":"type-product","3":"status-publish","4":"has-post-thumbnail","6":"product_cat-low-boy-trailer","8":"first","9":"instock","10":"sold-individually","11":"shipping-taxable","12":"purchasable","13":"product-type-simple","14":"entry","15":"content-bg","16":"loop-entry"},"acf":[],"taxonomy_info":{"product_cat":[{"value":112,"label":"Low Boy Trailer"}]},"featured_image_src_large":["https:\/\/www.pandamech.com\/wp-content\/uploads\/2022\/08\/10-axle-lowbed-trailer-500x375.jpg",500,375,true],"author_info":[],"comment_info":"","_links":{"self":[{"href":"https:\/\/www.pandamech.com\/spanish\/wp-json\/wp\/v2\/product\/21377","targetHints":{"allow":["GET"]}}],"collection":[{"href":"https:\/\/www.pandamech.com\/spanish\/wp-json\/wp\/v2\/product"}],"about":[{"href":"https:\/\/www.pandamech.com\/spanish\/wp-json\/wp\/v2\/types\/product"}],"version-history":[{"count":1,"href":"https:\/\/www.pandamech.com\/spanish\/wp-json\/wp\/v2\/product\/21377\/revisions"}],"predecessor-version":[{"id":91411,"href":"https:\/\/www.pandamech.com\/spanish\/wp-json\/wp\/v2\/product\/21377\/revisions\/91411"}],"wp:featuredmedia":[{"embeddable":true,"href":"https:\/\/www.pandamech.com\/spanish\/wp-json\/wp\/v2\/media\/57727"}],"wp:attachment":[{"href":"https:\/\/www.pandamech.com\/spanish\/wp-json\/wp\/v2\/media?parent=21377"}],"wp:term":[{"taxonomy":"product_brand","embeddable":true,"href":"https:\/\/www.pandamech.com\/spanish\/wp-json\/wp\/v2\/product_brand?post=21377"},{"taxonomy":"product_cat","embeddable":true,"href":"https:\/\/www.pandamech.com\/spanish\/wp-json\/wp\/v2\/product_cat?post=21377"},{"taxonomy":"product_tag","embeddable":true,"href":"https:\/\/www.pandamech.com\/spanish\/wp-json\/wp\/v2\/product_tag?post=21377"}],"curies":[{"name":"wp","href":"https:\/\/api.w.org\/{rel}","templated":true}]}}