{"id":21370,"date":"2025-09-02T12:02:46","date_gmt":"2025-09-02T04:02:46","guid":{"rendered":"http:\/\/pandamech.com\/?post_type=product&#038;p=21370"},"modified":"2025-09-06T15:55:15","modified_gmt":"2025-09-06T07:55:15","slug":"6-axle-tipping-semi-trailer","status":"publish","type":"product","link":"https:\/\/www.pandamech.com\/spanish\/product\/6-axle-tipping-semi-trailer\/","title":{"rendered":"Remolque basculante de 6 ejes y 45 CBM"},"content":{"rendered":"<p class=\"serp-title\">Remolque volquete de 6 ejes y 45 CBM, tambi\u00e9n conocido como remolque volquete de 6 ejes y 45 CBM o remolque volquete de 6 ejes y 45 CBM. La estructura incluye chasis, caja y sistema de elevaci\u00f3n. El trabajo por PTO suministra aceite al cilindro, levantando la caja hasta el \u00e1ngulo deseado, la carga se desliza hacia afuera, mejorando la eficiencia de descarga.<\/p>\n<p>El remolque volquete de 6 ejes y 45 CBM se utiliza ampliamente en plantas de arenisca, obras de construcci\u00f3n, minas, transporte de arena, grava, movimiento de tierras y miner\u00eda.<\/p>\n<h2 class=\"serp-title\">6 Axle 45 CBM Tipper Trailer images<\/h2>\n<p><img fetchpriority=\"high\" decoding=\"async\" class=\"alignnone wp-image-32428 size-full\" src=\"https:\/\/pandamech.com\/wp-content\/uploads\/2022\/08\/6-axle-tipper-trailer-7.jpg\" alt=\"Fabricante de remolques volquete de 6 ejes y 45 CBM\" width=\"750\" height=\"400\" title=\"\"><\/p>\n<p>6 ejes 45 cbm volquete semirremolque para la venta - <span style=\"color: #0000ff;\"><a style=\"color: #0000ff;\" href=\"https:\/\/www.pandamech.com\/spanish\/product\/50-ton-high-side-end-dump-trailer\/\" target=\"_blank\" rel=\"noopener\">Semirremolque basculante de 3 ejes<\/a><\/span><\/p>\n<p><img decoding=\"async\" class=\"alignnone wp-image-32429 size-full\" src=\"https:\/\/pandamech.com\/wp-content\/uploads\/2022\/08\/6-axle-tipper-trailer-8.jpg\" alt=\"6 ejes 45 CBM volquete remolque para la venta en China\" width=\"750\" height=\"532\" title=\"\"><\/p>\n<p>6 ejes 45 cbm volquete remolque para la venta de f\u00e1brica<\/p>\n<p><img decoding=\"async\" class=\"alignnone wp-image-32430 size-full\" src=\"https:\/\/pandamech.com\/wp-content\/uploads\/2022\/08\/6-axle-tipper-trailer-9.jpg\" alt=\"6 ejes 45cbm volquete semirremolque fabricante\" width=\"750\" height=\"400\" title=\"\"><\/p>\n<p>6 ejes 45cbm volquete semirremolque fabricante<\/p>\n<h2 class=\"serp-title\">Especificaciones del remolque volquete de 6 ejes y 45 CBM<\/h2>\n<table style=\"width: 800px;\" border=\"1\" cellspacing=\"1\" cellpadding=\"1\">\n<tbody>\n<tr>\n<td valign=\"top\" width=\"284\">Marca<\/td>\n<td valign=\"top\" width=\"411\">Panda Mech<\/td>\n<\/tr>\n<tr>\n<td valign=\"top\" width=\"284\">Dimensi\u00f3n<\/td>\n<td valign=\"top\" width=\"411\">11.570\u00d72.700x3700 mm<\/td>\n<\/tr>\n<tr>\n<td valign=\"top\" width=\"284\">Cuerpo interior<\/td>\n<td valign=\"top\" width=\"411\">10.500\u00d72.500\u00d71.700 mm<\/td>\n<\/tr>\n<tr>\n<td valign=\"top\" width=\"284\">Volumen<\/td>\n<td valign=\"top\" width=\"411\">30-70 toneladas<\/td>\n<\/tr>\n<tr>\n<td valign=\"top\" width=\"284\">Suelo<\/td>\n<td valign=\"top\" width=\"411\">6-12 mm<\/td>\n<\/tr>\n<tr>\n<td valign=\"top\" width=\"284\">Pared lateral<\/td>\n<td valign=\"top\" width=\"411\">3,5-6 mm<\/td>\n<\/tr>\n<tr>\n<td valign=\"top\" width=\"284\">Viga<\/td>\n<td valign=\"top\" width=\"411\">Q345 secci\u00f3n \u201cI\u201d doble alma<\/td>\n<\/tr>\n<tr>\n<td valign=\"top\" width=\"284\">Cilindro<\/td>\n<td valign=\"top\" width=\"411\">Sistema hidr\u00e1ulico HYVA FC\/EZ<\/td>\n<\/tr>\n<tr>\n<td valign=\"top\" width=\"284\">Eje<\/td>\n<td valign=\"top\" width=\"411\">6 ejes<\/td>\n<\/tr>\n<tr>\n<td valign=\"top\" width=\"284\">Neum\u00e1tico<\/td>\n<td valign=\"top\" width=\"411\">12.00R20 \/ 13R22.5 o personalizado<\/td>\n<\/tr>\n<tr>\n<td valign=\"top\" width=\"284\">Suspensi\u00f3n<\/td>\n<td valign=\"top\" width=\"411\">Mec\u00e1nica \/ Aire \/ Bogie opcional<\/td>\n<\/tr>\n<tr>\n<td valign=\"top\" width=\"284\">Freno<\/td>\n<td valign=\"top\" width=\"411\">Sistema de freno neum\u00e1tico doble, c\u00e1mara y v\u00e1lvula WABCO<\/td>\n<\/tr>\n<\/tbody>\n<\/table>\n<p style=\"text-align: center;\"><a class=\"product_button\" href=\"#elementor-action%3Aaction%3Dpopup%3Aopen%26settings%3DeyJpZCI6Ijk5MDciLCJ0b2dnbGUiOmZhbHNlfQ%3D%3D\">Haga clic para m\u00e1s detalles<\/a><\/p>\n<h2 class=\"serp-title\">6 ejes 45 CBM Volquete Caracter\u00edsticas<\/h2>\n<p><strong>Amplio espacio de carga de 45 metros c\u00fabicos para un transporte m\u00e1s eficiente:<\/strong><\/p>\n<p>El Panda Mech ofrece una verdadera soluci\u00f3n de gran capacidad, que le permite transportar m\u00e1s carga a la vez, al tiempo que reduce el consumo de combustible y los costes de mano de obra, haciendo que cada viaje sea m\u00e1s valioso.<\/p>\n<p><strong>Acero de alta resistencia al desgaste para una mayor vida \u00fatil:<\/strong><\/p>\n<p>Fabricado en Hardox 450 o equivalente, es m\u00e1s ligero y resistente al desgaste que el acero ordinario, lo que prolonga su vida \u00fatil y reduce los costes de mantenimiento.<\/p>\n<p><strong>Sistema hidr\u00e1ulico holand\u00e9s HYVA para una descarga m\u00e1s r\u00e1pida y estable:<\/strong><\/p>\n<p>Los cilindros hidr\u00e1ulicos de alta presi\u00f3n permiten la descarga en un gran \u00e1ngulo de 45\u00b0, lo que permite que la arena, la grava y el mineral se deslicen f\u00e1cilmente por la carga, reduciendo el tiempo y el esfuerzo de descarga.<\/p>\n<p><strong>Dise\u00f1o del cuerpo en forma de U para mayor seguridad y menor mano de obra:<\/strong><\/p>\n<p>El centro de gravedad m\u00e1s bajo permite una carga y descarga m\u00e1s suave, lo que permite una mayor capacidad de carga al tiempo que reduce la carga residual, ahorrando tiempo y preocupaciones.<\/p>\n<p><strong>El chasis reforzado y la suspensi\u00f3n se adaptan a diversas condiciones de trabajo:<\/strong><\/p>\n<p>Tanto en carreteras mineras accidentadas como en obras de construcci\u00f3n, el robusto chasis del Panda Mech mantiene la estabilidad, garantizando la fiabilidad incluso en condiciones exigentes.<\/p>\n<p style=\"text-align: center;\"><a class=\"product_button\" href=\"#elementor-action%3Aaction%3Dpopup%3Aopen%26settings%3DeyJpZCI6Ijk5MDciLCJ0b2dnbGUiOmZhbHNlfQ%3D%3D\">Haga clic para m\u00e1s detalles<\/a><\/p>\n<h2>Panda Mech<\/h2>\n<p>Panda Mech es un fabricante de semirremolque basculante de 6 ejes de China. Suministramos semirremolque basculante de 6 ejes para la venta. Los fabricantes de PANDA MECH han tenido \u00e9xito en el sudeste asi\u00e1tico, Oriente Medio, \u00c1frica y Am\u00e9rica del Sur, como Filipinas, Tanzania, Nigeria, etc ...<\/p>\n<p><a href=\"\/spanish\/contact-us\/\" rel=\"nofollow\"><img decoding=\"async\" src=\"https:\/\/pandamech.com\/wp-content\/uploads\/u_file\/db8ce19fe3.jpg\" alt=\"semirremolque basculante\" title=\"\"><\/a><\/p>","protected":false},"excerpt":{"rendered":"<p>Modelo: 6 ejes 30-70 toneladas<\/p>\n<p>Gama de precios: USD 15.000-28.000<\/p>\n<p>Plazo de entrega: 7-25 d\u00edas<\/p>\n<p>Aplicaci\u00f3n: transporte Carb\u00f3n, mineral, materiales de construcci\u00f3n<\/p>\n<p>sistema hidr\u00e1ulico Marca HYVA Holland<\/p>\n<p>Cuerpo de la caja: Hardox450 e igual<\/p>","protected":false},"featured_media":57744,"template":"","meta":{"_acf_changed":false,"_kad_blocks_custom_css":"","_kad_blocks_head_custom_js":"","_kad_blocks_body_custom_js":"","_kad_blocks_footer_custom_js":"","_kad_post_transparent":"default","_kad_post_title":"","_kad_post_layout":"default","_kad_post_sidebar_id":"","_kad_post_content_style":"default","_kad_post_vertical_padding":"default","_kad_post_feature":"","_kad_post_feature_position":"","_kad_post_header":false,"_kad_post_footer":false,"_kad_post_classname":""},"product_brand":[],"product_cat":[106],"product_tag":[],"class_list":{"0":"post-21370","1":"product","2":"type-product","3":"status-publish","4":"has-post-thumbnail","6":"product_cat-semi-dump-trailer","8":"first","9":"instock","10":"sold-individually","11":"shipping-taxable","12":"purchasable","13":"product-type-simple","14":"entry","15":"content-bg","16":"loop-entry"},"acf":[],"taxonomy_info":{"product_cat":[{"value":106,"label":"End Dump Trailer"}]},"featured_image_src_large":["https:\/\/www.pandamech.com\/wp-content\/uploads\/2022\/08\/2-22-500x500.jpg",500,500,true],"author_info":[],"comment_info":"","_links":{"self":[{"href":"https:\/\/www.pandamech.com\/spanish\/wp-json\/wp\/v2\/product\/21370","targetHints":{"allow":["GET"]}}],"collection":[{"href":"https:\/\/www.pandamech.com\/spanish\/wp-json\/wp\/v2\/product"}],"about":[{"href":"https:\/\/www.pandamech.com\/spanish\/wp-json\/wp\/v2\/types\/product"}],"version-history":[{"count":3,"href":"https:\/\/www.pandamech.com\/spanish\/wp-json\/wp\/v2\/product\/21370\/revisions"}],"predecessor-version":[{"id":91577,"href":"https:\/\/www.pandamech.com\/spanish\/wp-json\/wp\/v2\/product\/21370\/revisions\/91577"}],"wp:featuredmedia":[{"embeddable":true,"href":"https:\/\/www.pandamech.com\/spanish\/wp-json\/wp\/v2\/media\/57744"}],"wp:attachment":[{"href":"https:\/\/www.pandamech.com\/spanish\/wp-json\/wp\/v2\/media?parent=21370"}],"wp:term":[{"taxonomy":"product_brand","embeddable":true,"href":"https:\/\/www.pandamech.com\/spanish\/wp-json\/wp\/v2\/product_brand?post=21370"},{"taxonomy":"product_cat","embeddable":true,"href":"https:\/\/www.pandamech.com\/spanish\/wp-json\/wp\/v2\/product_cat?post=21370"},{"taxonomy":"product_tag","embeddable":true,"href":"https:\/\/www.pandamech.com\/spanish\/wp-json\/wp\/v2\/product_tag?post=21370"}],"curies":[{"name":"wp","href":"https:\/\/api.w.org\/{rel}","templated":true}]}}