{"id":21336,"date":"2025-08-27T18:02:23","date_gmt":"2025-08-27T10:02:23","guid":{"rendered":"http:\/\/pandamech.com\/?post_type=product&#038;p=21336"},"modified":"2025-08-29T11:53:54","modified_gmt":"2025-08-29T03:53:54","slug":"70-ton-4-axles-side-tipper-trailer","status":"publish","type":"product","link":"https:\/\/www.pandamech.com\/spanish\/product\/70-ton-4-axles-side-tipper-trailer\/","title":{"rendered":"70 Ton Side Tipper Remolque En Venta | Precio y Especificaciones"},"content":{"rendered":"<p>Remolque basculante lateral de 70 toneladas, tambi\u00e9n conocido como remolque basculante lateral de 70 toneladas, remolque basculante lateral de 70 toneladas. La estructura incluye chasis, caja y sistema de elevaci\u00f3n. Trabajo por PTO suministro de aceite al cilindro, caja de elevaci\u00f3n hasta el \u00e1ngulo de dise\u00f1o, deslizamiento de carga hacia fuera, mejorar la eficiencia de descarga.<\/p>\n<p>Los remolques basculantes laterales de 70 toneladas est\u00e1n especialmente fabricados para las industrias mineras y de recursos, canteras, industrias de residuos y otras aplicaciones pesadas de gran caudal.<\/p>\n<p>El remolque basculante lateral utiliza un chasis de acero de alta resistencia dise\u00f1ado y fabricado para soportar cargas extremas. Est\u00e1 equipado de serie con pernos de pivote con clasificaci\u00f3n de tren de carretera y placas antideslizantes Hi de alta resistencia. Somos buenos en la instalaci\u00f3n de v\u00e1lvulas de aire y sistemas hidr\u00e1ulicos para cualquier cami\u00f3n V\u00e1lvula para proporcionar la mejor soluci\u00f3n para su aplicaci\u00f3n.<\/p>\n<h2>70 Ton Remolque basculante lateral im\u00e1genes<\/h2>\n<p><img fetchpriority=\"high\" decoding=\"async\" class=\"alignnone\" src=\"\/wp-content\/uploads\/u_file\/13d1905887.jpg\" alt=\"fabricante de remolques basculantes laterales de 70 toneladas\" width=\"800\" height=\"533\" title=\"\"><br \/>\nsemirremolque basculante lateral de 4 ejes y 70 toneladas fabricante<u><\/u><\/p>\n<p><img decoding=\"async\" class=\"alignnone\" src=\"\/wp-content\/uploads\/u_file\/40640fbf72.jpg\" alt=\"F\u00e1brica de remolques basculantes laterales de 70 toneladas\" width=\"800\" height=\"533\" title=\"\"><\/p>\n<p data-start=\"1559\" data-end=\"1620\">70 toneladas 4 ejes volquetes laterales para la venta en Sud\u00e1frica - Panda Mech Proveedor<\/p>\n<h2>70 Ton remolque basculante lateral especificaciones &amp; Dimensiones &amp; Capacidad<\/h2>\n<table style=\"width: 800px;\" border=\"1\" cellspacing=\"1\" cellpadding=\"1\">\n<tbody>\n<tr>\n<td width=\"208\" height=\"28\">\u00a0Marca<\/td>\n<td width=\"606\">\u00a0Panda Mech<\/td>\n<\/tr>\n<tr>\n<td height=\"28\">\u00a0Tipo<\/td>\n<td>\u00a0tipo de bloque<\/td>\n<\/tr>\n<tr>\n<td height=\"28\">\u00a0Capacidad<\/td>\n<td>\u00a070 toneladas<\/td>\n<\/tr>\n<tr>\n<td height=\"28\">\u00a0Dimensiones (mm)<\/td>\n<td>\u00a08500-12000*2500*1500 mm<\/td>\n<\/tr>\n<tr>\n<td height=\"28\">\u00a0Dimensiones del cuerpo (mm)<\/td>\n<td>\u00a08050-11625*2400*1380 mm<\/td>\n<\/tr>\n<tr>\n<td height=\"28\">\u00a0Chasis<\/td>\n<td>\u00a0Viga en I de dise\u00f1o resistente y durabilidad extra<\/td>\n<\/tr>\n<tr>\n<td height=\"28\">\u00a0Eje<\/td>\n<td>\u00a02,3 Ejes, BPW o Fuwa, eje t\u00e1ndem<\/td>\n<\/tr>\n<tr>\n<td height=\"28\">\u00a0Sistema hidr\u00e1ulico<\/td>\n<td>\u00a0Cilindro hidr\u00e1ulico HYVA<\/td>\n<\/tr>\n<tr>\n<td height=\"28\">\u00a0Cilindro<\/td>\n<td>\u00a0175, 191, 202, 214 \/ 4TG, 5TG<\/td>\n<\/tr>\n<tr>\n<td height=\"28\">\u00a0Suspensi\u00f3n<\/td>\n<td>\u00a0Suspensi\u00f3n mec\u00e1nica<\/td>\n<\/tr>\n<tr>\n<td height=\"28\">\u00a0Kingpin<\/td>\n<td>\u00a0Tipo desmontable JOST 2\u2033 o 3,5<\/td>\n<\/tr>\n<tr>\n<td height=\"28\">\u00a0Tren de aterrizaje<\/td>\n<td>\u00a0JOST 28T<\/td>\n<\/tr>\n<tr>\n<td height=\"28\">\u00a0Sistema de frenado<\/td>\n<td>\u00a0ABS o EBS (opcional)<\/td>\n<\/tr>\n<tr>\n<td height=\"28\">\u00a0Material<\/td>\n<td>\u00a0Acero de alta resistencia de 5 mm o 6 mm<\/td>\n<\/tr>\n<tr>\n<td height=\"28\">\u00a0Neum\u00e1tico<\/td>\n<td>\u00a012R 22.5 315\/80 R22.5<\/td>\n<\/tr>\n<tr>\n<td height=\"28\">\u00a0Soporte para rueda de repuesto<\/td>\n<td>\u00a0un juego de la rueda de repuesto que incluye un soporte<\/td>\n<\/tr>\n<tr>\n<td height=\"28\">\u00a0Accesorios<\/td>\n<td>\u00a0Una caja de herramientas est\u00e1ndar, un mango basculante, una llave de eje<\/td>\n<\/tr>\n<tr>\n<td height=\"28\">\u00a0C\u00e1maras de freno<\/td>\n<td>\u00a0T30\/30<\/td>\n<\/tr>\n<tr>\n<td height=\"28\">\u00a0Piezas<\/td>\n<td>\u00a0Sistema el\u00e9ctrico, sistema de frenos, eje, neum\u00e1tico, suspensi\u00f3n, pestillo, kit.<\/td>\n<\/tr>\n<tr>\n<td height=\"28\">\u00a0<a href=\"\/spanish\/contact-us\/\"><u>Consulta<\/u><\/a><\/td>\n<td><a href=\"\/spanish\/contact-us\/\"><u>Obtener presupuesto gratuito<\/u><\/a><\/td>\n<\/tr>\n<\/tbody>\n<\/table>\n<h2>Ventaja del remolque basculante lateral de 70 toneladas<\/h2>\n<p><strong>Material:<\/strong><\/p>\n<p>Caja de material Hardox 450 o igual resistente al desgaste y a la abrasi\u00f3n, viga de alta tensi\u00f3n T700, tara m\u00e1s ligera 2000kg que el volquete de material normal, mayor tiempo de servicio y menor consumo de combustible.<\/p>\n<p><strong>Caja de secci\u00f3n en U:<\/strong><\/p>\n<p>Dise\u00f1o y an\u00e1lisis de cajas modelo U, mayor \u00e1rea de secci\u00f3n con menor baricentro, carga m\u00e1s y descarga m\u00e1s f\u00e1cil, segura y eficiente.<\/p>\n<p><strong>Chasis:<\/strong><\/p>\n<p>Doble alma para el dise\u00f1o de la viga principal, m\u00e1s fuerte para condiciones de carreteras m\u00faltiples<\/p>\n<p><strong>Cilindro:<\/strong><\/p>\n<p>Modelo FC y FE opcional, mayor presi\u00f3n de funcionamiento, ayuda \u00c1ngulo de inclinaci\u00f3n m\u00e1x. 45\u00b0, reducci\u00f3n del tiempo de giro con mayor velocidad de rasgado, aumento del tiempo de funcionamiento con largos intervalos de servicio<\/p>\n<p><strong>Soportes<\/strong>:<\/p>\n<p>Dise\u00f1o mejorado con mayor resistencia a la tensi\u00f3n y la fatiga<\/p>\n<p><strong>Knock off:<\/strong><\/p>\n<p>Dise\u00f1o robusto accionamiento preciso proteger la caja trabajando en \u00e1ngulo de seguridad<\/p>\n<p><strong>Eje de inclinaci\u00f3n:<\/strong><\/p>\n<p>Dise\u00f1o resistente que permite trabajar de forma estable cuando se inclina, m\u00e1s duradero y seguro<\/p>\n<p><strong>Fijar Sys:<\/strong><\/p>\n<p>Cierre autom\u00e1tico de la puerta trasera, dise\u00f1o ajustable para mantener la situaci\u00f3n adecuada, f\u00e1cil mantenimiento y sustituci\u00f3n.<\/p>\n<p><strong>Bastidor de soporte auxiliar:<\/strong><\/p>\n<p>Un bastidor auxiliar de soporte de la caja con el chasis, evitar la inclinaci\u00f3n de la caja, con el fin de trabajar con mayor seguridad<\/p>\n<h2>Piezas de remolque volquete lateral de 70 toneladas<\/h2>\n<p><strong>chasis<\/strong><\/p>\n<p>Chasis completo de acero de alta resistencia.<\/p>\n<p>De acuerdo con el dise\u00f1o de las carrocer\u00edas de los volquetes, la secci\u00f3n transversal en \u201cI\u201d producida por la tecnolog\u00eda de soldadura robotizada est\u00e1 especialmente dibujada.<\/p>\n<p>La viga central est\u00e1 reforzada, es resistente a la torsi\u00f3n y a la deformaci\u00f3n del muelle, tiene seguridad de rodadura y un dise\u00f1o especial, y el soporte de conexi\u00f3n en la viga lateral del chasis reduce la tensi\u00f3n distribuyendo la fuerza del estado de la carretera.<\/p>\n<p>Las piezas de la estructura del chasis son producidas en perfecta armon\u00eda por soldadores cualificados que utilizan una m\u00e1quina de soldadura colaborativa conforme a la norma ISO 3834 de confirmaci\u00f3n de la calidad de la producci\u00f3n de soldadura.<\/p>\n<p>Disponibilidad de transporte bajo diversas cargas y condiciones de la carretera.<\/p>\n<p><strong>Accesorios del chasis<\/strong><\/p>\n<p>La capacidad de transporte es de 18 m3 a 50 m3. Los pies telesc\u00f3picos est\u00e1n atornillados desde abajo, lo que cumple los requisitos de la norma SAE \u201cneum\u00e1ticos y llantas normalizados King-pin 385\/65\/22,5\u201d.<\/p>\n<p>King-Pin: Tipo funcional certificado para cumplir con la Directiva 94\/20\/CE, 2 pulgadas retirado e instalado desde la parte inferior.<\/p>\n<p>Balanc\u00edn mec\u00e1nico: El balanc\u00edn de soporte del remolque tiene doble velocidad, carga din\u00e1mica de 25 toneladas, carga est\u00e1tica de 50 toneladas.<\/p>\n<p><strong>Eje y sistema de suspensi\u00f3n<\/strong><\/p>\n<p>Kit de eje de freno de disco\/campus de suspensi\u00f3n neum\u00e1tica, cada kit tiene una capacidad de 9 toneladas.<\/p>\n<p><strong>Sistema de frenos<\/strong><\/p>\n<p>Wabco EBS 2S \/ 2M con sistema de frenado RSS de doble circuito con dep\u00f3sito de aire de aluminio conforme a la CE<\/p>\n<p><strong>Sistema electr\u00f3nico<\/strong><\/p>\n<p>Utilice un sistema de iluminaci\u00f3n que cumpla con las normas de la CEE, luces de posici\u00f3n, reflectores, 2 * 7 sistemas de kit de toma fija.<\/p>\n<p><strong>Protecci\u00f3n de pinturas y superficies<\/strong><\/p>\n<p>El bastidor se pule y se endurece la superficie mediante un sistema de flejado totalmente autom\u00e1tico. A continuaci\u00f3n, se utiliza la imprimaci\u00f3n epoxi dos veces. Despu\u00e9s de las dos \u00faltimas pinturas con el c\u00f3digo voluntario RLL, se secan al horno a 60 y 80 grados.<\/p>\n<h2>70 Ton Remolque basculante lateral para la venta<\/h2>\n<p>Panda Mech es un fabricante de semirremolques laterales basculantes de 70 toneladas de China. Suministramos semirremolques basculantes laterales de 70 toneladas y <a href=\"https:\/\/www.pandamech.com\/spanish\/category\/tipper-trailer\/\"><u>semivolquete en venta<\/u><\/a>. Los fabricantes de Panda Mech han tenido \u00e9xito en el Sudeste Asi\u00e1tico, Oriente Medio, \u00c1frica y Sudam\u00e9rica, como Filipinas, Tanzania, Nigeria, etc...<u><a href=\"https:\/\/www.pandamech.com\/spanish\/about\/\" rel=\"nofollow noopener\" name=\"662ae8fb-4e4e-4cc5-876a-6bfaecae5a2d\" target=\"_blank\">M\u00e1s sobre el panda<\/a><\/u><\/p>\n<p><a href=\"\/spanish\/contact-us\/\" rel=\"nofollow\"><img decoding=\"async\" src=\"https:\/\/pandamech.com\/wp-content\/uploads\/u_file\/db8ce19fe3.jpg\" alt=\"semirremolques basculantes laterales de 3 ejes\" title=\"\"><\/a><\/p>\n<p>FAQ<\/p>\n<h2>\u00bfCu\u00e1nto peso puede soportar un remolque basculante lateral?<\/h2>\n<p>El remolque basculante lateral puede transportar entre 60 y 100 toneladas.<\/p>","protected":false},"excerpt":{"rendered":"<p>Modelo: 4 ejes 70 toneladas<\/p>\n<p>Rango de precios: USD 17.000-35.000<\/p>\n<p>Plazo de entrega: 7-25 d\u00edas<\/p>\n<p>Aplicaci\u00f3n: transporte Carb\u00f3n, mineral, materiales de construcci\u00f3n<\/p>\n<p>sistema hidr\u00e1ulico Marca HYVA Holland<\/p>\n<p>Cuerpo de la caja: Hardox450 e igual<\/p>","protected":false},"featured_media":57748,"template":"","meta":{"_acf_changed":false,"_kad_blocks_custom_css":"","_kad_blocks_head_custom_js":"","_kad_blocks_body_custom_js":"","_kad_blocks_footer_custom_js":"","_kad_post_transparent":"default","_kad_post_title":"","_kad_post_layout":"default","_kad_post_sidebar_id":"","_kad_post_content_style":"default","_kad_post_vertical_padding":"default","_kad_post_feature":"","_kad_post_feature_position":"","_kad_post_header":false,"_kad_post_footer":false,"_kad_post_classname":""},"product_brand":[],"product_cat":[113],"product_tag":[61],"class_list":{"0":"post-21336","1":"product","2":"type-product","3":"status-publish","4":"has-post-thumbnail","6":"product_cat-side-tipper","7":"product_tag-4-axle-trailer","9":"first","10":"instock","11":"sold-individually","12":"shipping-taxable","13":"purchasable","14":"product-type-simple","15":"entry","16":"content-bg","17":"loop-entry"},"acf":[],"taxonomy_info":{"product_cat":[{"value":113,"label":"Side Tipper"}],"product_tag":[{"value":61,"label":"4 Axle Trailer"}]},"featured_image_src_large":["https:\/\/www.pandamech.com\/wp-content\/uploads\/2022\/08\/2-28-500x500.jpg",500,500,true],"author_info":[],"comment_info":"","_links":{"self":[{"href":"https:\/\/www.pandamech.com\/spanish\/wp-json\/wp\/v2\/product\/21336","targetHints":{"allow":["GET"]}}],"collection":[{"href":"https:\/\/www.pandamech.com\/spanish\/wp-json\/wp\/v2\/product"}],"about":[{"href":"https:\/\/www.pandamech.com\/spanish\/wp-json\/wp\/v2\/types\/product"}],"version-history":[{"count":3,"href":"https:\/\/www.pandamech.com\/spanish\/wp-json\/wp\/v2\/product\/21336\/revisions"}],"predecessor-version":[{"id":91561,"href":"https:\/\/www.pandamech.com\/spanish\/wp-json\/wp\/v2\/product\/21336\/revisions\/91561"}],"wp:featuredmedia":[{"embeddable":true,"href":"https:\/\/www.pandamech.com\/spanish\/wp-json\/wp\/v2\/media\/57748"}],"wp:attachment":[{"href":"https:\/\/www.pandamech.com\/spanish\/wp-json\/wp\/v2\/media?parent=21336"}],"wp:term":[{"taxonomy":"product_brand","embeddable":true,"href":"https:\/\/www.pandamech.com\/spanish\/wp-json\/wp\/v2\/product_brand?post=21336"},{"taxonomy":"product_cat","embeddable":true,"href":"https:\/\/www.pandamech.com\/spanish\/wp-json\/wp\/v2\/product_cat?post=21336"},{"taxonomy":"product_tag","embeddable":true,"href":"https:\/\/www.pandamech.com\/spanish\/wp-json\/wp\/v2\/product_tag?post=21336"}],"curies":[{"name":"wp","href":"https:\/\/api.w.org\/{rel}","templated":true}]}}