{"id":21332,"date":"2025-09-01T14:02:23","date_gmt":"2025-09-01T06:02:23","guid":{"rendered":"http:\/\/pandamech.com\/?post_type=product&#038;p=21332"},"modified":"2025-09-06T15:44:03","modified_gmt":"2025-09-06T07:44:03","slug":"tri-axle-side-dump-trailer","status":"publish","type":"product","link":"https:\/\/www.pandamech.com\/spanish\/product\/tri-axle-side-dump-trailer\/","title":{"rendered":"Remolque volquete lateral de 3 ejes"},"content":{"rendered":"<p>El remolque basculante trilateral, tambi\u00e9n llamado semirremolque basculante lateral de 3 ejes, est\u00e1 dise\u00f1ado con tres componentes principales: chasis, caja basculante y sistema de elevaci\u00f3n hidr\u00e1ulico. Accionado por el sistema de toma de fuerza del tractor, el aceite hidr\u00e1ulico se suministra al cilindro, elevando la caja basculante hasta el \u00e1ngulo dise\u00f1ado. Esto permite que la carga se deslice suavemente hacia fuera, garantizando una descarga r\u00e1pida y eficaz \u23f1\ufe0f.<\/p>\n<p>Se aplica ampliamente en diversas industrias, incluyendo plantas de arenisca, obras de construcci\u00f3n y operaciones mineras. Ideal para el transporte de arena, grava, movimiento de tierras y minerales a granel, este remolque proporciona tanto durabilidad como alta productividad \ud83d\udcaa.<\/p>\n<h2>remolque volquete lateral de 3 ejes im\u00e1genes<\/h2>\n<p><img fetchpriority=\"high\" decoding=\"async\" class=\"alignnone wp-image-35902 size-full\" src=\"https:\/\/pandamech.com\/wp-content\/uploads\/2022\/08\/7-6.jpg\" alt=\"Se vende remolque volquete lateral de 3 ejes\" width=\"800\" height=\"533\" title=\"\"><\/p>\n<p>Fabricante de remolques laterales de 3 ejes en China<\/p>\n<p><img decoding=\"async\" class=\"alignnone wp-image-35903 size-full\" src=\"https:\/\/pandamech.com\/wp-content\/uploads\/2022\/08\/8.jpg\" alt=\"fabricante de remolques laterales de tres ejes\" width=\"800\" height=\"533\" title=\"\"><\/p>\n<p>F\u00e1brica de remolques laterales de 3 ejes en China<\/p>\n<p><img decoding=\"async\" class=\"alignnone wp-image-35904 size-full\" src=\"https:\/\/pandamech.com\/wp-content\/uploads\/2022\/08\/9-2.jpg\" alt=\"tri axle side dumper trailer for sale\" width=\"800\" height=\"533\" title=\"\"><\/p>\n<p>Se vende remolque volquete lateral de 3 ejes<\/p>\n<h2>Especificaciones del d\u00famper lateral de 3 ejes<\/h2>\n<table width=\"657\">\n<tbody>\n<tr>\n<td width=\"220\">Marca<\/td>\n<td width=\"437\">Panda Mech<\/td>\n<\/tr>\n<tr>\n<td>Dimensi\u00f3n<\/td>\n<td>12.500\u00d72.500\u00d73.230 mm<\/td>\n<\/tr>\n<tr>\n<td>Cuerpo interior<\/td>\n<td>11.800\u00d72.500\u00d71.500 mm<\/td>\n<\/tr>\n<tr>\n<td>Volumen<\/td>\n<td>70 toneladas<\/td>\n<\/tr>\n<tr>\n<td>Suelo<\/td>\n<td>6-8 mm<\/td>\n<\/tr>\n<tr>\n<td>Pared lateral<\/td>\n<td>3-5 mm<\/td>\n<\/tr>\n<tr>\n<td>Viga<\/td>\n<td>Domex 600 o igual secci\u00f3n en \u201cI\u201d de acero de doble alma<\/td>\n<\/tr>\n<tr>\n<td>Cilindro<\/td>\n<td>6 juego cilindro inferior<\/td>\n<\/tr>\n<tr>\n<td>Eje<\/td>\n<td>3\/4\/6 Ejes, eje t\u00e1ndem<\/td>\n<\/tr>\n<tr>\n<td>Neum\u00e1tico<\/td>\n<td>12.00R20 \/ 13R22.5 o personalizado<\/td>\n<\/tr>\n<tr>\n<td>Suspensi\u00f3n<\/td>\n<td>Mec\u00e1nica \/ Aire \/ Bogie opcional<\/td>\n<\/tr>\n<tr>\n<td>Pierna<\/td>\n<td>Tipo intercambiable JOST<\/td>\n<\/tr>\n<tr>\n<td>Freno<\/td>\n<td>Sistema de freno neum\u00e1tico doble, c\u00e1mara y v\u00e1lvula WABCO<\/td>\n<\/tr>\n<tr>\n<td>Sistema el\u00e9ctrico<\/td>\n<td>12v\/24v, cable de 7 l\u00edneas, luz LED<\/td>\n<\/tr>\n<\/tbody>\n<\/table>\n<h2>Ventaja del remolque volquete lateral de 3 ejes<\/h2>\n<h3 data-start=\"51\" data-end=\"68\">\ud83d\udd27 Material<\/h3>\n<p data-start=\"69\" data-end=\"378\">La caja est\u00e1 fabricada con <strong data-start=\"98\" data-end=\"112\">Hardox 450<\/strong> o acero equivalente resistente al desgaste \u2699\ufe0f. Combinado con un <strong data-start=\"168\" data-end=\"199\">Viga principal de alta tensi\u00f3n T700<\/strong>, el remolque alcanza un <strong data-start=\"224\" data-end=\"266\">reducci\u00f3n de la tara de hasta 2.000 kg<\/strong> en comparaci\u00f3n con los volquetes convencionales \ud83d\ude9b. Esto garantiza <strong data-start=\"317\" data-end=\"340\">mayor vida \u00fatil<\/strong> \u23f3 y <strong data-start=\"347\" data-end=\"373\">menor consumo de combustible<\/strong> \u26fd.<\/p>\n<h3 data-start=\"787\" data-end=\"805\">\ud83d\udee0\ufe0f Cilindro<\/h3>\n<p data-start=\"806\" data-end=\"1040\">Equipado con <strong data-start=\"820\" data-end=\"858\">Cilindros HYVA FC o FE (opcional)<\/strong>, ofreciendo <strong data-start=\"869\" data-end=\"898\">mayor presi\u00f3n de funcionamiento<\/strong>. Esto permite hasta un <strong data-start=\"920\" data-end=\"938\">\u00c1ngulo de inclinaci\u00f3n de 45<\/strong>, El resultado es <strong data-start=\"953\" data-end=\"973\">descarga m\u00e1s r\u00e1pida<\/strong>, tiempos de entrega reducidos e intervalos de mantenimiento ampliados \ud83d\udd0b.<\/p>\n<h3 data-start=\"1371\" data-end=\"1390\">Eje basculante<\/h3>\n<p data-start=\"1391\" data-end=\"1525\">En <strong data-start=\"1395\" data-end=\"1420\">eje basculante de alta resistencia<\/strong> garant\u00edas de dise\u00f1o <strong data-start=\"1439\" data-end=\"1468\">funcionamiento estable y seguro<\/strong> durante el volcado, la entrega <strong data-start=\"1496\" data-end=\"1519\">durabilidad superior<\/strong> \ud83d\udcaa.<\/p>\n<h3 data-start=\"1527\" data-end=\"1552\">\ud83d\udd12 Sistema de fijaci\u00f3n<\/h3>\n<p data-start=\"1553\" data-end=\"1743\">En <strong data-start=\"1557\" data-end=\"1595\">cierre autom\u00e1tico de las puertas traseras<\/strong> mejora la eficacia del trabajo \ud83d\ude80. Con ajustes regulables, mantiene unas condiciones \u00f3ptimas a la vez que permite <strong data-start=\"1701\" data-end=\"1737\">f\u00e1cil mantenimiento y sustituci\u00f3n<\/strong> \ud83d\udd27.<\/p>\n<p data-start=\"1553\" data-end=\"1743\">\n<h2>\ud83d\ude9b \u00bfPor qu\u00e9 elegir el semirremolque volquete Panda Mech?<\/h2>\n<h3>Materiales de primera calidad y mayor vida \u00fatil \u2699\ufe0f<\/h3>\n<p>Panda Mech utiliza acero resistente al desgaste (NM450 \/ equivalente a HARDOX) con placas inferiores de 6-8 mm y laterales de 3-6 mm, lo que garantiza una resistencia superior contra los impactos y la abrasi\u00f3n. En comparaci\u00f3n con el acero de baja calidad utilizado por algunos competidores, los remolques Panda ofrecen una vida \u00fatil 10-30% m\u00e1s larga.<\/p>\n<h3>Estructura reforzada y dise\u00f1o resistente \ud83d\udee0\ufe0f<\/h3>\n<p>Nuestros remolques adoptan vigas \u201cI\u201d de doble alma con refuerzo tipo X y secciones de cuello de cisne reforzadas. Esto reduce el riesgo de que la viga principal se agriete o deforme, especialmente en las duras condiciones de las carreteras mineras. Pruebas independientes demostraron que las marcas de la competencia suelen romperse en las juntas de suspensi\u00f3n o de las vigas, mientras que Panda Mech evita estos fallos.<\/p>\n<h3>Probado en condiciones duras \ud83c\udf0d<\/h3>\n<p>Desde las carreteras mineras de \u00c1frica Occidental hasta las rutas de transporte de cemento en Senegal y Mali, Panda Mech ha realizado pruebas en carreteras reales y recogido las opiniones de los clientes. Los resultados confirman que nuestros remolques soportan 80% de asfalto, 10% sin pavimentar y 10% de pendientes mineras con estabilidad, mientras que los competidores sufren frecuentes aver\u00edas.<\/p>\n<p data-start=\"1553\" data-end=\"1743\">\n<h2>3 Axle Side dumper trailer Fabricantes<\/h2>\n<p>Panda Mech es un fabricante de remolques laterales de 3 ejes de China. Suministramos un remolque volquete lateral de 3 ejes para la venta. Los fabricantes de Panda Mech han tenido \u00e9xito en el sudeste de Asia, Oriente Medio, \u00c1frica y Am\u00e9rica del Sur, como Filipinas, Tanzania, Nigeria, etc ...<\/p>\n<p><a href=\"\/spanish\/contact-us\/\" rel=\"nofollow\"><img decoding=\"async\" src=\"https:\/\/pandamech.com\/wp-content\/uploads\/u_file\/db8ce19fe3.jpg\" alt=\"venta de remolques laterales para dumper\" title=\"\"><\/a><\/p>","protected":false},"excerpt":{"rendered":"<p>Modelo: 3\/4\/6 ejes 50-80 toneladas<\/p>\n<p>Rango de precios: USD 18.000-25.000<\/p>\n<p>Plazo de entrega: 7-25 d\u00edas<\/p>\n<p>Aplicaci\u00f3n: transporte Carb\u00f3n, mineral, materiales de construcci\u00f3n<\/p>\n<p>sistema hidr\u00e1ulico Marca HYVA Holland<\/p>\n<p>Cuerpo de la caja: Hardox450 e igual<\/p>","protected":false},"featured_media":57568,"template":"","meta":{"_acf_changed":false,"_kad_blocks_custom_css":"","_kad_blocks_head_custom_js":"","_kad_blocks_body_custom_js":"","_kad_blocks_footer_custom_js":"","_kad_post_transparent":"default","_kad_post_title":"","_kad_post_layout":"default","_kad_post_sidebar_id":"","_kad_post_content_style":"default","_kad_post_vertical_padding":"default","_kad_post_feature":"","_kad_post_feature_position":"","_kad_post_header":false,"_kad_post_footer":false,"_kad_post_classname":""},"product_brand":[],"product_cat":[113],"product_tag":[],"class_list":{"0":"post-21332","1":"product","2":"type-product","3":"status-publish","4":"has-post-thumbnail","6":"product_cat-side-tipper","8":"first","9":"instock","10":"sold-individually","11":"shipping-taxable","12":"purchasable","13":"product-type-simple","14":"entry","15":"content-bg","16":"loop-entry"},"acf":[],"taxonomy_info":{"product_cat":[{"value":113,"label":"Side Tipper"}]},"featured_image_src_large":["https:\/\/www.pandamech.com\/wp-content\/uploads\/2022\/07\/2-27-500x500.jpg",500,500,true],"author_info":[],"comment_info":"","_links":{"self":[{"href":"https:\/\/www.pandamech.com\/spanish\/wp-json\/wp\/v2\/product\/21332","targetHints":{"allow":["GET"]}}],"collection":[{"href":"https:\/\/www.pandamech.com\/spanish\/wp-json\/wp\/v2\/product"}],"about":[{"href":"https:\/\/www.pandamech.com\/spanish\/wp-json\/wp\/v2\/types\/product"}],"version-history":[{"count":3,"href":"https:\/\/www.pandamech.com\/spanish\/wp-json\/wp\/v2\/product\/21332\/revisions"}],"predecessor-version":[{"id":91575,"href":"https:\/\/www.pandamech.com\/spanish\/wp-json\/wp\/v2\/product\/21332\/revisions\/91575"}],"wp:featuredmedia":[{"embeddable":true,"href":"https:\/\/www.pandamech.com\/spanish\/wp-json\/wp\/v2\/media\/57568"}],"wp:attachment":[{"href":"https:\/\/www.pandamech.com\/spanish\/wp-json\/wp\/v2\/media?parent=21332"}],"wp:term":[{"taxonomy":"product_brand","embeddable":true,"href":"https:\/\/www.pandamech.com\/spanish\/wp-json\/wp\/v2\/product_brand?post=21332"},{"taxonomy":"product_cat","embeddable":true,"href":"https:\/\/www.pandamech.com\/spanish\/wp-json\/wp\/v2\/product_cat?post=21332"},{"taxonomy":"product_tag","embeddable":true,"href":"https:\/\/www.pandamech.com\/spanish\/wp-json\/wp\/v2\/product_tag?post=21332"}],"curies":[{"name":"wp","href":"https:\/\/api.w.org\/{rel}","templated":true}]}}