{"id":21317,"date":"2022-04-29T19:02:21","date_gmt":"2022-04-29T11:02:21","guid":{"rendered":"http:\/\/pandamech.com\/?post_type=product&#038;p=21317"},"modified":"2026-01-05T14:41:38","modified_gmt":"2026-01-05T06:41:38","slug":"42000-liters-hot-oil-asphalt-trailers","status":"publish","type":"product","link":"https:\/\/www.pandamech.com\/spanish\/product\/42000-liters-hot-oil-asphalt-trailers\/","title":{"rendered":"Remolques de asfalto de aceite caliente de 42000 litros"},"content":{"rendered":"<p>El remolque de asfalto de aceite caliente se conoce como remolque cisterna de bet\u00fan, remolque cisterna de brea, remolque cisterna de asfalto. El remolque de asfalto de aceite caliente se compone de chasis de autom\u00f3vil, tanque de asfalto, sistema de bombeo y rociado de asfalto, sistema de calentamiento de aceite de transferencia de calor, sistema hidr\u00e1ulico, sistema de combusti\u00f3n, sistema de control, sistema neum\u00e1tico y plataforma de operaci\u00f3n.<\/p>\n<p>El remolque de asfalto de aceite caliente se utiliza para transportar asfalto l\u00edquido desde la refiner\u00eda de petr\u00f3leo y el muelle hasta el dep\u00f3sito de almacenamiento de asfalto, y tambi\u00e9n para transportar asfalto desde el dep\u00f3sito de almacenamiento de asfalto hasta la planta de asfalto. Este bi-producto se utiliza principalmente en la pavimentaci\u00f3n de carreteras. Tal vez necesite <a href=\"https:\/\/www.pandamech.com\/spanish\/product\/45000-liters-aluminum-tank-trailer\/\" target=\"_blank\" rel=\"noopener\">remolque cisterna de aluminio para aceite<\/a>.<\/p>\n<h2>42.000 litros de aceite caliente asfalto cami\u00f3n remolque especificaci\u00f3n<\/h2>\n<table style=\"width: 800px;\" border=\"1\" cellspacing=\"1\" cellpadding=\"1\">\n<tbody>\n<tr>\n<td width=\"300\" height=\"41\">\u00a0Marca<\/td>\n<td width=\"706\">\u00a0Remolque de asfalto de aceite caliente Panda Mech<\/td>\n<\/tr>\n<tr>\n<td height=\"41\">\u00a0Art\u00edculo<\/td>\n<td>\u00a042 KL remolque de asfalto de aceite caliente<\/td>\n<\/tr>\n<tr>\n<td height=\"41\">\u00a0Dimensiones del remolque para asfalto en caliente<\/td>\n<td>\u00a010600*2500*1800 mm<\/td>\n<\/tr>\n<tr>\n<td height=\"41\">\u00a0Capacidad del remolque de asfalto en aceite caliente<\/td>\n<td>\u00a040.000 litros<\/td>\n<\/tr>\n<tr>\n<td height=\"41\">\u00a0Compartimento<\/td>\n<td>\u00a01<\/td>\n<\/tr>\n<tr>\n<td height=\"41\">\u00a0Aislamiento<\/td>\n<td>\u00a0Con aislamiento<\/td>\n<\/tr>\n<tr>\n<td height=\"41\">\u00a0Peso de la cisterna de asfalto l\u00edquido<\/td>\n<td>\u00a010.5T<\/td>\n<\/tr>\n<tr>\n<td height=\"41\">\u00a0Material<\/td>\n<td>\u00a0Hierro Acero, Acero inoxidable<\/td>\n<\/tr>\n<tr>\n<td height=\"41\">\u00a0Chasis<\/td>\n<td>\u00a0Acero de alta resistencia<\/td>\n<\/tr>\n<tr>\n<td height=\"41\">\u00a0V\u00e1lvula<\/td>\n<td>\u00a0Civacon, EMCO, HELI, JLME, HENGE, 6 pulgadas<\/td>\n<\/tr>\n<tr>\n<td height=\"41\">\u00a0Eje<\/td>\n<td>\u00a02\/3\/4 ejes; BPW, FUWA, L1, HO'S, SAF, PDME<\/td>\n<\/tr>\n<tr>\n<td height=\"41\">\u00a0Suspensi\u00f3n<\/td>\n<td>\u00a0Suspensi\u00f3n neum\u00e1tica, Mec\u00e1nica, Bogie<\/td>\n<\/tr>\n<tr>\n<td height=\"41\">\u00a0Sistema de frenos<\/td>\n<td>\u00a0Sistema de frenos Dual Line, c\u00e1mara T30\/30, v\u00e1lvula de emergencia Wabco, ABS\/EBS opcional<\/td>\n<\/tr>\n<tr>\n<td height=\"41\">\u00a0Piezas<\/td>\n<td>\u00a0Guardabarros, Escalera, 1 caja de herramientas est\u00e1ndar, 1 capa de imprimaci\u00f3n anticorrosiva, 2 capas de pintura final, Pintura de poliuretano, Tren de aterrizaje, Llanta de acero 9.0-22.5, Extintor, V\u00e1lvula de fondo neum\u00e1tica de 4 pulgadas, Tapa de registro de aleaci\u00f3n de aluminio de 500mm, Chapa de acero Q345\/6mm, conforme ADR, Tuber\u00eda de remolque de crudo (Seg\u00fan necesidades del cliente).<\/td>\n<\/tr>\n<tr>\n<td height=\"41\"><a href=\"\/spanish\/contact-us\/\">Consulta<\/a><\/td>\n<td><a href=\"\/spanish\/contact-us\/\">Acerca de Panda Mech<\/a><\/td>\n<\/tr>\n<\/tbody>\n<\/table>\n<h2>Remolque de asfalto de aceite caliente de 42.000 litros im\u00e1genes<\/h2>\n<p><img decoding=\"async\" src=\"\/wp-content\/uploads\/u_file\/f243fea254.jpg\" alt=\"42.000 litros de aceite caliente l\u00edquido asfalto cisterna para la venta\" title=\"\"><\/p>\n<p><img decoding=\"async\" src=\"\/wp-content\/uploads\/u_file\/aa39f3873a.jpg\" alt=\"Semirremolque cisterna de asfalto l\u00edquido de 42.000 litros\" title=\"\"><\/p>\n<h2>Aplicaci\u00f3n:<\/h2>\n<p>El cami\u00f3n cisterna de asfalto l\u00edquido se utiliza generalmente para el transporte de asfalto. El cami\u00f3n cisterna de asfalto l\u00edquido tiene una capacidad de 38000-45000 litros, que se utiliza generalmente para el transporte de larga distancia, el transporte de sustancias l\u00edquidas a todo el mundo, a fin de realizar la distribuci\u00f3n razonable y el uso de los recursos.<\/p>\n<p><a href=\"https:\/\/www.pandamech.com\/spanish\/info\/asphalt-bitumen-tanker-trailer-use-and-buy-guide-i00066i1-html\/\" target=\"_blank\" rel=\"noopener\">Gu\u00eda de uso y compra de remolques cisterna para asfalto<\/a><\/p>\n<h2>Caracter\u00edsticas:<\/h2>\n<p>El bastidor principal est\u00e1 hecho de acero de baja aleaci\u00f3n de alta resistencia, lo que mejora totalmente su resistencia a la torsi\u00f3n, resistencia s\u00edsmica y sismo-resistencia, y cumple varios requisitos de carga.<\/p>\n<p>Eje: El eje puede elegir diferentes marcas conocidas de BPW y FUWA. En el pa\u00eds y en el extranjero. Adem\u00e1s, el sistema ABS se puede instalar opcionalmente con Haldex y WABCO, que puede mejorar en gran medida la estabilidad y la seguridad.<\/p>\n<p>Sistema de suspensi\u00f3n: La suspensi\u00f3n mec\u00e1nica y la suspensi\u00f3n neum\u00e1tica de serie son opcionales.<\/p>\n<h2>Panda Mech<\/h2>\n<p>Somos un fabricante de remolques de asfalto de aceite caliente de China. Suministramos 38.000-60.000 litros remolques de asfalto de aceite caliente para la venta. El precio del remolque de asfalto de aceite caliente depende de las especificaciones. Podemos personalizarlo de acuerdo a sus necesidades.<\/p>\n<p>Los fabricantes de Panda Mech han tenido \u00e9xito en el Sudeste Asi\u00e1tico, Oriente Medio, \u00c1frica y Sudam\u00e9rica, como Filipinas, Tanzania, Nigeria, etc.<a href=\"https:\/\/www.pandamech.com\/spanish\/about\/\" rel=\"nofollow noopener\" name=\"662ae8fb-4e4e-4cc5-876a-6bfaecae5a2d\" target=\"_blank\">M\u00e1s sobre el panda<\/a><\/p>","protected":false},"excerpt":{"rendered":"<p>Tipo: remolque cisterna de asfalto de aceite caliente<\/p>\n<p>Gama de precios: $18.900-36.100<\/p>\n<p>Plazo de entrega: 7-25 d\u00edas<\/p>\n<p>Material del dep\u00f3sito: acero al carbono<\/p>\n<p>Aplicaci\u00f3n: transporte de asfalto, bet\u00fan<\/p>","protected":false},"featured_media":57768,"template":"","meta":{"_acf_changed":false,"_kad_blocks_custom_css":"","_kad_blocks_head_custom_js":"","_kad_blocks_body_custom_js":"","_kad_blocks_footer_custom_js":"","_kad_post_transparent":"default","_kad_post_title":"","_kad_post_layout":"default","_kad_post_sidebar_id":"","_kad_post_content_style":"default","_kad_post_vertical_padding":"default","_kad_post_feature":"","_kad_post_feature_position":"","_kad_post_header":false,"_kad_post_footer":false,"_kad_post_classname":""},"product_brand":[],"product_cat":[99],"product_tag":[],"class_list":{"0":"post-21317","1":"product","2":"type-product","3":"status-publish","4":"has-post-thumbnail","6":"product_cat-asphalt-tanker","8":"first","9":"instock","10":"sold-individually","11":"shipping-taxable","12":"purchasable","13":"product-type-simple","14":"entry","15":"content-bg","16":"loop-entry"},"acf":[],"taxonomy_info":{"product_cat":[{"value":99,"label":"Bitumen Tanker Trailer"}]},"featured_image_src_large":["https:\/\/www.pandamech.com\/wp-content\/uploads\/2022\/08\/2-57-500x500.jpg",500,500,true],"author_info":[],"comment_info":"","_links":{"self":[{"href":"https:\/\/www.pandamech.com\/spanish\/wp-json\/wp\/v2\/product\/21317","targetHints":{"allow":["GET"]}}],"collection":[{"href":"https:\/\/www.pandamech.com\/spanish\/wp-json\/wp\/v2\/product"}],"about":[{"href":"https:\/\/www.pandamech.com\/spanish\/wp-json\/wp\/v2\/types\/product"}],"version-history":[{"count":1,"href":"https:\/\/www.pandamech.com\/spanish\/wp-json\/wp\/v2\/product\/21317\/revisions"}],"predecessor-version":[{"id":91432,"href":"https:\/\/www.pandamech.com\/spanish\/wp-json\/wp\/v2\/product\/21317\/revisions\/91432"}],"wp:featuredmedia":[{"embeddable":true,"href":"https:\/\/www.pandamech.com\/spanish\/wp-json\/wp\/v2\/media\/57768"}],"wp:attachment":[{"href":"https:\/\/www.pandamech.com\/spanish\/wp-json\/wp\/v2\/media?parent=21317"}],"wp:term":[{"taxonomy":"product_brand","embeddable":true,"href":"https:\/\/www.pandamech.com\/spanish\/wp-json\/wp\/v2\/product_brand?post=21317"},{"taxonomy":"product_cat","embeddable":true,"href":"https:\/\/www.pandamech.com\/spanish\/wp-json\/wp\/v2\/product_cat?post=21317"},{"taxonomy":"product_tag","embeddable":true,"href":"https:\/\/www.pandamech.com\/spanish\/wp-json\/wp\/v2\/product_tag?post=21317"}],"curies":[{"name":"wp","href":"https:\/\/api.w.org\/{rel}","templated":true}]}}