{"id":21316,"date":"2025-12-05T11:42:21","date_gmt":"2025-12-05T03:42:21","guid":{"rendered":"http:\/\/pandamech.com\/?post_type=product&#038;p=21316"},"modified":"2025-12-10T16:44:52","modified_gmt":"2025-12-10T08:44:52","slug":"20ft-skeletal-semi-trailer","status":"publish","type":"product","link":"https:\/\/www.pandamech.com\/spanish\/product\/20ft-skeletal-semi-trailer\/","title":{"rendered":"2 Eje 20Ft Esqueleto Remolque para la Venta"},"content":{"rendered":"<p data-start=\"739\" data-end=\"1028\">Un remolque esqueleto de 20 pies (tambi\u00e9n llamado remolque chasis esqueleto de 20 pies o remolque chasis contenedor de 20 pies) es un simple bastidor de acero con cierres giratorios ISO para transportar un contenedor de 20 pies o dos contenedores de 10 pies. <strong data-start=\"2144\" data-end=\"2158\">Panda Mech<\/strong> dise\u00f1a remolques esquel\u00e9ticos de 20 pies para lanzaderas portuarias, dep\u00f3sitos ICD y transporte regional de contenedores, apoyando el transporte multimodal por carretera, ferrocarril y mar.<\/p>\n<p data-start=\"739\" data-end=\"1028\">Panda Mech tambi\u00e9n dispone de opciones de chasis esquel\u00e9ticos m\u00e1s largos (40 pies \/ 45 pies \/ 48 pies) para los clientes que necesitan flotas mixtas.<\/p>\n<h2>Im\u00e1genes de semirremolques esquel\u00e9ticos de 20 pies<\/h2>\n<p><img fetchpriority=\"high\" decoding=\"async\" class=\"alignnone wp-image-20771 size-full\" src=\"https:\/\/pandamech.com\/wp-content\/uploads\/2021\/09\/1afff355ae.jpg\" alt=\"Remolque esqueleto de 2 ejes\" width=\"800\" height=\"533\" title=\"\"><\/p>\n<p>20FT esqueleto semirremolques para la venta<\/p>\n<p><img decoding=\"async\" class=\"alignnone size-full wp-image-51387\" src=\"https:\/\/pandamech.com\/wp-content\/uploads\/2022\/01\/20ft-skeletal-semi-trailer-2023-09-21_167822.jpg\" alt=\"Semirremolque esqueleto de 20 pies\" width=\"800\" height=\"533\" title=\"\"><\/p>\n<p>20ft esqueleto semirremolques de camiones para la venta<\/p>\n<h2>V\u00eddeo del remolque esquel\u00e9tico de 20 pies<\/h2>\n<p><iframe style=\"width: 800px;\" src=\"https:\/\/www.youtube.com\/embed\/0O_htxsvX1A?rel=0\" height=\"533\" frameborder=\"0\" allowfullscreen=\"allowfullscreen\"><\/iframe><\/p>\n<h2>Especificaciones del remolque esquel\u00e9tico de 20 pies<\/h2>\n<p>El remolque esquel\u00e9tico est\u00e1ndar de 20 pies de <strong data-start=\"2912\" data-end=\"2926\">Panda Mech<\/strong> est\u00e1 construido sobre una plataforma compacta de 7.500\u00d72.500\u00d71.550 mm. A continuaci\u00f3n se detallan las principales dimensiones y especificaciones del chasis esqueleto de 20 pies.<\/p>\n<table style=\"width: 800px;\" border=\"1\" cellspacing=\"1\" cellpadding=\"1\">\n<tbody>\n<tr>\n<td width=\"208\" height=\"32\">Dimensi\u00f3n<\/td>\n<td width=\"457\">7500*2500*1550mm<\/td>\n<\/tr>\n<tr>\n<td height=\"32\">Altura del remolque esquel\u00e9tico<\/td>\n<td>1550 mm<\/td>\n<\/tr>\n<tr>\n<td height=\"32\">Anchura<\/td>\n<td>2500mm<\/td>\n<\/tr>\n<tr>\n<td height=\"32\">Peso esquel\u00e9tico del remolque<\/td>\n<td>5600Kg<\/td>\n<\/tr>\n<tr>\n<td height=\"32\">Viga principal<\/td>\n<td>\u201cSecci\u00f3n \u201dI\" altura 500mm Material Q345\/T700<\/td>\n<\/tr>\n<tr>\n<td height=\"32\">Twist-Lock<\/td>\n<td>4\/8 set Norma ISO<\/td>\n<\/tr>\n<tr>\n<td height=\"32\">Suspensi\u00f3n<\/td>\n<td>Mec\u00e1nica \/ Aire \/ Bogie<\/td>\n<\/tr>\n<tr>\n<td height=\"32\">Eje<\/td>\n<td>2 ejes BPW\/FUWA\/PDME, etc.<\/td>\n<\/tr>\n<tr>\n<td height=\"32\">Llanta<\/td>\n<td>8\/12 piezas 9,0-22,5 Acero\/Aluminio<\/td>\n<\/tr>\n<tr>\n<td height=\"32\">Neum\u00e1tico<\/td>\n<td>8\/12 piezas 12R22.5 Bridgestone\/Triangle\/Linglong etc.<\/td>\n<\/tr>\n<tr>\n<td height=\"32\">V\u00e1lvula de freno<\/td>\n<td>WABCO<\/td>\n<\/tr>\n<tr>\n<td height=\"32\">C\u00e1mara de frenado<\/td>\n<td>4\/6 juegos T30\/30<\/td>\n<\/tr>\n<tr>\n<td height=\"32\">Dep\u00f3sito de aire<\/td>\n<td>28L<\/td>\n<\/tr>\n<tr>\n<td height=\"32\">Tubo de freno<\/td>\n<td>Tubo de alambre de nailon<\/td>\n<\/tr>\n<tr>\n<td height=\"32\">Tren de aterrizaje<\/td>\n<td>28T Elevaci\u00f3n JOST\/YAHUA<\/td>\n<\/tr>\n<tr>\n<td height=\"32\">Kingpin<\/td>\n<td>2\u2033(50mm)\/3.5\u2033(90mm) Tipo de atornillado JOST<\/td>\n<\/tr>\n<tr>\n<td height=\"32\">Luces<\/td>\n<td>12v\/24v LED estancos<\/td>\n<\/tr>\n<tr>\n<td height=\"32\">Color<\/td>\n<td>Personalizado<\/td>\n<\/tr>\n<tr>\n<td height=\"32\"><a href=\"\/spanish\/contact-us\/\">Obtener \u00faltimo presupuesto<\/a><u><\/u><\/td>\n<td><u><a href=\"\/spanish\/contact-us\/\">Obtener presupuesto<\/a><\/u><\/td>\n<\/tr>\n<\/tbody>\n<\/table>\n<p>Estas dimensiones son valores t\u00edpicos. Los ingenieros de Panda Mech pueden ajustar la distancia entre ejes, la posici\u00f3n del pivote y la longitud total para adaptarse a la normativa local y a la flota de tractores.<\/p>\n<h2>Capacidad del chasis esquel\u00e9tico de 20 pies y opciones de ejes<\/h2>\n<p data-start=\"3509\" data-end=\"3830\">Un remolque esqueleto de 20 pies t\u00edpico de Panda Mech tiene una tara de unas 5,6 toneladas y una capacidad de carga \u00fatil de 25-35 toneladas, dependiendo de las leyes locales de circulaci\u00f3n y de las especificaciones de los ejes. La configuraci\u00f3n est\u00e1ndar es un chasis esqueleto de 2 ejes, que ofrece el mejor equilibrio entre tara, maniobrabilidad y coste para carriles de 20 pies.<\/p>\n<p data-start=\"3837\" data-end=\"4041\">Para proyectos especiales, Panda Mech tambi\u00e9n puede dise\u00f1ar chasis esquel\u00e9ticos de 3 ejes y 20 pies, versiones de alta resistencia con vigas m\u00e1s gruesas y diferentes tama\u00f1os de neum\u00e1ticos para adaptarse a rutas con restricciones de peso o a normativas portuarias.<\/p>\n<h2>Aplicaci\u00f3n del remolque esqueleto de 20 pies:<\/h2>\n<p>El semirremolque esqueleto se utiliza generalmente en puertos, barcos, carreteras, rutas, puentes, t\u00faneles, estaciones de transferencia, apoyando los sistemas log\u00edsticos de transporte multimodal.<\/p>\n<p>El remolque esqueleto se utiliza principalmente para el transporte de media y larga distancia y se utiliza generalmente para el transporte de contenedores. Seg\u00fan sus necesidades, proporcionamos de 4 a 14 juegos de cerraduras.<\/p>\n<h2>20ft Skeletal Trailer Precio (Directo de f\u00e1brica Panda Mech)<\/h2>\n<p data-start=\"4407\" data-end=\"4704\">Como fabricante directo de f\u00e1brica, Panda Mech ofrece precios competitivos de remolques esquel\u00e9ticos de 20 pies. El rango t\u00edpico de precios de f\u00e1brica es de US$6.900-12.600 por unidad, dependiendo del grosor del acero, las marcas de ejes y neum\u00e1ticos, el tipo de suspensi\u00f3n (mec\u00e1nica o neum\u00e1tica) y opciones como ABS\/EBS y cajas de herramientas.<\/p>\n<p data-start=\"4711\" data-end=\"4948\">Si necesita remolques esqueleto de 20 pies de bajo coste para comprar al por mayor, Panda Mech puede dise\u00f1ar una especificaci\u00f3n que equilibre el precio inicial, la durabilidad y el coste total de propiedad. P\u00f3ngase en contacto con nuestro equipo de ventas para obtener un presupuesto detallado y planos.<\/p>\n<h2>Caracter\u00edstica de 20Ft Esqueleto Remolque:<\/h2>\n<p><strong>Viga principal:<\/strong><\/p>\n<p>Material de acero de alta resistencia Q345 o T700 soldado por arco sumergido<\/p>\n<p><strong>Twist Lock:<\/strong><\/p>\n<p>Cerradura est\u00e1ndar ISO apta para contenedores de todo el mundo, interruptor de protecci\u00f3n adicional para evitar errores de funcionamiento<\/p>\n<p><strong>Kingpin:<\/strong><\/p>\n<p>Tipo de atornillado marca JOST, posibilidad de cambio entre 2\u201d o 3,5\u2033.<\/p>\n<p><strong>Eje:\u00a0<\/strong><\/p>\n<p>Las marcas BPW, FUWA y PD admiten opcionalmente un funcionamiento m\u00e1s prolongado sin mantenimiento<\/p>\n<p><strong>Neum\u00e1tico:<\/strong><\/p>\n<p>Neum\u00e1tico de marca famosa opcional, tama\u00f1o personalizado<\/p>\n<p><strong>Llanta:<\/strong><\/p>\n<p>Llanta de acero o aluminio de calidad personalizada<\/p>\n<p><strong>Suspensi\u00f3n:\u00a0<\/strong><\/p>\n<p>Suspensi\u00f3n mec\u00e1nica de alta resistencia con muelle de calidad ecualizador<\/p>\n<p><strong>Sistema de frenos:<\/strong><\/p>\n<p>Sistema de freno neum\u00e1tico de doble l\u00ednea, c\u00e1mara T30\/30 y v\u00e1lvula de emergencia de rel\u00e9 WABCO, ABS y sistema EBS opcionales<\/p>\n<p><strong>Tubo de freno:<\/strong><\/p>\n<p>Tubo de alambre de nylon m\u00e1s seguridad para el frenado de alta presi\u00f3n<\/p>\n<h2>\u00bfPor qu\u00e9 elegir Panda Mech como su fabricante de remolques esquel\u00e9ticos de 20 pies?<\/h2>\n<ul>\n<li data-start=\"5347\" data-end=\"5520\">\n<p data-start=\"5349\" data-end=\"5520\"><strong data-start=\"5349\" data-end=\"5382\">Fabricante homologado<\/strong> \u2013 <strong data-start=\"5385\" data-end=\"5399\">Panda Mech<\/strong> es una f\u00e1brica de semirremolques aprobada por el MIIT de China con m\u00e1s de 20 a\u00f1os de experiencia en chasis de contenedores y remolques esquel\u00e9ticos.<\/p>\n<\/li>\n<li data-start=\"5521\" data-end=\"5752\">\n<p data-start=\"5523\" data-end=\"5752\"><strong data-start=\"5523\" data-end=\"5550\">Probado en flotas de todo el mundo<\/strong> - Remolques esquel\u00e9ticos de 20 pies de <strong data-start=\"5581\" data-end=\"5595\">Panda Mech<\/strong> trabajan en el Sudeste Asi\u00e1tico, Oriente Medio, \u00c1frica y Sudam\u00e9rica (Filipinas, Tanzania, Nigeria, etc.), ocup\u00e1ndose diariamente de las operaciones portuarias y de dep\u00f3sito.<\/p>\n<\/li>\n<li data-start=\"5753\" data-end=\"5915\">\n<p data-start=\"5755\" data-end=\"5915\"><strong data-start=\"5755\" data-end=\"5788\">Ingenier\u00eda y control de calidad<\/strong> - Dise\u00f1o en 3D, an\u00e1lisis de elementos finitos e inspecci\u00f3n en varios pasos de soldaduras, dimensiones y rendimiento de frenado antes del env\u00edo.<\/p>\n<\/li>\n<li data-start=\"5916\" data-end=\"6093\">\n<p data-start=\"5918\" data-end=\"6093\"><strong data-start=\"5918\" data-end=\"5950\">Exportaci\u00f3n y asistencia posventa<\/strong> \u2013 <strong data-start=\"5953\" data-end=\"5967\">Panda Mech<\/strong> le ayuda con la inspecci\u00f3n CO, SGS\/BV y los documentos aduaneros, y ofrece asistencia t\u00e9cnica a distancia para sus conductores y mec\u00e1nicos.<u style=\"letter-spacing: 0.015em;\"><\/u><\/p>\n<\/li>\n<\/ul>\n<p><a href=\"\/spanish\/contact-us\/\" rel=\"nofollow\"><img decoding=\"async\" src=\"https:\/\/pandamech.com\/wp-content\/uploads\/u_file\/db8ce19fe3.jpg\" alt=\"Chasis de contenedor de 40 pies\" title=\"\"><\/a><\/p>\n<p>Si tiene alg\u00fan problema t\u00e9cnico, env\u00ede un correo electr\u00f3nico directamente a sales@pandamech.com. Nuestros ingenieros te responder\u00e1n lo antes posible tras recibirlo.<\/p>\n<p>Si desea obtener una cotizaci\u00f3n para los semirremolques esquel\u00e9ticos de 20 pies, por favor deje su Whatsapp y correo electr\u00f3nico directamente a continuaci\u00f3n, o env\u00edenos un mensaje, nuestro personal de ventas se pondr\u00e1 en contacto con usted lo antes posible.<\/p>\n<h2>FAQ<\/h2>\n<h3>\u00bfVenden remolques esqueleto de 20 pies nuevos o usados?<\/h3>\n<p><strong data-start=\"6602\" data-end=\"6616\">Panda Mech<\/strong> s\u00f3lo suministra remolques esquel\u00e9ticos nuevos de 20 pies construidos en nuestra propia f\u00e1brica. Si est\u00e1 sustituyendo remolques esquel\u00e9ticos usados en el Reino Unido, la UE, \u00c1frica o Asia, nuestros ingenieros pueden adaptar la altura del pivote, la distancia entre ejes y la separaci\u00f3n entre ejes para que funcionen sin problemas con sus camiones y equipos de patio existentes.<\/p>\n<h3>\u00bfPuede Panda Mech personalizar el chasis esqueleto de 20 pies para las normas de mi pa\u00eds?<\/h3>\n<p><strong data-start=\"0\" data-end=\"99\">S\u00ed, Panda Mech puede personalizar completamente un chasis esqueleto de 20 pies para cumplir la normativa de su pa\u00eds.<\/strong><br data-start=\"99\" data-end=\"102\" \/>Podemos ajustar la distancia entre ejes, la posici\u00f3n del pivote, la longitud\/anchura total, el tipo de suspensi\u00f3n, el sistema de frenos, la iluminaci\u00f3n y la capacidad de carga de acuerdo con la legislaci\u00f3n vial y los requisitos del puerto\/terminal, y proporcionar planos y hojas de datos t\u00e9cnicos para su aprobaci\u00f3n antes de la producci\u00f3n.<\/p>\n<h3>\u00bfCu\u00e1nto pesa un remolque esqueleto de 6 metros?<\/h3>\n<p><strong>Un remolque esqueleto t\u00edpico de 20 pies pesa entre 3,5 y 5,0 toneladas de tara.<\/strong> El peso exacto en vac\u00edo depende del dise\u00f1o de la viga, el grado de acero, la configuraci\u00f3n del eje y la suspensi\u00f3n y los accesorios opcionales, como cajas de herramientas, soportes de rueda de repuesto y cierres giratorios adicionales. Panda Mech puede optimizar el peso del chasis manteniendo la resistencia estructural y la capacidad legal requeridas.<\/p>","protected":false},"excerpt":{"rendered":"<p>Tipo: Semirremolque esqueleto de 20 pies<\/p>\n<p>Gama de precios: $6,900-12,600<\/p>\n<p>Entrega: 7-23 d\u00edas<\/p>\n<p>Aplicaci\u00f3n: transporte de contenedores de 1*20 pies o 2*10 pies.<\/p>\n<p>Material: acero al carbono de alta resistencia<\/p>","protected":false},"featured_media":57833,"template":"","meta":{"_acf_changed":false,"_kad_blocks_custom_css":"","_kad_blocks_head_custom_js":"","_kad_blocks_body_custom_js":"","_kad_blocks_footer_custom_js":"","_kad_post_transparent":"default","_kad_post_title":"","_kad_post_layout":"default","_kad_post_sidebar_id":"","_kad_post_content_style":"default","_kad_post_vertical_padding":"default","_kad_post_feature":"","_kad_post_feature_position":"","_kad_post_header":false,"_kad_post_footer":false,"_kad_post_classname":""},"product_brand":[],"product_cat":[164],"product_tag":[],"class_list":{"0":"post-21316","1":"product","2":"type-product","3":"status-publish","4":"has-post-thumbnail","6":"product_cat-skeletal-trailer","8":"first","9":"instock","10":"sold-individually","11":"shipping-taxable","12":"purchasable","13":"product-type-simple","14":"entry","15":"content-bg","16":"loop-entry"},"acf":[],"taxonomy_info":{"product_cat":[{"value":164,"label":"Skeletal Trailer"}]},"featured_image_src_large":["https:\/\/www.pandamech.com\/wp-content\/uploads\/2022\/08\/3-500x500.jpg",500,500,true],"author_info":[],"comment_info":"","_links":{"self":[{"href":"https:\/\/www.pandamech.com\/spanish\/wp-json\/wp\/v2\/product\/21316","targetHints":{"allow":["GET"]}}],"collection":[{"href":"https:\/\/www.pandamech.com\/spanish\/wp-json\/wp\/v2\/product"}],"about":[{"href":"https:\/\/www.pandamech.com\/spanish\/wp-json\/wp\/v2\/types\/product"}],"version-history":[{"count":3,"href":"https:\/\/www.pandamech.com\/spanish\/wp-json\/wp\/v2\/product\/21316\/revisions"}],"predecessor-version":[{"id":92452,"href":"https:\/\/www.pandamech.com\/spanish\/wp-json\/wp\/v2\/product\/21316\/revisions\/92452"}],"wp:featuredmedia":[{"embeddable":true,"href":"https:\/\/www.pandamech.com\/spanish\/wp-json\/wp\/v2\/media\/57833"}],"wp:attachment":[{"href":"https:\/\/www.pandamech.com\/spanish\/wp-json\/wp\/v2\/media?parent=21316"}],"wp:term":[{"taxonomy":"product_brand","embeddable":true,"href":"https:\/\/www.pandamech.com\/spanish\/wp-json\/wp\/v2\/product_brand?post=21316"},{"taxonomy":"product_cat","embeddable":true,"href":"https:\/\/www.pandamech.com\/spanish\/wp-json\/wp\/v2\/product_cat?post=21316"},{"taxonomy":"product_tag","embeddable":true,"href":"https:\/\/www.pandamech.com\/spanish\/wp-json\/wp\/v2\/product_tag?post=21316"}],"curies":[{"name":"wp","href":"https:\/\/api.w.org\/{rel}","templated":true}]}}