{"id":21289,"date":"2022-05-25T19:01:59","date_gmt":"2022-05-25T11:01:59","guid":{"rendered":"http:\/\/pandamech.com\/?post_type=product&#038;p=21289"},"modified":"2026-01-20T17:58:35","modified_gmt":"2026-01-20T09:58:35","slug":"85-ton-cement-bulker-trailers-price","status":"publish","type":"product","link":"https:\/\/www.pandamech.com\/spanish\/product\/85-ton-cement-bulker-trailers-price\/","title":{"rendered":"Remolques para cemento de 85 toneladas"},"content":{"rendered":"<p>El bulker del cemento se utiliza para transportar el cemento a granel seco, el polvo de la cal, la arena y los diversos materiales a granel del polvo con el di\u00e1metro \u2264 0.1m m. el remolque del cemento se utiliza principalmente para transportar el cemento, el petrolero del cemento ha mejorado grandemente la eficacia del transporte del cemento, ahorrando coste y aumentando r\u00e9dito. bulker del cemento en t\u00e9rminos de cargamento y de descarga La operaci\u00f3n es muy simple, y usted puede comenzar a trabajar despu\u00e9s del entrenamiento simple.<\/p>\n<p>Remolque de cemento 70\/75 m3 capacidad 85 toneladas.<\/p>\n<h2>Caracter\u00edsticas del granelero de cemento<\/h2>\n<p>El mejor acero en bruto: El cuerpo del dep\u00f3sito y la construcci\u00f3n de acero de alta resistencia YP \u2265 620 garantizan una vida \u00fatil m\u00e1s larga y un peso m\u00e1s ligero.<\/p>\n<p>Soldadura de calidad:  Un buen acero con soldadura de calidad respalda una garant\u00eda m\u00e1s prolongada para 85 ton. <span style=\"color: #0000ff;\"><a style=\"color: #0000ff;\" href=\"https:\/\/www.pandamech.com\/spanish\/product\/bulk-cement-carrier-for-sale-html\/\" target=\"_blank\" rel=\"noopener\">remolque granelero de cemento<\/a><\/span>.<\/p>\n<p>Pintura duradera: Todo el veh\u00edculo Shot blasting base limpia para la pintura, dos veces imprimaci\u00f3n apoyo m\u00e1s larga vida de la pintura.<\/p>\n<p>Dise\u00f1o: el dibujo en 3D con Ansys e Hypermesh Analyze favorece un buen dise\u00f1o.<\/p>\n<p style=\"text-align: center;\"><a class=\"product_button\" href=\"#elementor-action%3Aaction%3Dpopup%3Aopen%26settings%3DeyJpZCI6Ijk5MDciLCJ0b2dnbGUiOmZhbHNlfQ%3D%3D\">Haga clic para m\u00e1s detalles<\/a><\/p>\n<h2>V\u00eddeo de un cami\u00f3n hormigonera de 85 toneladas<\/h2>\n<p><iframe title=\"Reproductor de v\u00eddeo YouTube\" src=\"https:\/\/www.youtube.com\/embed\/XwY8Ep3h9OM\" width=\"800\" height=\"533\" frameborder=\"0\" allowfullscreen=\"allowfullscreen\"><span data-mce-type=\"bookmark\" style=\"display: inline-block; width: 0px; overflow: hidden; line-height: 0;\" class=\"mce_SELRES_start\"><\/span><span data-mce-type=\"bookmark\" style=\"display: inline-block; width: 0px; overflow: hidden; line-height: 0;\" class=\"mce_SELRES_start\"><\/span><\/iframe><\/p>\n<h2>Especificaci\u00f3n de un granelero de cemento de 85 toneladas<\/h2>\n<table style=\"width: 800px;\" border=\"1\" cellspacing=\"1\" cellpadding=\"1\">\n<tbody>\n<tr>\n<td width=\"221\" height=\"40\">Marca<\/td>\n<td width=\"515\">PANDA Mech 70 cbm 85 toneladas de cemento cami\u00f3n cisterna remolque<\/td>\n<\/tr>\n<tr>\n<td width=\"221\" height=\"40\">Volumen<\/td>\n<td width=\"515\">70 cm3<\/td>\n<\/tr>\n<tr>\n<td width=\"221\" height=\"40\">Capacidad de los buques cisterna de cemento a granel<\/td>\n<td width=\"515\">80 toneladas, 85 toneladas<\/td>\n<\/tr>\n<tr>\n<td width=\"221\" height=\"40\">Motor<\/td>\n<td width=\"515\">WeiCai Deutz diesel moto<\/td>\n<\/tr>\n<tr>\n<td width=\"221\" height=\"40\">Compresor<\/td>\n<td width=\"515\">SK 12m3<\/td>\n<\/tr>\n<tr>\n<td width=\"221\" height=\"40\">Tapa de alcantarilla<\/td>\n<td width=\"515\">De 2 a 4 juegos de 700 mm de di\u00e1metro<\/td>\n<\/tr>\n<tr>\n<td width=\"221\" height=\"40\">V\u00e1lvula de descarga<\/td>\n<td width=\"515\">V\u00e1lvula de disco de 4<\/td>\n<\/tr>\n<tr>\n<td width=\"221\" height=\"40\">Dimensi\u00f3n<\/td>\n<td>14000*2500*3950 mm<\/td>\n<\/tr>\n<tr>\n<td width=\"221\" height=\"40\">Suspensi\u00f3n<\/td>\n<td width=\"515\">Suspensi\u00f3n mec\u00e1nica o neum\u00e1tica<\/td>\n<\/tr>\n<tr>\n<td width=\"221\" height=\"40\">Eje de remolque a granel<\/td>\n<td width=\"515\">3 ejes, de 1 a 4 juegos, ejes de 13,16,20 toneladas, BPW o SAF<\/td>\n<\/tr>\n<tr>\n<td width=\"221\" height=\"40\">Neum\u00e1tico<\/td>\n<td width=\"515\">12R22.5, 385\/65R22.5, 13R22.5, 12.00R24, 315\/80R22.5<\/td>\n<\/tr>\n<tr>\n<td width=\"221\" height=\"40\">Alfiler de rey<\/td>\n<td width=\"515\">Tipo desmontable JOST 2\u2033 o 3,5<\/td>\n<\/tr>\n<tr>\n<td width=\"221\" height=\"76\">Piezas<\/td>\n<td width=\"515\">Pasamanos neum\u00e1tico, Motor de marca famosa, Eje, Neum\u00e1tico, Alambres impermeables, Tubo semim\u00e9trico, V\u00e1lvulas, V\u00e1lvula de escape, Bolsa de aire interior, Tren de aterrizaje, Dispositivo de rociado de agua, Protector lateral y caja de herramientas, Tapa de alcantarilla, Soplador neum\u00e1tico de remolque.<\/td>\n<\/tr>\n<\/tbody>\n<\/table>\n<p style=\"text-align: center;\"><a class=\"product_button\" href=\"#elementor-action%3Aaction%3Dpopup%3Aopen%26settings%3DeyJpZCI6Ijk5MDciLCJ0b2dnbGUiOmZhbHNlfQ%3D%3D\">Haga clic para m\u00e1s detalles<\/a><\/p>\n<h2>Plano de un granelero de cemento de 85 toneladas<\/h2>\n<p><img fetchpriority=\"high\" decoding=\"async\" class=\"alignnone\" style=\"width: 800px;\" src=\"https:\/\/pandamech.com\/wp-content\/uploads\/2022\/06\/85ton-cement-bulker-drawing.jpg\" alt=\"Dibujo de semirremolque cisterna de cemento a granel de 85 t\" width=\"800\" height=\"558\" title=\"\"><\/p>\n<p>dibujo de remolque cisterna de cemento a granel de 85 toneladas<\/p>\n<h2>Im\u00e1genes de camiones cisterna de cemento de 80-85 toneladas<\/h2>\n<p><img decoding=\"async\" class=\"wp-image-57485 size-full\" src=\"https:\/\/www.pandamech.com\/wp-content\/uploads\/2022\/06\/85-ton-cement-bulker-trailers-for-sale-6.jpg\" alt=\"Venta de remolques de cemento de 85 toneladas 6\" width=\"800\" height=\"533\" title=\"\" srcset=\"https:\/\/www.pandamech.com\/wp-content\/uploads\/2022\/06\/85-ton-cement-bulker-trailers-for-sale-6.jpg 800w, https:\/\/www.pandamech.com\/wp-content\/uploads\/2022\/06\/85-ton-cement-bulker-trailers-for-sale-6-300x200.jpg 300w, https:\/\/www.pandamech.com\/wp-content\/uploads\/2022\/06\/85-ton-cement-bulker-trailers-for-sale-6-500x333.jpg 500w, https:\/\/www.pandamech.com\/wp-content\/uploads\/2022\/06\/85-ton-cement-bulker-trailers-for-sale-6-18x12.jpg 18w\" sizes=\"(max-width: 800px) 100vw, 800px\" \/><\/p>\n<p>85 toneladas de cemento remolque cisterna para la venta<\/p>\n<p><img decoding=\"async\" class=\"size-full wp-image-57486\" src=\"https:\/\/www.pandamech.com\/wp-content\/uploads\/2022\/06\/85-ton-cement-bulker-trailers-for-sale-7.jpg\" alt=\"Venta de remolques de cemento de 85 toneladas 7\" width=\"800\" height=\"533\" title=\"\" srcset=\"https:\/\/www.pandamech.com\/wp-content\/uploads\/2022\/06\/85-ton-cement-bulker-trailers-for-sale-7.jpg 800w, https:\/\/www.pandamech.com\/wp-content\/uploads\/2022\/06\/85-ton-cement-bulker-trailers-for-sale-7-300x200.jpg 300w, https:\/\/www.pandamech.com\/wp-content\/uploads\/2022\/06\/85-ton-cement-bulker-trailers-for-sale-7-500x333.jpg 500w, https:\/\/www.pandamech.com\/wp-content\/uploads\/2022\/06\/85-ton-cement-bulker-trailers-for-sale-7-18x12.jpg 18w\" sizes=\"(max-width: 800px) 100vw, 800px\" \/><\/p>\n<p>85 toneladas de cemento a granel seco remolques cisterna para la venta<\/p>\n<p><img loading=\"lazy\" decoding=\"async\" class=\"alignnone wp-image-21362 size-full\" src=\"https:\/\/pandamech.com\/wp-content\/uploads\/2022\/07\/cement-bulker-parts.jpg\" alt=\"remolque cisterna para cenizas volantes de 85 toneladas\" width=\"800\" height=\"533\" title=\"\"><\/p>\n<p>Piezas de cami\u00f3n hormigonera de 85 toneladas<\/p>\n<p>Relacionado: <span style=\"color: #0000ff;\"><a style=\"color: #0000ff;\" href=\"https:\/\/www.pandamech.com\/product\/3-axle-55-ton-cement-bulker-trailer\/\" target=\"_blank\" rel=\"noopener\">remolque para cemento de 55 toneladas<\/a><\/span><\/p>\n<p style=\"text-align: center;\"><a class=\"product_button\" href=\"#elementor-action%3Aaction%3Dpopup%3Aopen%26settings%3DeyJpZCI6Ijk5MDciLCJ0b2dnbGUiOmZhbHNlfQ%3D%3D\">Obtenga un presupuesto instant\u00e1neo<\/a><\/p>\n<h2>Transporte mar\u00edtimo<\/h2>\n<p>Encargaremos el Freightliner e inspeccionaremos el espect\u00e1culo antes de finalizar la producci\u00f3n. El remolque inspeccionado se le enviar\u00e1 de acuerdo con el \u00faltimo plazo de env\u00edo.<\/p>\n<p>Para evitar que la pintura del <span style=\"color: #0000ff;\"><a style=\"color: #0000ff;\" href=\"https:\/\/www.pandamech.com\/spanish\/category\/pneumatic-trailer\/cement-tanker\/\" target=\"_blank\" rel=\"noopener\">remolque de transporte de cemento y arena<\/a><\/span> de ser corro\u00eddo por el agua de mar, rociaremos una capa de cera en la superficie del <span style=\"color: #0000ff;\"><a style=\"color: #0000ff;\" href=\"https:\/\/www.pandamech.com\/spanish\/product\/bulk-powder-tanker-p00149p1-html\/\" target=\"_blank\" rel=\"noopener\">cisterna de polvo<\/a><\/span> remolque del silo antes del transporte.<\/p>\n<p>Envolveremos todos los motores di\u00e9sel de los remolques de transporte de cemento con tela impermeable.<\/p>\n<p><img loading=\"lazy\" decoding=\"async\" class=\"alignnone wp-image-21359 size-full\" src=\"https:\/\/pandamech.com\/wp-content\/uploads\/2022\/07\/85-ton-cement-bulker-trailers-for-sale.jpg\" alt=\"Transporte de remolques neum\u00e1ticos de 85 toneladas\" width=\"800\" height=\"533\" title=\"\"><\/p>\n<p><img loading=\"lazy\" decoding=\"async\" class=\"alignnone\" src=\"https:\/\/pandamech.com\/wp-content\/uploads\/2022\/07\/sea-transportation.jpg\" alt=\"Transporte mar\u00edtimo de remolques para silos de cemento\" width=\"649\" height=\"768\" title=\"\"><\/p>\n<h2>Panda Mech<\/h2>\n<p>Panda Mech es un fabricante de 85 toneladas de cemento bulker de China. Suministramos 85 toneladas de <a href=\"https:\/\/www.pandamech.com\/spanish\/category\/pneumatic-trailer\/cement-tanker\/\" target=\"_blank\" rel=\"noopener\"><span style=\"color: #0000ff;\">remolques para camiones hormigonera<\/span><\/a> a la venta. Panda Mech fabricantes han tenido \u00e9xito en el sudeste de Asia, Oriente Medio, \u00c1frica y Am\u00e9rica del Sur, como Filipinas, Tanzania, etc ...<\/p>","protected":false},"excerpt":{"rendered":"<p>Tipo: Buque de cemento de 3 ejes y 80 toneladas<\/p>\n<p>Gama de precios: $16.900-32.500<\/p>\n<p>Plazo de entrega: 7-25 d\u00edas<\/p>\n<p>Descarga m\u00e1s r\u00e1pida: &gt;1,5 toneladas\/min<\/p>\n<p>Aplicaci\u00f3n: transporte de cemento, part\u00edculas de PVC, cenizas volantes, materiales granulares, etc.<\/p>","protected":false},"featured_media":57817,"template":"","meta":{"_acf_changed":false,"_kad_blocks_custom_css":"","_kad_blocks_head_custom_js":"","_kad_blocks_body_custom_js":"","_kad_blocks_footer_custom_js":"","_kad_post_transparent":"default","_kad_post_title":"","_kad_post_layout":"default","_kad_post_sidebar_id":"","_kad_post_content_style":"default","_kad_post_vertical_padding":"default","_kad_post_feature":"","_kad_post_feature_position":"","_kad_post_header":false,"_kad_post_footer":false,"_kad_post_classname":""},"product_brand":[],"product_cat":[101],"product_tag":[],"class_list":{"0":"post-21289","1":"product","2":"type-product","3":"status-publish","4":"has-post-thumbnail","6":"product_cat-cement-tanker","8":"first","9":"instock","10":"sold-individually","11":"shipping-taxable","12":"purchasable","13":"product-type-simple","14":"entry","15":"content-bg","16":"loop-entry"},"acf":[],"taxonomy_info":{"product_cat":[{"value":101,"label":"Cement Tanker For Sale"}]},"featured_image_src_large":["https:\/\/www.pandamech.com\/wp-content\/uploads\/2022\/08\/3-85-ton-cement-bulker-1-500x500.jpg",500,500,true],"author_info":[],"comment_info":"","_links":{"self":[{"href":"https:\/\/www.pandamech.com\/spanish\/wp-json\/wp\/v2\/product\/21289","targetHints":{"allow":["GET"]}}],"collection":[{"href":"https:\/\/www.pandamech.com\/spanish\/wp-json\/wp\/v2\/product"}],"about":[{"href":"https:\/\/www.pandamech.com\/spanish\/wp-json\/wp\/v2\/types\/product"}],"version-history":[{"count":2,"href":"https:\/\/www.pandamech.com\/spanish\/wp-json\/wp\/v2\/product\/21289\/revisions"}],"predecessor-version":[{"id":92539,"href":"https:\/\/www.pandamech.com\/spanish\/wp-json\/wp\/v2\/product\/21289\/revisions\/92539"}],"wp:featuredmedia":[{"embeddable":true,"href":"https:\/\/www.pandamech.com\/spanish\/wp-json\/wp\/v2\/media\/57817"}],"wp:attachment":[{"href":"https:\/\/www.pandamech.com\/spanish\/wp-json\/wp\/v2\/media?parent=21289"}],"wp:term":[{"taxonomy":"product_brand","embeddable":true,"href":"https:\/\/www.pandamech.com\/spanish\/wp-json\/wp\/v2\/product_brand?post=21289"},{"taxonomy":"product_cat","embeddable":true,"href":"https:\/\/www.pandamech.com\/spanish\/wp-json\/wp\/v2\/product_cat?post=21289"},{"taxonomy":"product_tag","embeddable":true,"href":"https:\/\/www.pandamech.com\/spanish\/wp-json\/wp\/v2\/product_tag?post=21289"}],"curies":[{"name":"wp","href":"https:\/\/api.w.org\/{rel}","templated":true}]}}