{"id":21283,"date":"2022-05-24T19:01:58","date_gmt":"2022-05-24T11:01:58","guid":{"rendered":"http:\/\/pandamech.com\/?post_type=product&#038;p=21283"},"modified":"2025-08-23T01:08:26","modified_gmt":"2025-08-22T17:08:26","slug":"48-ton-cement-tanker-p00103p1-html","status":"publish","type":"product","link":"https:\/\/www.pandamech.com\/spanish\/product\/48-ton-cement-tanker-p00103p1-html\/","title":{"rendered":"48 Ton Cami\u00f3n Cisterna de Cemento En Venta"},"content":{"rendered":"<p>El cami\u00f3n cisterna de cemento a granel de Panda Mech se utiliza ampliamente para transportar y almacenar cemento, carb\u00f3n en polvo, mortero seco, alimentos y productos qu\u00edmicos en polvo.<\/p>\n<p>El cami\u00f3n de cemento a granel mejora el transporte, reduce los costes de transporte y disminuye la contaminaci\u00f3n. Realiza la mecanizaci\u00f3n de la carga, el transporte, la descarga y el almacenamiento.<\/p>\n<h2>Cami\u00f3n cisterna de cemento<\/h2>\n<ul>\n<li>1. Mejor acero crudo: El cuerpo y la construcci\u00f3n de la cisterna del remolque del cami\u00f3n de transporte de cemento hechos de acero de alta resistencia YP \u2265 620 garantizan una vida \u00fatil m\u00e1s larga y un peso m\u00e1s ligero.<\/li>\n<li>2. Excelente rendimiento El dise\u00f1o \u00fanico garantiza una velocidad de descarga de 1,3t\/min, 30m de distancia de descarga vertical.<\/li>\n<li>3. Soldadura de calidad:  Un buen acero con soldadura de calidad respalda una garant\u00eda m\u00e1s prolongada para el remolque de transporte de carga seca a granel.<\/li>\n<li>4. Pintura duradera: Todo el veh\u00edculo Shot blasting base limpia para la pintura, dos veces imprimaci\u00f3n apoyo m\u00e1s larga vida de la pintura.<\/li>\n<li>5. Dise\u00f1o de cisterna para cemento a granel: dibujo 3D con Ansys e Hypermesh Analyze para un buen dise\u00f1o.<\/li>\n<\/ul>\n<p style=\"text-align: center;\"><a class=\"product_button\" href=\"#elementor-action%3Aaction%3Dpopup%3Aopen%26settings%3DeyJpZCI6Ijk5MDciLCJ0b2dnbGUiOmZhbHNlfQ%3D%3D\">Haga clic para m\u00e1s detalles<\/a><\/p>\n<h2>V\u00eddeo de un cami\u00f3n cisterna de cemento de 48 toneladas<\/h2>\n<div class=\"entry-content-asset videofit\"><iframe title=\"40m3 48ton cemento petrolero cisterna de polvo cisterna seca a granel remolque\" width=\"720\" height=\"405\" src=\"https:\/\/www.youtube.com\/embed\/BMhodcEWyz4?feature=oembed\" frameborder=\"0\" allow=\"accelerometer; autoplay; clipboard-write; encrypted-media; gyroscope; picture-in-picture; web-share\" allowfullscreen><\/iframe><\/div>\n<h2>Especificaci\u00f3n del cami\u00f3n cisterna de cemento de 48 toneladas<\/h2>\n<table style=\"width: 800px;\" border=\"1\" cellspacing=\"2\" cellpadding=\"1\">\n<tbody>\n<tr>\n<td width=\"227\" height=\"36\">\u00a0Marca<\/td>\n<td width=\"435\">\u00a0Remolque de transporte de cemento a granel Panda Mech<\/td>\n<\/tr>\n<tr>\n<td width=\"227\" height=\"36\">\u00a0Volumen<\/td>\n<td width=\"435\">\u00a040 m3 \/ metro c\u00fabico<\/td>\n<\/tr>\n<tr>\n<td width=\"227\" height=\"36\">\u00a0Capacidad<\/td>\n<td width=\"435\">\u00a048 toneladas<\/td>\n<\/tr>\n<tr>\n<td width=\"227\" height=\"36\">\u00a0Motor<\/td>\n<td width=\"435\">\u00a0WeiCai Deutz diesel moto<\/td>\n<\/tr>\n<tr>\n<td width=\"227\" height=\"36\">\u00a0V\u00e1lvula de descarga<\/td>\n<td width=\"435\">\u00a0V\u00e1lvula de disco de 4<\/td>\n<\/tr>\n<tr>\n<td width=\"227\" height=\"36\">\u00a0Material del cuerpo<\/td>\n<td width=\"435\">\u00a0Acero de alta resistencia de 5 mm o 6 mm<\/td>\n<\/tr>\n<tr>\n<td width=\"227\" height=\"36\">\u00a0Estructura<\/td>\n<td width=\"435\">\u00a0Q345 acero de alta resistencia<\/td>\n<\/tr>\n<tr>\n<td width=\"227\" height=\"36\">\u00a0Suspensi\u00f3n<\/td>\n<td width=\"435\">\u00a0Suspensi\u00f3n mec\u00e1nica, suspensi\u00f3n neum\u00e1tica<\/td>\n<\/tr>\n<tr>\n<td width=\"227\" height=\"36\">\u00a0Eje<\/td>\n<td width=\"435\">\u00a0De 1 a 4 juegos, ejes de 13,16,20 toneladas<\/td>\n<\/tr>\n<tr>\n<td width=\"227\" height=\"36\">\u00a0Neum\u00e1tico<\/td>\n<td width=\"435\">\u00a012R22.5, 385\/65R22.5, 13R22.5, 12.00R24, 315\/80R22.5<\/td>\n<\/tr>\n<tr>\n<td width=\"227\" height=\"36\">\u00a0Piezas de remolque cisterna de polvo<\/td>\n<td width=\"435\">\u00a0Barandilla neum\u00e1tica, Motor de marca famosa, Eje, Neum\u00e1tico, Alambres impermeables, Granallado, Pintura antioxidante de primera, Tuber\u00eda semim\u00e9trica, V\u00e1lvulas, V\u00e1lvula de escape, Airbag interior, Tren de aterrizaje, Dispositivo de rociado de agua, Protecci\u00f3n lateral y caja de herramientas, Tapa de registro, Soplador de aire neum\u00e1tico.<\/td>\n<\/tr>\n<\/tbody>\n<\/table>\n<p style=\"text-align: center;\"><a class=\"product_button\" href=\"#elementor-action%3Aaction%3Dpopup%3Aopen%26settings%3DeyJpZCI6Ijk5MDciLCJ0b2dnbGUiOmZhbHNlfQ%3D%3D\">Haga clic para m\u00e1s detalles<\/a><\/p>\n<h2>48 Ton cami\u00f3n cisterna de cemento im\u00e1genes<\/h2>\n<p><img fetchpriority=\"high\" decoding=\"async\" class=\"alignnone wp-image-22229 size-full\" src=\"https:\/\/pandamech.com\/wp-content\/uploads\/2021\/09\/7-11.jpg\" alt=\"48ton cami\u00f3n cisterna a granel remolque para la venta\" width=\"800\" height=\"533\" title=\"\"><\/p>\n<p>tri axle 48 ton bulk cement bulker for sale<\/p>\n<p><img decoding=\"async\" class=\"alignnone wp-image-22230 size-full\" src=\"https:\/\/pandamech.com\/wp-content\/uploads\/2021\/09\/8-8.jpg\" alt=\"48 toneladas de cemento cami\u00f3n para la venta\" width=\"800\" height=\"533\" title=\"\"><\/p>\n<p>48 toneladas China camiones cisterna de cemento para la venta<\/p>\n<p><img decoding=\"async\" class=\"alignnone wp-image-22231 size-full\" src=\"https:\/\/pandamech.com\/wp-content\/uploads\/2021\/09\/9-1.jpg\" alt=\"48 toneladas de cemento mezclador de remolques cisterna para la venta\" width=\"800\" height=\"533\" title=\"\"><\/p>\n<p>3 ejes 48 toneladas cami\u00f3n de transporte de cemento semirremolque<\/p>\n<p>Relacionado: <span style=\"color: #0000ff;\"><a style=\"color: #0000ff;\" href=\"https:\/\/www.pandamech.com\/spanish\/product\/2-axle-30-ton-bulk-cement-tanker-trailer\/\" target=\"_blank\" rel=\"noopener\">remolque cisterna de cemento de 30 toneladas<\/a><\/span>, <span style=\"color: #0000ff;\"><a style=\"color: #0000ff;\" href=\"https:\/\/www.pandamech.com\/spanish\/product\/50-ton-cement-bulk-trailer-for-sale\/\" target=\"_blank\" rel=\"noopener\">Cami\u00f3n de cemento a granel de 50 toneladas<\/a><\/span><\/p>\n<p style=\"text-align: center;\"><a class=\"product_button\" href=\"#elementor-action%3Aaction%3Dpopup%3Aopen%26settings%3DeyJpZCI6Ijk5MDciLCJ0b2dnbGUiOmZhbHNlfQ%3D%3D\">Obtenga un presupuesto instant\u00e1neo<\/a><\/p>\n<h2>Transporte mar\u00edtimo de cemento a granel cami\u00f3n cisterna<\/h2>\n<p>Realizaremos el pedido del Freightliner antes de que finalice la producci\u00f3n y lo inspeccionaremos una vez finalizada la exposici\u00f3n. El remolque neum\u00e1tico inspeccionado se le enviar\u00e1 de acuerdo con el \u00faltimo plazo de env\u00edo.<\/p>\n<p>Para evitar que el agua de mar corroa la pintura del remolque de transporte de cemento, rociaremos una capa de cera sobre la superficie del <span style=\"color: #0000ff;\"><a style=\"color: #0000ff;\" href=\"https:\/\/www.pandamech.com\/spanish\/product\/bulk-powder-tanker-p00149p1-html\/\" target=\"_blank\" rel=\"noopener\">cisterna de cal en polvo<\/a><\/span> antes del transporte.<\/p>\n<p>Envolveremos todos los motores di\u00e9sel del remolque granelero de cemento con tela impermeable.<\/p>\n<p><img loading=\"lazy\" decoding=\"async\" class=\"alignnone size-full wp-image-33094\" src=\"https:\/\/pandamech.com\/wp-content\/uploads\/2022\/10\/cement-trailer-transport-1.jpg\" alt=\"remolque cisterna para el transporte de cemento\" width=\"750\" height=\"400\" title=\"\"><\/p>\n<h2>Panda Mech<\/h2>\n<p>Panda es un fabricante de remolques cisterna para cemento de China. Suministramos remolques cisterna de cemento para la venta. Podemos personalizarlo de acuerdo a sus necesidades.<\/p>\n<p>Panda cuenta con m\u00e1quinas de fabricaci\u00f3n y equipos de prueba de primera clase, introduce tecnolog\u00eda avanzada internacional e investiga a famosos fabricantes de camiones para mejorar la fuerza del dise\u00f1o. Cada veh\u00edculo es producido por trabajadores h\u00e1biles y experimentados, pasa 120 inspecciones de control de calidad de art\u00edculos, el suministro de productos perfectos para el mundo.<\/p>\n<p><a href=\"https:\/\/www.pandamech.com\/spanish\/contact-us\/\" target=\"_blank\" rel=\"noopener\"><img loading=\"lazy\" decoding=\"async\" class=\"alignnone\" src=\"https:\/\/pandamech.com\/wp-content\/uploads\/2021\/08\/quotation.jpg\" alt=\"cotizaci\u00f3n de camiones de transporte de cemento\" width=\"864\" height=\"213\" title=\"\"><\/a><\/p>","protected":false},"excerpt":{"rendered":"<p>Tipo: Cami\u00f3n cisterna de cemento a granel de 3 ejes y 48 toneladas<\/p>\n<p>Rango de precios: $15,900-30,500<\/p>\n<p>Plazo de entrega: 7-25 d\u00edas<\/p>\n<p>Descarga m\u00e1s r\u00e1pida: &gt;1,5 toneladas\/min<\/p>\n<p>Aplicaci\u00f3n: transporte de cemento, part\u00edculas de PVC, cenizas volantes, materiales granulares, etc.<\/p>","protected":false},"featured_media":58389,"template":"","meta":{"_acf_changed":false,"_kad_blocks_custom_css":"","_kad_blocks_head_custom_js":"","_kad_blocks_body_custom_js":"","_kad_blocks_footer_custom_js":"","_kad_post_transparent":"default","_kad_post_title":"","_kad_post_layout":"default","_kad_post_sidebar_id":"","_kad_post_content_style":"default","_kad_post_vertical_padding":"default","_kad_post_feature":"","_kad_post_feature_position":"","_kad_post_header":false,"_kad_post_footer":false,"_kad_post_classname":""},"product_brand":[],"product_cat":[101],"product_tag":[],"class_list":{"0":"post-21283","1":"product","2":"type-product","3":"status-publish","4":"has-post-thumbnail","6":"product_cat-cement-tanker","8":"first","9":"instock","10":"sold-individually","11":"shipping-taxable","12":"purchasable","13":"product-type-simple","14":"entry","15":"content-bg","16":"loop-entry"},"acf":[],"taxonomy_info":{"product_cat":[{"value":101,"label":"Cement Tanker For Sale"}]},"featured_image_src_large":["https:\/\/www.pandamech.com\/wp-content\/uploads\/2022\/10\/pto-cement-tanker-3-500x500.jpg",500,500,true],"author_info":[],"comment_info":"","_links":{"self":[{"href":"https:\/\/www.pandamech.com\/spanish\/wp-json\/wp\/v2\/product\/21283","targetHints":{"allow":["GET"]}}],"collection":[{"href":"https:\/\/www.pandamech.com\/spanish\/wp-json\/wp\/v2\/product"}],"about":[{"href":"https:\/\/www.pandamech.com\/spanish\/wp-json\/wp\/v2\/types\/product"}],"version-history":[{"count":1,"href":"https:\/\/www.pandamech.com\/spanish\/wp-json\/wp\/v2\/product\/21283\/revisions"}],"predecessor-version":[{"id":91405,"href":"https:\/\/www.pandamech.com\/spanish\/wp-json\/wp\/v2\/product\/21283\/revisions\/91405"}],"wp:featuredmedia":[{"embeddable":true,"href":"https:\/\/www.pandamech.com\/spanish\/wp-json\/wp\/v2\/media\/58389"}],"wp:attachment":[{"href":"https:\/\/www.pandamech.com\/spanish\/wp-json\/wp\/v2\/media?parent=21283"}],"wp:term":[{"taxonomy":"product_brand","embeddable":true,"href":"https:\/\/www.pandamech.com\/spanish\/wp-json\/wp\/v2\/product_brand?post=21283"},{"taxonomy":"product_cat","embeddable":true,"href":"https:\/\/www.pandamech.com\/spanish\/wp-json\/wp\/v2\/product_cat?post=21283"},{"taxonomy":"product_tag","embeddable":true,"href":"https:\/\/www.pandamech.com\/spanish\/wp-json\/wp\/v2\/product_tag?post=21283"}],"curies":[{"name":"wp","href":"https:\/\/api.w.org\/{rel}","templated":true}]}}