{"id":21266,"date":"2023-02-13T19:01:57","date_gmt":"2023-02-13T11:01:57","guid":{"rendered":"http:\/\/pandamech.com\/?post_type=product&#038;p=21266"},"modified":"2025-08-23T01:07:07","modified_gmt":"2025-08-22T17:07:07","slug":"3-axle-45000-liters-fuel-tank-trailer","status":"publish","type":"product","link":"https:\/\/www.pandamech.com\/spanish\/product\/3-axle-45000-liters-fuel-tank-trailer\/","title":{"rendered":"Remolque cisterna de combustible de 45000 litros"},"content":{"rendered":"<p>El cami\u00f3n cisterna de combustible se divide en dos partes, la parte del tanque de combustible y el esqueleto o parte motriz que soporta el cuerpo del tanque.<\/p>\n<p>La parte trasera del remolque cisterna de combustible es aproximadamente la misma, hay dos ejes traseros (dos ejes) y tres ejes traseros (tres ejes). Elija el tractor seg\u00fan sus necesidades. El semirremolque cisterna suele denominarse por la marca del tractor<\/p>\n<p>El cami\u00f3n cisterna de combustible se utiliza principalmente para el transporte de diesel, petr\u00f3leo, aceite, gasolina, etc. Se utiliza generalmente para el transporte de larga distancia, utilizado principalmente en gasolineras, f\u00e1bricas y otros lugares.<\/p>\n<h2>V\u00eddeo - detalles del cami\u00f3n cisterna de tres ejes<\/h2>\n<p><iframe title=\"V\u00eddeo del remolque cisterna de combustible de 45000 litros Youtube\" src=\"https:\/\/www.youtube.com\/embed\/3hkTZWC65C0\" width=\"800\" height=\"533\" frameborder=\"0\" allowfullscreen=\"allowfullscreen\"><span data-mce-type=\"bookmark\" style=\"display: inline-block; width: 0px; overflow: hidden; line-height: 0;\" class=\"mce_SELRES_start\"><\/span><\/iframe><\/p>\n<p style=\"text-align: center;\"><a class=\"product_button\" href=\"#elementor-action%3Aaction%3Dpopup%3Aopen%26settings%3DeyJpZCI6Ijk5MDciLCJ0b2dnbGUiOmZhbHNlfQ%3D%3D\">Haga clic para m\u00e1s detalles<\/a><\/p>\n<h2>Especificaci\u00f3n de la cisterna de combustible de 45000 litros<\/h2>\n<table style=\"width: 800px;\" border=\"1\" cellspacing=\"1\" cellpadding=\"1\">\n<tbody>\n<tr>\n<td width=\"300\" height=\"41\">\u00a0Fabricante<\/td>\n<td width=\"706\">\u00a0Remolque cisterna para combustible PANDA mech<\/td>\n<\/tr>\n<tr>\n<td height=\"41\">\u00a0Art\u00edculo<\/td>\n<td>\u00a0Cisterna de combustible de 45000 litros<\/td>\n<\/tr>\n<tr>\n<td height=\"41\">\u00a0Dimensi\u00f3n del dep\u00f3sito de combustible<\/td>\n<td>\u00a011500*2500*3500 (Referencia, personalizado seg\u00fan necesidades)<\/td>\n<\/tr>\n<tr>\n<td height=\"41\">\u00a0Capacidad del dep\u00f3sito de combustible<\/td>\n<td>\u00a045 KL 45.000 litros, 11.888 galones.<\/td>\n<\/tr>\n<tr>\n<td height=\"41\">\u00a0Compartimento<\/td>\n<td>\u00a02-10<\/td>\n<\/tr>\n<tr>\n<td height=\"41\">\u00a0Carga \u00fatil<\/td>\n<td>\u00a039-41T (Referencia)<\/td>\n<\/tr>\n<tr>\n<td height=\"41\">\u00a0Peso del remolque del dep\u00f3sito de combustible<\/td>\n<td>\u00a010.6T<\/td>\n<\/tr>\n<tr>\n<td height=\"41\">\u00a0Material<\/td>\n<td>\u00a0Hierro Acero, Acero inoxidable<\/td>\n<\/tr>\n<tr>\n<td height=\"41\">\u00a0Chasis<\/td>\n<td>\u00a0Acero de alta resistencia<\/td>\n<\/tr>\n<tr>\n<td height=\"41\">\u00a0V\u00e1lvula<\/td>\n<td>\u00a0Civacon, EMCO, HELI, JLME, HENGE<\/td>\n<\/tr>\n<tr>\n<td height=\"41\">\u00a0Eje<\/td>\n<td>\u00a02\/3\/4 ejes; BPW, FUWA, L1, HO'S, SAF, PDME<\/td>\n<\/tr>\n<tr>\n<td height=\"41\">\u00a0Suspensi\u00f3n<\/td>\n<td>\u00a0Suspensi\u00f3n neum\u00e1tica, Mec\u00e1nica, Bogie<\/td>\n<\/tr>\n<tr>\n<td height=\"41\">\u00a0Sistema de frenos<\/td>\n<td>\u00a0Sistema de frenos Dual Line, c\u00e1mara T30\/30, v\u00e1lvula de emergencia Wabco, ABS\/EBS opcional<\/td>\n<\/tr>\n<tr>\n<td height=\"41\">\u00a0Piezas de remolques cisterna de combustible<\/td>\n<td>\u00a0Guardabarros, Escalera, 1 caja de herramientas est\u00e1ndar, 1 capa de imprimaci\u00f3n anticorrosiva, 2 capas de pintura final, Pintura de poliuretano, Tren de aterrizaje, Llanta de acero 9.0-22.5, Extintor, V\u00e1lvula de fondo neum\u00e1tica de 4 pulgadas, Tapa de registro de aleaci\u00f3n de aluminio de 500mm, Chapa de acero Q345\/6mm, conforme ADR (Seg\u00fan necesidades del cliente).<\/td>\n<\/tr>\n<tr>\n<td height=\"41\">\u00a0Aplicaci\u00f3n<\/td>\n<td>\u00a0Combustible, petr\u00f3leo, crudo, gas\u00f3leo, gasolina, petr\u00f3leo, gasolina<\/td>\n<\/tr>\n<\/tbody>\n<\/table>\n<p style=\"text-align: center;\"><a class=\"product_button\" href=\"#elementor-action%3Aaction%3Dpopup%3Aopen%26settings%3DeyJpZCI6Ijk5MDciLCJ0b2dnbGUiOmZhbHNlfQ%3D%3D\">Genere un presupuesto instant\u00e1neo<\/a><\/p>\n<h2 style=\"text-align: left;\">3 Axle fuel tanker truck trailer images<\/h2>\n<p><img fetchpriority=\"high\" decoding=\"async\" class=\"alignnone wp-image-30048 size-full\" src=\"https:\/\/pandamech.com\/wp-content\/uploads\/2022\/08\/fuel-tanker-45kl-3-axles2.jpg\" alt=\"3 ejes 45000 litros petrolero remolque para la venta\" width=\"800\" height=\"533\" title=\"\"><\/p>\n<p><img decoding=\"async\" class=\"alignnone wp-image-30049 size-full\" src=\"https:\/\/pandamech.com\/wp-content\/uploads\/2022\/08\/fuel-tanker-45kl-3-axles3.jpg\" alt=\"3 ejes 45kl fabricante de remolques cisterna de combustible\" width=\"800\" height=\"533\" title=\"\"><\/p>\n<p><img decoding=\"async\" class=\"alignnone wp-image-35061 size-full\" src=\"https:\/\/pandamech.com\/wp-content\/uploads\/2022\/08\/9-1.jpg\" alt=\"Semirremolque de transporte de combustible de 45000 litros en venta\" width=\"800\" height=\"533\" title=\"\"><\/p>\n<h2>Aplicaci\u00f3n:<\/h2>\n<p>El remolque cisterna de combustible se utiliza generalmente para transportar gasolina, queroseno, diesel, aceite vegetal, aceite comestible, aceite pesado, alquitr\u00e1n de hulla y productos no derivados del petr\u00f3leo como alcohol, aldeh\u00eddo, benceno, \u00e9ter y otras sustancias l\u00edquidas.<\/p>\n<p>El remolque cisterna de combustible tiene una capacidad de 30000-60000 litros, que se utiliza generalmente para el transporte de larga distancia, el transporte de sustancias l\u00edquidas a todo el mundo, a fin de realizar la distribuci\u00f3n razonable y el uso de los recursos. Tambi\u00e9n tenemos camiones cisterna de petr\u00f3leo crudo para la venta.<\/p>\n<h2>Por qu\u00e9 elegir el remolque cisterna panda<\/h2>\n<p>1. Dibujo 3D e HyperMesh &amp; Ansys<\/p>\n<p>Aprovechar al m\u00e1ximo las propiedades f\u00edsicas, aumentar el rendimiento y reducir los costes de explotaci\u00f3n.<\/p>\n<p>2. Adaptador API est\u00e1ndar ADR<\/p>\n<p>Crucial para cualquier sistema de carga inferior API, coincide con acopladores de 3\u2033 o 4\u2033.<\/p>\n<p>3. Tomas API \u00d3pticas<\/p>\n<p>Sistema de carga inferior del soporte<\/p>\n<p>4. Est\u00e1ndar ADR Boca de hombre con ventilaci\u00f3n de vapor<\/p>\n<p>16\u2033 o 20\u2033, Material de aluminio para una mayor vida \u00fatil.<\/p>\n<p>5. M\u00e1s seguridad por 7ntro de gravedad m\u00e1s bajo Dise\u00f1o de cuello de cisne<\/p>\n<p>6. 12% Mayor volumen gracias al dise\u00f1o del ca\u00f1\u00f3n de secci\u00f3n semiel\u00edptica<\/p>\n<p>7. Larga vida \u00fatil gracias a la soldadura por arco autom\u00e1tica de cisternas<\/p>\n<p style=\"text-align: center;\"><a class=\"product_button\" href=\"#elementor-action%3Aaction%3Dpopup%3Aopen%26settings%3DeyJpZCI6Ijk5MDciLCJ0b2dnbGUiOmZhbHNlfQ%3D%3D\">Contactar con PANDA<\/a><\/p>\n<h2>Transporte mar\u00edtimo de remolques cisterna de combustible<\/h2>\n<p>Para evitar que la pintura del remolque cisterna de combustible se corroa por el agua de mar, rociaremos una capa de cera en la superficie del remolque cisterna de combustible antes del transporte.<\/p>\n<h2>Entender el Panda Mech<\/h2>\n<p><iframe style=\"width: 800px;\" src=\"https:\/\/www.youtube.com\/embed\/kOKJOUXMuhY\" height=\"533\" frameborder=\"0\" scrolling=\"no\" allowfullscreen=\"allowfullscreen\"><\/iframe><\/p>\n<p>Panda Mechanical Co., Ltd est\u00e1 homologada por el Ministerio de Industria y Tecnolog\u00eda de la Informaci\u00f3n de China para producir tipos de semirremolques y veh\u00edculos comerciales.<\/p>\n<p>Panda Mech tiene m\u00e1quinas de fabricaci\u00f3n de primera clase y tipos de equipos de prueba. Introduce la tecnolog\u00eda avanzada internacional y la investigaci\u00f3n con la fabricaci\u00f3n de camiones famosos para mejorar la fuerza de dise\u00f1o. Cada veh\u00edculo es producido por trabajadores h\u00e1biles y experimentados, que pasan a trav\u00e9s de 120 tipos de inspecciones de control de calidad, y Panda Mech proporcionar productos perfectos para el mundo.<\/p>","protected":false},"excerpt":{"rendered":"<p>Tipo: Remolques cisterna de combustible de 45000 litros<\/p>\n<p>Gama de precios: $15.900-36.500<\/p>\n<p>Plazo de entrega: 7-25 d\u00edas<\/p>\n<p>Aplicaciones: transporte de gasolina, petr\u00f3leo crudo, lubricantes, alquitr\u00e1n de hulla, etc.<\/p>\n<p>Forma del tanque: tanque ovalado, tanque redondo, tanque redondo cuadrado.t<\/p>","protected":false},"featured_media":57739,"template":"","meta":{"_acf_changed":false,"_kad_blocks_custom_css":"","_kad_blocks_head_custom_js":"","_kad_blocks_body_custom_js":"","_kad_blocks_footer_custom_js":"","_kad_post_transparent":"default","_kad_post_title":"","_kad_post_layout":"default","_kad_post_sidebar_id":"","_kad_post_content_style":"default","_kad_post_vertical_padding":"default","_kad_post_feature":"","_kad_post_feature_position":"","_kad_post_header":false,"_kad_post_footer":false,"_kad_post_classname":""},"product_brand":[],"product_cat":[109],"product_tag":[],"class_list":{"0":"post-21266","1":"product","2":"type-product","3":"status-publish","4":"has-post-thumbnail","6":"product_cat-fuel-tanker","8":"first","9":"instock","10":"sold-individually","11":"shipping-taxable","12":"purchasable","13":"product-type-simple","14":"entry","15":"content-bg","16":"loop-entry"},"acf":[],"taxonomy_info":{"product_cat":[{"value":109,"label":"Fuel Tanker Trailer"}]},"featured_image_src_large":["https:\/\/www.pandamech.com\/wp-content\/uploads\/2022\/08\/2-116-500x500.jpg",500,500,true],"author_info":[],"comment_info":"","_links":{"self":[{"href":"https:\/\/www.pandamech.com\/spanish\/wp-json\/wp\/v2\/product\/21266","targetHints":{"allow":["GET"]}}],"collection":[{"href":"https:\/\/www.pandamech.com\/spanish\/wp-json\/wp\/v2\/product"}],"about":[{"href":"https:\/\/www.pandamech.com\/spanish\/wp-json\/wp\/v2\/types\/product"}],"version-history":[{"count":1,"href":"https:\/\/www.pandamech.com\/spanish\/wp-json\/wp\/v2\/product\/21266\/revisions"}],"predecessor-version":[{"id":91255,"href":"https:\/\/www.pandamech.com\/spanish\/wp-json\/wp\/v2\/product\/21266\/revisions\/91255"}],"wp:featuredmedia":[{"embeddable":true,"href":"https:\/\/www.pandamech.com\/spanish\/wp-json\/wp\/v2\/media\/57739"}],"wp:attachment":[{"href":"https:\/\/www.pandamech.com\/spanish\/wp-json\/wp\/v2\/media?parent=21266"}],"wp:term":[{"taxonomy":"product_brand","embeddable":true,"href":"https:\/\/www.pandamech.com\/spanish\/wp-json\/wp\/v2\/product_brand?post=21266"},{"taxonomy":"product_cat","embeddable":true,"href":"https:\/\/www.pandamech.com\/spanish\/wp-json\/wp\/v2\/product_cat?post=21266"},{"taxonomy":"product_tag","embeddable":true,"href":"https:\/\/www.pandamech.com\/spanish\/wp-json\/wp\/v2\/product_tag?post=21266"}],"curies":[{"name":"wp","href":"https:\/\/api.w.org\/{rel}","templated":true}]}}