{"id":21263,"date":"2022-04-09T19:01:56","date_gmt":"2022-04-09T11:01:56","guid":{"rendered":"http:\/\/pandamech.com\/?post_type=product&#038;p=21263"},"modified":"2025-08-23T01:08:45","modified_gmt":"2025-08-22T17:08:45","slug":"2-axle-low-bed-trailer","status":"publish","type":"product","link":"https:\/\/www.pandamech.com\/spanish\/product\/2-axle-low-bed-trailer\/","title":{"rendered":"Remolque de cama baja de 2 ejes"},"content":{"rendered":"<p>El remolque de plataforma baja de 2 ejes tambi\u00e9n es llamado remolque de plataforma baja, remolque de plataforma baja de doble eje. Se utiliza principalmente para el transporte de maquinaria de construcci\u00f3n, tales como excavadoras, bulldozers, etc., que se ven a menudo en las obras de construcci\u00f3n.<\/p>\n<h2>Remolque de cama baja de 2 ejes im\u00e1genes<\/h2>\n<p><img decoding=\"async\" class=\"alignnone size-full wp-image-17568\" style=\"width: 800px;\" title=\"Remolque de cama baja de 2 ejes\" src=\"https:\/\/pandamech.com\/wp-content\/uploads\/2022\/06\/2-axle-low-bed-trailer-4.jpg\" alt=\"Remolque de cama baja de 2 ejes\" height=\"533\" \/><\/p>\n<p>2 ejes 20\/25\/30 toneladas pala cargadora baja para la venta<\/p>\n<p><img decoding=\"async\" class=\"alignnone size-full wp-image-17569\" style=\"width: 800px;\" title=\"Remolque de cama baja de 2 ejes\" src=\"https:\/\/pandamech.com\/wp-content\/uploads\/2022\/06\/2-axle-low-bed-trailer-5.jpg\" alt=\"Remolque de cama baja de 2 ejes\" height=\"533\" \/><\/p>\n<p>doble eje 20\/25\/30 toneladas remolque de plataforma baja para la venta<\/p>\n<h2>Piezas de remolque de plataforma baja de 2 ejes<\/h2>\n<p><strong>Rampa de carga<\/strong><\/p>\n<p>- Se trata de un sistema neum\u00e1tico o hidr\u00e1ulico. El movimiento de la rampa se realizar\u00e1 mediante la instalaci\u00f3n de un bot\u00f3n cubierto en la parte trasera. La anchura de la rampa ser\u00e1 de 800 o 1000 mm seg\u00fan la cama baja.<\/p>\n<p><strong>Chasis<\/strong><\/p>\n<p>- El bastidor para semirremolque de cami\u00f3n de plataforma baja est\u00e1 soldado mediante una m\u00e1quina de soldadura sumergida a partir de acero plano inferior y superior de 20 mm x 150 mm (calidad ST 52.3 A) y placa de cubo ST 52.3 de 10 mm. Tiene secci\u00f3n en \u201cI\u201d y tambi\u00e9n tiene 4 piezas<\/p>\n<p><strong>Plataforma<\/strong><\/p>\n<p>- La parte superior central de la plataforma se cubrir\u00e1 con una chapa met\u00e1lica de 3\/4 mm de espesor de acuerdo con la utilizaci\u00f3n. En los laterales de la plataforma (puntos donde se encuentran el palet o las ruedas) se instalar\u00e1 goma o madera dura para proporcionar la m\u00e1xima fricci\u00f3n.<\/p>\n<p><strong>Sistema de frenos<\/strong><\/p>\n<p>- Herrajes de freno de doble circuito, fuelle de freno de servicio de 24\u201d montado en el eje 3 24\u00d730\u201d Emergencia<\/p>\n<p>Freno montado en el eje 1 y en el eje 2 V\u00e1lvula de distribuci\u00f3n del equilibrado de la carga, Ajustadores de freno autom\u00e1ticos o manuales<\/p>\n<p>- Frenos WAbco ABS, EBS<\/p>\n<p><strong>Eje de cami\u00f3n de plataforma baja de 30 toneladas<\/strong><\/p>\n<p>- Se fabrica de acuerdo con las normas europeas. Tiene una capacidad de carga de 12 a 16 toneladas y don\u00f3 forro de freno y rodamientos de la marca TIMKEN o FAG. Eje est\u00e1 certificado por ISO 9001 y 100.000 km de garant\u00eda.<\/p>\n<p>- se utilizan 2 ejes con una capacidad de 12-14-16 toneladas<\/p>\n<p>- Marca BPW, FUWA,China made<\/p>\n<p>- Hay zapatas de freno y manetas de freno pesadas adecuadas para las normas TSE<\/p>\n<p><strong>Sistema de suspensi\u00f3n<\/strong><\/p>\n<p>- Muelles Z parab\u00f3licos de doble piso, muelles de estiba, suspensi\u00f3n de bogies<\/p>\n<p><strong>Sistema el\u00e9ctrico<\/strong><\/p>\n<p>- Enchufes de 2\u00d77 clavijas - 12\/24 V, luces de acuerdo con la norma SAE luces de freno traseras, luces de posici\u00f3n laterales, luces de advertencia de seguridad de frenado y luz de se\u00f1alizaci\u00f3n instalada en la parte trasera<\/p>\n<p>- 2 luces traseras y de freno combinadas (rojas)<\/p>\n<p>- 2 intermitentes combinados (naranja)<\/p>\n<p>- Soportes de acero para las l\u00e1mparas<\/p>\n<p>Remolque de cami\u00f3n de plataforma baja Eje delantero Vivir<\/p>\n<p>- Sistema de elevaci\u00f3n a distancia del eje delantero en cabina<\/p>\n<p><strong>Neum\u00e1ticos y llantas<\/strong><\/p>\n<p>- 235\/70 R 17.5<\/p>\n<p>- 245\/70 R 17.5<\/p>\n<p>- 295\/60 R 22.5<\/p>\n<p>- 11 R 22.5<\/p>\n<p>- 12 R 22.5<\/p>\n<p>- 315\/80 R 22.5<\/p>\n<p><strong>Alfiler de rey<\/strong><\/p>\n<p>- Perno rey de acero marca JOST o China que es de 3,5\u201d adecuado para tractores 6\u00d74 de acuerdo con las normas DIN 74080 y 3\u00bd\u201d 42 CRMO4 de acuerdo con las normas DIN 74083 se utilizan.<\/p>\n<p>- La altura del pivote se ajustar\u00e1 a su tractor<\/p>\n<p><strong>Patas de aparcamiento<\/strong><\/p>\n<p>- Patas transportadoras mec\u00e1nicas telesc\u00f3picas de dos velocidades, marca JOST o turca, con una capacidad de 24 toneladas cada una.<\/p>\n<p><strong>Pintura \/ Color<\/strong><\/p>\n<p>- Antes de pintar, se limpian la superficie y los accesorios del chasis.<\/p>\n<p>- Para la primera pintura se utiliza un filtro epoxi de alto espesor de la marca PPG o DYO.<\/p>\n<p>- Para la pintura principal se utiliza la marca PPG o DYO (3 veces).<\/p>\n<p>- La selecci\u00f3n del color del c\u00f3digo RAL se realiza seg\u00fan la elecci\u00f3n del cliente.<\/p>\n<p><strong>Accesorios para remolques de plataforma baja de 2 ejes<\/strong><\/p>\n<p>- Anillo de carga<\/p>\n<p>- 1 caja de herramientas<\/p>\n<p>- 2 x Barra de seguridad para bicicleta<\/p>\n<p>- Guardabarros de pl\u00e1stico o acero<\/p>\n<p>- Calzo de aparcamiento con asa Escalera<\/p>\n<p>- Armario para extintores y tubo para extintores<\/p>\n<p><strong>Especificaciones opcionales<\/strong><\/p>\n<p>- La plataforma de cama baja puede ser del tipo pooled para cargar cargas altas<\/p>\n<p>- Cinta transportadora adicional para la rueda de repuesto<\/p>\n<h2>Remolque lowboy de doble eje<\/h2>\n<ul>\n<li>1. Con ejes convencionales, suspensi\u00f3n neum\u00e1tica estable de 13 toneladas y direcci\u00f3n hidr\u00e1ulica, puede transportar casi cualquier carga;<\/li>\n<li>2. Menos tiempo de inactividad del remolque;<\/li>\n<li>3. Bajos costes de mantenimiento;<\/li>\n<li>4. Larga vida \u00fatil;<\/li>\n<\/ul>\n<h2>Panda Mech<\/h2>\n<p>Panda Mech es un fabricante de remolques bajos de 2 ejes de China. Suministramos remolques de cama baja de 2 ejes para la venta. Podemos personalizarlo de acuerdo a sus necesidades.<\/p>\n<p>Hemos alcanzado el \u00e9xito en m\u00e1s de 80 pa\u00edses, como Tanzania, Nigeria, Filipinas, Malasia, Congo, etc.<\/p>\n<p><a href=\"https:\/\/www.pandamech.com\/spanish\/contact-us\/\" target=\"_blank\" rel=\"noopener\"><img fetchpriority=\"high\" decoding=\"async\" src=\"https:\/\/pandamech.com\/wp-content\/uploads\/2021\/08\/quotation.jpg\" alt=\"presupuesto\" width=\"864\" height=\"213\" title=\"\"><\/a><\/p>","protected":false},"excerpt":{"rendered":"<p>Tipo: 2 ejes 20 \/ 25 \/ 30 toneladas remolque cama baja para la venta<\/p>\n<p>Gama de precios: $16.500-25.500<\/p>\n<p>Plazo de entrega: 7-25 d\u00edas<\/p>\n<p>Dimensiones: A medida<\/p>\n<p>Aplicaci\u00f3n: para transportar excavadoras, cargadoras de ruedas u otra maquinaria.<\/p>","protected":false},"featured_media":57729,"template":"","meta":{"_acf_changed":false,"_kad_blocks_custom_css":"","_kad_blocks_head_custom_js":"","_kad_blocks_body_custom_js":"","_kad_blocks_footer_custom_js":"","_kad_post_transparent":"default","_kad_post_title":"","_kad_post_layout":"default","_kad_post_sidebar_id":"","_kad_post_content_style":"default","_kad_post_vertical_padding":"default","_kad_post_feature":"","_kad_post_feature_position":"","_kad_post_header":false,"_kad_post_footer":false,"_kad_post_classname":""},"product_brand":[],"product_cat":[112],"product_tag":[],"class_list":{"0":"post-21263","1":"product","2":"type-product","3":"status-publish","4":"has-post-thumbnail","6":"product_cat-low-boy-trailer","8":"first","9":"instock","10":"sold-individually","11":"shipping-taxable","12":"purchasable","13":"product-type-simple","14":"entry","15":"content-bg","16":"loop-entry"},"acf":[],"taxonomy_info":{"product_cat":[{"value":112,"label":"Low Boy Trailer"}]},"featured_image_src_large":["https:\/\/www.pandamech.com\/wp-content\/uploads\/2022\/08\/2-101-500x500.jpg",500,500,true],"author_info":[],"comment_info":"","_links":{"self":[{"href":"https:\/\/www.pandamech.com\/spanish\/wp-json\/wp\/v2\/product\/21263","targetHints":{"allow":["GET"]}}],"collection":[{"href":"https:\/\/www.pandamech.com\/spanish\/wp-json\/wp\/v2\/product"}],"about":[{"href":"https:\/\/www.pandamech.com\/spanish\/wp-json\/wp\/v2\/types\/product"}],"version-history":[{"count":1,"href":"https:\/\/www.pandamech.com\/spanish\/wp-json\/wp\/v2\/product\/21263\/revisions"}],"predecessor-version":[{"id":91451,"href":"https:\/\/www.pandamech.com\/spanish\/wp-json\/wp\/v2\/product\/21263\/revisions\/91451"}],"wp:featuredmedia":[{"embeddable":true,"href":"https:\/\/www.pandamech.com\/spanish\/wp-json\/wp\/v2\/media\/57729"}],"wp:attachment":[{"href":"https:\/\/www.pandamech.com\/spanish\/wp-json\/wp\/v2\/media?parent=21263"}],"wp:term":[{"taxonomy":"product_brand","embeddable":true,"href":"https:\/\/www.pandamech.com\/spanish\/wp-json\/wp\/v2\/product_brand?post=21263"},{"taxonomy":"product_cat","embeddable":true,"href":"https:\/\/www.pandamech.com\/spanish\/wp-json\/wp\/v2\/product_cat?post=21263"},{"taxonomy":"product_tag","embeddable":true,"href":"https:\/\/www.pandamech.com\/spanish\/wp-json\/wp\/v2\/product_tag?post=21263"}],"curies":[{"name":"wp","href":"https:\/\/api.w.org\/{rel}","templated":true}]}}