{"id":38962,"date":"2023-05-29T16:32:04","date_gmt":"2023-05-29T08:32:04","guid":{"rendered":"https:\/\/pandamech.com\/?post_type=product&#038;p=38962"},"modified":"2025-08-23T01:07:06","modified_gmt":"2025-08-22T17:07:06","slug":"40-ft-flatbed-trailer-for-sale","status":"publish","type":"product","link":"https:\/\/www.pandamech.com\/france\/product\/40-ft-flatbed-trailer-for-sale\/","title":{"rendered":"40 Ft Flatbed Semi Trailer For Sale"},"content":{"rendered":"<p>La remorque \u00e0 plateau de 40 pieds est connue sous le nom de remorque de camion \u00e0 plateau de 40 pieds. La semi-remorque \u00e0 plateau de 40 pieds est une semi-remorque avec une structure de conteneur. Elles sont principalement utilis\u00e9es dans les syst\u00e8mes logistiques soutenant les navires, les ports, les routes, les autoroutes, les stations de transfert, les ponts, les tunnels et le transport multimodal.<\/p>\n<p>La partie de chargement de la remorque \u00e0 plateau de 40 pieds est d\u00e9termin\u00e9e en fonction de la taille du conteneur standard. Un dispositif de verrouillage pour fixer le conteneur est pr\u00e9vu \u00e0 l'emplacement correspondant aux quatre coins du fond du conteneur.<\/p>\n<p>Type : 2 essieux 40ft flatbed container trailer, tri axles 40ft flatbed trailer, four axles 40ft flatbed tractor trailer, 40 ft gooseneck flatbed trailer for sale, <a href=\"https:\/\/www.pandamech.com\/france\/product\/single-axle-flatbed-semi-trailer\/\" target=\"_blank\" rel=\"noopener\">remorque \u00e0 plateau \u00e0 un seul pneu<\/a>.<\/p>\n<h2>40 Foot flatbed trailer images<\/h2>\n<h2><img fetchpriority=\"high\" decoding=\"async\" class=\"alignnone\" title=\"Semi-remorque \u00e0 plateau de 40 pieds \u00e0 3 essieux\" src=\"https:\/\/pandamech.com\/wp-content\/uploads\/2022\/08\/flatbed-semi-trailer-for-sale7.jpg\" alt=\"Semi-remorque \u00e0 trois essieux pour la vente\" width=\"800\" height=\"533\" \/><\/h2>\n<p>Semi-remorque 3 essieux 40ft flatbed \u00e0 vendre<\/p>\n<p><img decoding=\"async\" class=\"alignnone\" title=\"Semi-remorque \u00e0 plateau de 40 pieds \u00e0 3 essieux\" src=\"https:\/\/pandamech.com\/wp-content\/uploads\/2022\/08\/flatbed-smei-trailers-for-sale.jpg\" alt=\"3 essieux 40 feet flatbed container trailers for sale\" width=\"800\" height=\"533\" \/><\/p>\n<p>tri axle 40 foot flatbed container trailer<\/p>\n<p>En rapport : <a href=\"https:\/\/www.pandamech.com\/france\/product\/4-axle-flatbed-trailer-for-sale\/\" target=\"_blank\" rel=\"noopener\"><span style=\"color: #0000ff;\">Remorque porte-conteneurs \u00e0 4 essieux<\/span><\/a>, <a href=\"https:\/\/www.pandamech.com\/france\/category\/container-chassis\/container-chassis-trailer\/\" target=\"_blank\" rel=\"noopener\"><span style=\"color: #0000ff;\">ch\u00e2ssis remorque porte-conteneurs<\/span><\/a><\/p>\n<h2>Sp\u00e9cifications de la remorque \u00e0 plateau de 40 pieds<\/h2>\n<table border=\"1\" cellspacing=\"1\" cellpadding=\"1\">\n<tbody>\n<tr>\n<td width=\"297\">\u00a0Fabricant<\/td>\n<td width=\"484\">\u00a0Panda Mech Semi-remorque conteneur \u00e0 plat de 40 pieds<\/td>\n<\/tr>\n<tr>\n<td width=\"297\">\u00a0Essieux<\/td>\n<td width=\"484\">\u00a03 essieux, marque BPW\/SAF\/FUWA<\/td>\n<\/tr>\n<tr>\n<td width=\"297\">\u00a0Dimensions de la remorque \u00e0 plateau de 40 pieds<\/td>\n<td width=\"484\">\u00a012500\u00d72500\u00d71500 mm<\/td>\n<\/tr>\n<tr>\n<td width=\"297\">\u00a0Capacit\u00e9 de la remorque \u00e0 plateau de 40 pieds<\/td>\n<td width=\"484\">\u00a070 tonnes<\/td>\n<\/tr>\n<tr>\n<td width=\"297\">\u00a0Poids<\/td>\n<td width=\"484\">\u00a07-9 tonnes<\/td>\n<\/tr>\n<tr>\n<td width=\"297\">\u00a0Verrouillage par rotation<\/td>\n<td width=\"484\">\u00a08-12 s\u00e9ries<\/td>\n<\/tr>\n<tr>\n<td width=\"297\">\u00a0Mat\u00e9riau<\/td>\n<td width=\"484\">\u00a0Poutrelles principales Q345B, aile sup\u00e9rieure : 14mm, milieu : 8mm, bas : 16mm<\/td>\n<\/tr>\n<tr>\n<td width=\"297\">\u00a0Goupille royale<\/td>\n<td width=\"484\">\u00a02 pouces ou 3,5 pouces Marque JOST<\/td>\n<\/tr>\n<tr>\n<td width=\"297\">\u00a0Ch\u00e2ssis<\/td>\n<td width=\"484\">\u00a03mm, 4mm, 6mm, acier au carbone ou alliage d'aluminium<\/td>\n<\/tr>\n<tr>\n<td width=\"297\">\u00a0Suspension<\/td>\n<td width=\"484\">\u00a0M\u00e9canique, suspension avec airbag<\/td>\n<\/tr>\n<tr>\n<td width=\"297\" height=\"36\">\u00a0Pneu<\/td>\n<td width=\"484\">\u00a011.00R20, 12.00R20,12R22.5, 385\/65R22.5 Triangle\/Hankook\/ marque Bridgestone<\/td>\n<\/tr>\n<\/tbody>\n<\/table>\n<p style=\"text-align: center;\"><a class=\"product_button\" href=\"#elementor-action%3Aaction%3Dpopup%3Aopen%26settings%3DeyJpZCI6Ijk5MDciLCJ0b2dnbGUiOmZhbHNlfQ%3D%3D\">Obtenir un devis imm\u00e9diat<\/a><\/p>\n<h2>Dessin d'une remorque \u00e0 plateau de 40 pieds<\/h2>\n<p><img decoding=\"async\" class=\"size-full wp-image-54434\" src=\"https:\/\/pandamech.com\/wp-content\/uploads\/2023\/05\/2023110703375269.jpg\" alt=\"Dessin d&#039;une remorque \u00e0 plateau de 40 pieds\" width=\"750\" height=\"234\" title=\"\"><\/p>\n<p>Dessin d'une remorque \u00e0 plateau de 40 pieds<\/p>\n<h2>Vid\u00e9o de la remorque \u00e0 plateau \u00e0 3 essieux<\/h2>\n<h2><iframe title=\"Lecteur vid\u00e9o YouTube\" src=\"https:\/\/www.youtube.com\/embed\/madumekLIdo\" width=\"800\" height=\"533\" frameborder=\"0\" allowfullscreen=\"allowfullscreen\" data-mce-fragment=\"1\"><span data-mce-type=\"bookmark\" style=\"display: inline-block; width: 0px; overflow: hidden; line-height: 0;\" class=\"mce_SELRES_start\"><\/span><\/iframe><\/h2>\n<p>3 essieux 40\u2032 flatbed truck semi trailer<\/p>\n<p style=\"text-align: center;\"><a class=\"product_button\" href=\"#elementor-action%3Aaction%3Dpopup%3Aopen%26settings%3DeyJpZCI6Ijk5MDciLCJ0b2dnbGUiOmZhbHNlfQ%3D%3D\">Cliquez pour plus de d\u00e9tails<\/a><\/p>\n<h2>3 Axle 40ft flatbed trailer features<\/h2>\n<ol>\n<li>Structure en acier tr\u00e8s robuste avec capacit\u00e9 de traction et de charge \u00e9lev\u00e9e, capacit\u00e9 de charge de 40 tonnes.<\/li>\n<li>Suspension m\u00e9canique \u00e0 ressort de type robuste pour les charges \u00e9lev\u00e9es des besoins.<\/li>\n<li>Longueur et largeur du lit bas disponibles sur mesure<\/li>\n<li>La suspension pneumatique et la suspension du bogie sont disponibles en option.<\/li>\n<\/ol>\n<p style=\"text-align: center;\"><a class=\"product_button\" href=\"#elementor-action%3Aaction%3Dpopup%3Aopen%26settings%3DeyJpZCI6Ijk5MDciLCJ0b2dnbGUiOmZhbHNlfQ%3D%3D\">Cliquez pour plus de d\u00e9tails<\/a><\/p>\n<h2>Transport et transport maritime d'une semi-remorque \u00e0 plateau de 40 pieds<\/h2>\n<p>De nombreux clients choisissent d'utiliser le transport par conteneur pour transporter des remorques \u00e0 plateau, car les co\u00fbts de transport sont moins \u00e9lev\u00e9s et le temps de transport plus court.<\/p>\n<p>Les remorques \u00e0 plateau de 40 pieds sont g\u00e9n\u00e9ralement utilis\u00e9es pour le transport de marchandises en vrac ou de navires rouliers. Nous nous assurerons que les remorques commerciales \u00e0 plateau de Panda Mech seront cir\u00e9es et recouvertes de b\u00e2ches lorsque les cargos sont en vrac.<\/p>\n<p><img loading=\"lazy\" decoding=\"async\" class=\"alignnone wp-image-32266 size-full\" src=\"https:\/\/pandamech.com\/wp-content\/uploads\/2022\/08\/flatbed-semi-trailer-transport3.jpg\" alt=\"Camion-remorque 40 pieds pour conteneurs \u00e0 plat \u00e0 vendre\" width=\"800\" height=\"547\" title=\"\"><\/p>\n<h2>Semi-remorque \u00e0 plateau de 40 pieds fabricant<\/h2>\n<p>Nous sommes un fabricant chinois de semi-remorques \u00e0 plateau de 40 pieds. Nous fournissons des semi-remorques \u00e0 plateau de 40 pieds et des remorques \u00e0 plateau \u00e0 col de cygne pour la vente. Nous pouvons les personnaliser selon vos besoins.<\/p>\n<p>Les fabricants de Panda Mech ont r\u00e9ussi \u00e0 s'imposer en Asie du Sud-Est, au Moyen-Orient, en Afrique et en Am\u00e9rique du Sud, notamment aux Philippines, en Tanzanie, etc...<\/p>\n<p><a href=\"#elementor-action%3Aaction%3Dpopup%3Aopen%26settings%3DeyJpZCI6Ijk5MDciLCJ0b2dnbGUiOmZhbHNlfQ%3D%3D\"><img loading=\"lazy\" decoding=\"async\" class=\"alignnone\" title=\"Semi-remorque \u00e0 plateau de 40 pieds \u00e0 3 essieux\" src=\"https:\/\/pandamech.com\/wp-content\/uploads\/2021\/08\/quotation.jpg\" alt=\"Devis semi-remorque 40ft flatbed\" width=\"864\" height=\"213\" \/><\/a><\/p>","protected":false},"excerpt":{"rendered":"<p>Type : Remorque \u00e0 plateau de 40 pieds \u00e0 3 essieux<\/p>\n<p>Gamme de prix : $8 990-14 500<\/p>\n<p>Livraison : 7-25 jours<\/p>\n<p>Capacit\u00e9 de charge : 20-60 tonnes<\/p>\n<p>Application : marchandises en vrac, conteneurs<\/p>","protected":false},"featured_media":57783,"template":"","meta":{"_acf_changed":false,"_kad_blocks_custom_css":"","_kad_blocks_head_custom_js":"","_kad_blocks_body_custom_js":"","_kad_blocks_footer_custom_js":"","_kad_post_transparent":"default","_kad_post_title":"","_kad_post_layout":"default","_kad_post_sidebar_id":"","_kad_post_content_style":"default","_kad_post_vertical_padding":"default","_kad_post_feature":"","_kad_post_feature_position":"","_kad_post_header":false,"_kad_post_footer":false,"_kad_post_classname":""},"product_brand":[],"product_cat":[77],"product_tag":[65],"class_list":{"0":"post-38962","1":"product","2":"type-product","3":"status-publish","4":"has-post-thumbnail","6":"product_cat-flatbed-semi-trailer","7":"product_tag-40ft-trailer","9":"first","10":"instock","11":"sold-individually","12":"shipping-taxable","13":"purchasable","14":"product-type-simple","15":"entry","16":"content-bg","17":"loop-entry"},"acf":[],"taxonomy_info":{"product_cat":[{"value":77,"label":"Flatbed Semi Trailer"}],"product_tag":[{"value":65,"label":"40Ft Trailer"}]},"featured_image_src_large":["https:\/\/www.pandamech.com\/wp-content\/uploads\/2022\/08\/2-86-500x500.jpg",500,500,true],"author_info":[],"comment_info":"","_links":{"self":[{"href":"https:\/\/www.pandamech.com\/france\/wp-json\/wp\/v2\/product\/38962","targetHints":{"allow":["GET"]}}],"collection":[{"href":"https:\/\/www.pandamech.com\/france\/wp-json\/wp\/v2\/product"}],"about":[{"href":"https:\/\/www.pandamech.com\/france\/wp-json\/wp\/v2\/types\/product"}],"version-history":[{"count":1,"href":"https:\/\/www.pandamech.com\/france\/wp-json\/wp\/v2\/product\/38962\/revisions"}],"predecessor-version":[{"id":91242,"href":"https:\/\/www.pandamech.com\/france\/wp-json\/wp\/v2\/product\/38962\/revisions\/91242"}],"wp:featuredmedia":[{"embeddable":true,"href":"https:\/\/www.pandamech.com\/france\/wp-json\/wp\/v2\/media\/57783"}],"wp:attachment":[{"href":"https:\/\/www.pandamech.com\/france\/wp-json\/wp\/v2\/media?parent=38962"}],"wp:term":[{"taxonomy":"product_brand","embeddable":true,"href":"https:\/\/www.pandamech.com\/france\/wp-json\/wp\/v2\/product_brand?post=38962"},{"taxonomy":"product_cat","embeddable":true,"href":"https:\/\/www.pandamech.com\/france\/wp-json\/wp\/v2\/product_cat?post=38962"},{"taxonomy":"product_tag","embeddable":true,"href":"https:\/\/www.pandamech.com\/france\/wp-json\/wp\/v2\/product_tag?post=38962"}],"curies":[{"name":"wp","href":"https:\/\/api.w.org\/{rel}","templated":true}]}}