{"id":37807,"date":"2023-03-24T17:36:01","date_gmt":"2023-03-24T09:36:01","guid":{"rendered":"https:\/\/pandamech.com\/?post_type=product&#038;p=37807"},"modified":"2025-08-23T01:07:07","modified_gmt":"2025-08-22T17:07:07","slug":"40-foot-dump-truck-trailer-for-sale","status":"publish","type":"product","link":"https:\/\/www.pandamech.com\/france\/product\/40-foot-dump-truck-trailer-for-sale\/","title":{"rendered":"40Ft Dump Trailer For Sale"},"content":{"rendered":"<p>PANDA MECH a consacr\u00e9 beaucoup de temps et de ressources \u00e0 la recherche et au d\u00e9veloppement de nos remorques \u00e0 benne basculante de 40 pieds, garantissant une efficacit\u00e9 et une conformit\u00e9 maximales. En utilisant des mat\u00e9riaux tr\u00e8s r\u00e9sistants et durables, nous r\u00e9pondons \u00e0 une grande vari\u00e9t\u00e9 d'exigences de transport pour les remorques \u00e0 benne basculante.<\/p>\n<p>En m\u00eame temps, nos remorques \u00e0 benne basculante de 40 pieds permettent un d\u00e9chargement rapide tout en manipulant des charges consid\u00e9rables. Il est essentiel de s'assurer qu'un op\u00e9rateur prudent est charg\u00e9 du d\u00e9chargement de ces remorques \u00e0 benne basculante, car une mauvaise manipulation peut entra\u00eener des risques potentiels.<\/p>\n<h2>40 Ft dump trailer images<\/h2>\n<p><img fetchpriority=\"high\" decoding=\"async\" class=\"alignnone\" src=\"https:\/\/pandamech.com\/wp-content\/uploads\/2022\/10\/25cbm-tipper-7.jpg\" alt=\"Remorque \u00e0 benne basculante de 40 pieds \u00e0 vendre\" width=\"750\" height=\"400\" title=\"\"><\/p>\n<p>40 ft end <a class=\"wpil_keyword_link\" title=\"remorque de camion-benne\" href=\"https:\/\/www.pandamech.com\/france\/category\/dump-truck-trailer\/\" target=\"_blank\" rel=\"noopener\" data-wpil-keyword-link=\"linked\">remorque de camion-benne<\/a> \u00e0 vendre<\/p>\n<p><img decoding=\"async\" class=\"alignnone wp-image-32365\" src=\"https:\/\/pandamech.com\/wp-content\/uploads\/2022\/10\/25cbm-tipper-8.jpg\" alt=\"Remorque \u00e0 benne basculante \u00e0 3 essieux 25cbm pour la vente\" width=\"750\" height=\"399\" title=\"\"><br \/>\nRemorque benne de 40 pieds \u00e0 vendre<\/p>\n<p>En rapport : <span style=\"color: #0000ff;\"><a style=\"color: #0000ff;\" href=\"https:\/\/www.pandamech.com\/france\/product\/40-ton-half-round-end-dump-trailer\/\" target=\"_blank\" rel=\"noopener\">Remorque \u00e0 benne basculante de 40 tonnes<\/a><\/span>, <a href=\"https:\/\/www.pandamech.com\/france\/product\/80-ton-dump-truck-trailer\/\" target=\"_blank\" rel=\"noopener\"><span style=\"color: #0000ff;\">Remorque de camion-benne de 80 tonnes<\/span><\/a><\/p>\n<p style=\"text-align: center;\"><a class=\"product_button\" href=\"#elementor-action%3Aaction%3Dpopup%3Aopen%26settings%3DeyJpZCI6Ijk5MDciLCJ0b2dnbGUiOmZhbHNlfQ%3D%3D\">Obtenir un devis imm\u00e9diat<\/a><\/p>\n<h2>Vid\u00e9o de la remorque \u00e0 benne 40 pieds<\/h2>\n<p><iframe title=\"Lecteur vid\u00e9o YouTube\" src=\"https:\/\/www.youtube.com\/embed\/9CVtJSS1v64\" width=\"750\" height=\"450\" frameborder=\"0\" allowfullscreen=\"allowfullscreen\"><span data-mce-type=\"bookmark\" style=\"display: inline-block; width: 0px; overflow: hidden; line-height: 0;\" class=\"mce_SELRES_start\"><\/span><\/iframe><\/p>\n<h2>Sp\u00e9cification de la remorque \u00e0 benne basculante de 40 pieds<\/h2>\n<table style=\"width: 750px;\" border=\"1\" cellspacing=\"1\" cellpadding=\"1\">\n<tbody>\n<tr>\n<td width=\"208\" height=\"33\">Fabricant<\/td>\n<td width=\"598\">Remorque Panda Mech 40ft<\/td>\n<\/tr>\n<tr>\n<td height=\"33\">Capacit\u00e9<\/td>\n<td>50-100 tonnes<\/td>\n<\/tr>\n<tr>\n<td height=\"33\">Dimension<\/td>\n<td>12000*2500*3500mm<\/td>\n<\/tr>\n<tr>\n<td height=\"33\">Essieu<\/td>\n<td>3 essieux<\/td>\n<\/tr>\n<tr>\n<td height=\"33\">Syst\u00e8me hydraulique<\/td>\n<td>Cylindre hydraulique HYVA<\/td>\n<\/tr>\n<tr>\n<td height=\"33\">Cylindre<\/td>\n<td>175, 191, 202, 214 \/ 4TG, 5TG<\/td>\n<\/tr>\n<tr>\n<td height=\"33\">Suspension<\/td>\n<td>M\u00e9canique, air, ressort<\/td>\n<\/tr>\n<tr>\n<td height=\"33\">Kingpin<\/td>\n<td>JOST 2\u2033 ou 3.5 type d\u00e9tachable<\/td>\n<\/tr>\n<tr>\n<td height=\"33\">Train d'atterrissage<\/td>\n<td>JOST 28T<\/td>\n<\/tr>\n<tr>\n<td height=\"33\">Syst\u00e8me de freinage<\/td>\n<td>ABS ou EBS (en option)<\/td>\n<\/tr>\n<tr>\n<td height=\"33\">Pneu<\/td>\n<td>12R 22.5 315\/80 R22.5<\/td>\n<\/tr>\n<tr>\n<td height=\"33\">Chambres de frein<\/td>\n<td>T30\/30<\/td>\n<\/tr>\n<\/tbody>\n<\/table>\n<p style=\"text-align: center;\"><a class=\"product_button\" href=\"#elementor-action%3Aaction%3Dpopup%3Aopen%26settings%3DeyJpZCI6Ijk5MDciLCJ0b2dnbGUiOmZhbHNlfQ%3D%3D\">Cliquez pour plus de d\u00e9tails<\/a><\/p>\n<h2>Dessin d'une remorque \u00e0 benne basculante de 40 pieds<\/h2>\n<p><img decoding=\"async\" class=\"alignnone\" style=\"width: 750px;\" src=\"https:\/\/pandamech.com\/wp-content\/uploads\/2022\/08\/tipper-semi-trailer-3.jpg\" alt=\"Dessin d&#039;une remorque \u00e0 benne basculante de 40 pieds\" width=\"800\" height=\"420\" title=\"\"><\/p>\n<h2>Caract\u00e9ristiques de la remorque \u00e0 benne basculante de 40 pieds<\/h2>\n<ul>\n<li>1. La nouvelle conception permet un meilleur angle d'inclinaison pour am\u00e9liorer la vitesse de d\u00e9chargement.<\/li>\n<li>2. Marquage tr\u00e8s visible selon la norme SABS.<\/li>\n<li>3. Lumi\u00e8re LED de haute qualit\u00e9.<\/li>\n<\/ul>\n<p style=\"text-align: center;\"><a class=\"product_button\" href=\"#elementor-action%3Aaction%3Dpopup%3Aopen%26settings%3DeyJpZCI6Ijk5MDciLCJ0b2dnbGUiOmZhbHNlfQ%3D%3D\">Cliquez pour plus de d\u00e9tails<\/a><\/p>\n<h2>Panda Mech<\/h2>\n<p>Le Panda Mech est un v\u00e9hicule de 40 pieds <a class=\"wpil_keyword_link\" title=\"remorque \u00e0 benne basculante\" href=\"https:\/\/www.pandamech.com\/france\/category\/tipper-trailer\/semi-dump-trailer\/\" target=\"_blank\" rel=\"noopener\" data-wpil-keyword-link=\"linked\">remorque \u00e0 benne basculante<\/a> fabricant chinois. Nous fournissons des remorques \u00e0 benne basculante de 40 pieds \u00e0 vendre. Les fabricants de Panda Mech ont connu le succ\u00e8s en Asie du Sud-Est, au Moyen-Orient, en Afrique et en Am\u00e9rique du Sud, notamment aux Philippines, en Tanzanie, au Nigeria, etc...<\/p>\n<p><a href=\"\/france\/contact-us\/\" rel=\"nofollow\"><img loading=\"lazy\" decoding=\"async\" class=\"alignnone\" src=\"https:\/\/pandamech.com\/wp-content\/uploads\/u_file\/db8ce19fe3.jpg\" alt=\"Devis pour une remorque \u00e0 benne basculante de 40 pieds\" width=\"864\" height=\"213\" title=\"\"><\/a><\/p>","protected":false},"excerpt":{"rendered":"<p>Mod\u00e8le : Remorque \u00e0 benne basculante de 40 pieds<\/p>\n<p>Gamme de prix : 12 900-27 500 USD<\/p>\n<p>D\u00e9lai de livraison : 7-25 jours<\/p>\n<p>Application : transport de charbon, de minerai, de mat\u00e9riaux de construction<\/p>\n<p>Angle d'inclinaison : 45<\/p>\n<p>Syst\u00e8me hydraulique : Cylindre HYVA<\/p>","protected":false},"featured_media":58105,"template":"","meta":{"_acf_changed":false,"_kad_blocks_custom_css":"","_kad_blocks_head_custom_js":"","_kad_blocks_body_custom_js":"","_kad_blocks_footer_custom_js":"","_kad_post_transparent":"default","_kad_post_title":"","_kad_post_layout":"default","_kad_post_sidebar_id":"","_kad_post_content_style":"default","_kad_post_vertical_padding":"default","_kad_post_feature":"","_kad_post_feature_position":"","_kad_post_header":false,"_kad_post_footer":false,"_kad_post_classname":""},"product_brand":[],"product_cat":[172],"product_tag":[],"class_list":{"0":"post-37807","1":"product","2":"type-product","3":"status-publish","4":"has-post-thumbnail","6":"product_cat-dump-truck-trailer","8":"first","9":"instock","10":"sold-individually","11":"shipping-taxable","12":"purchasable","13":"product-type-simple","14":"entry","15":"content-bg","16":"loop-entry"},"acf":[],"taxonomy_info":{"product_cat":[{"value":172,"label":"Dump Truck Trailer"}]},"featured_image_src_large":["https:\/\/www.pandamech.com\/wp-content\/uploads\/2022\/10\/25cbm-tipper-4-500x500.jpg",500,500,true],"author_info":[],"comment_info":"","_links":{"self":[{"href":"https:\/\/www.pandamech.com\/france\/wp-json\/wp\/v2\/product\/37807","targetHints":{"allow":["GET"]}}],"collection":[{"href":"https:\/\/www.pandamech.com\/france\/wp-json\/wp\/v2\/product"}],"about":[{"href":"https:\/\/www.pandamech.com\/france\/wp-json\/wp\/v2\/types\/product"}],"version-history":[{"count":1,"href":"https:\/\/www.pandamech.com\/france\/wp-json\/wp\/v2\/product\/37807\/revisions"}],"predecessor-version":[{"id":91254,"href":"https:\/\/www.pandamech.com\/france\/wp-json\/wp\/v2\/product\/37807\/revisions\/91254"}],"wp:featuredmedia":[{"embeddable":true,"href":"https:\/\/www.pandamech.com\/france\/wp-json\/wp\/v2\/media\/58105"}],"wp:attachment":[{"href":"https:\/\/www.pandamech.com\/france\/wp-json\/wp\/v2\/media?parent=37807"}],"wp:term":[{"taxonomy":"product_brand","embeddable":true,"href":"https:\/\/www.pandamech.com\/france\/wp-json\/wp\/v2\/product_brand?post=37807"},{"taxonomy":"product_cat","embeddable":true,"href":"https:\/\/www.pandamech.com\/france\/wp-json\/wp\/v2\/product_cat?post=37807"},{"taxonomy":"product_tag","embeddable":true,"href":"https:\/\/www.pandamech.com\/france\/wp-json\/wp\/v2\/product_tag?post=37807"}],"curies":[{"name":"wp","href":"https:\/\/api.w.org\/{rel}","templated":true}]}}