{"id":33417,"date":"2022-11-10T16:28:23","date_gmt":"2022-11-10T08:28:23","guid":{"rendered":"https:\/\/pandamech.com\/?post_type=product&#038;p=33417"},"modified":"2025-11-10T18:06:51","modified_gmt":"2025-11-10T10:06:51","slug":"40-tons-cement-bulk-carrier","status":"publish","type":"product","link":"https:\/\/www.pandamech.com\/france\/product\/40-tons-cement-bulk-carrier\/","title":{"rendered":"Transporteur de ciment en vrac 40 CBM \u00e0 3 essieux"},"content":{"rendered":"<p>Le transporteur de ciment en vrac est \u00e9galement appel\u00e9 camion-citerne \u00e0 ciment ou camion-citerne \u00e0 poudre. La remorque s\u00e8che en vrac est principalement utilis\u00e9e pour transporter des mat\u00e9riaux en poudre dont le diam\u00e8tre ne d\u00e9passe pas 0,1 mm, notamment des cendres volantes, de la chaux, etc.<\/p>\n<p>Le domaine d'application de la remorque \u00e0 ciment en vrac est tr\u00e8s large, incluant l'agriculture, l'industrie, la construction, l'industrie \u00e9lectrique, etc. Elle est principalement utilis\u00e9e dans l'industrie de la construction, en particulier dans les cimenteries et sur les chantiers de construction.<\/p>\n<h2>Caract\u00e9ristiques du vraquier de ciment<\/h2>\n<ul>\n<li>1. PANDA MECH peut fournir des remorques citernes 20\/30\/40\/50\/60\/70\/100cbm 30\/40\/50\/60\/70\/80\/120 tonnes pour la vente.<\/li>\n<li>2. Il est tr\u00e8s important de proc\u00e9der \u00e0 des essais stricts de soudage, d'\u00e9tanch\u00e9it\u00e9 \u00e0 l'air et de fuite d'air du r\u00e9servoir.<\/li>\n<li>3. L'ensemble du v\u00e9hicule doit d'abord \u00eatre sabl\u00e9 et nettoy\u00e9, puis peint, et la seconde couche d'appr\u00eat peut avoir une dur\u00e9e de vie plus longue.<\/li>\n<li>4. La semi-remorque \u00e0 ciment est \u00e9quip\u00e9e d'un guide de l'utilisateur et d'un manuel d'entretien afin d'am\u00e9liorer le fonctionnement du v\u00e9hicule-citerne \u00e0 poudre.<\/li>\n<li>5. La remorque de transport de ciment est fabriqu\u00e9e en acier rigide, ce qui lui conf\u00e8re une dur\u00e9e de vie et une capacit\u00e9 de charge plus longues.<\/li>\n<\/ul>\n<p style=\"text-align: center;\"><a class=\"product_button\" href=\"#elementor-action%3Aaction%3Dpopup%3Aopen%26settings%3DeyJpZCI6Ijk5MDciLCJ0b2dnbGUiOmZhbHNlfQ%3D%3D\">Cliquez pour plus de d\u00e9tails<\/a><\/p>\n<h2>Vid\u00e9o sur le vraquier de ciment<\/h2>\n<p><iframe title=\"Lecteur vid\u00e9o YouTube\" src=\"https:\/\/www.youtube.com\/embed\/6jNy8uXFBjc\" width=\"800\" height=\"533\" frameborder=\"0\" allowfullscreen=\"allowfullscreen\"><span data-mce-type=\"bookmark\" style=\"display: inline-block; width: 0px; overflow: hidden; line-height: 0;\" class=\"mce_SELRES_start\"><\/span><\/iframe><\/p>\n<h2>Sp\u00e9cification du transporteur de ciment en vrac de 40 tonnes<\/h2>\n<table style=\"width: 800px;\" border=\"1\" cellspacing=\"1\" cellpadding=\"1\">\n<tbody>\n<tr>\n<td width=\"221\" height=\"40\">Marque<\/td>\n<td width=\"515\">PANDA Mech camion remorque ciment 40 tonnes<\/td>\n<\/tr>\n<tr>\n<td width=\"221\" height=\"40\">Volume<\/td>\n<td width=\"515\">30 cbm \/ m3<\/td>\n<\/tr>\n<tr>\n<td width=\"221\" height=\"40\">Capacit\u00e9<\/td>\n<td width=\"515\">40 tonnes, 40t<\/td>\n<\/tr>\n<tr>\n<td width=\"221\" height=\"40\">Moteur<\/td>\n<td width=\"515\">WeiCai Deutz diesel moto<\/td>\n<\/tr>\n<tr>\n<td width=\"221\" height=\"40\">Soupape de d\u00e9charge<\/td>\n<td width=\"515\">Valve \u00e0 disque de 4\u2033 (4\u2033 disc valve)<\/td>\n<\/tr>\n<tr>\n<td width=\"221\" height=\"40\">Dimension<\/td>\n<td>9500*2500*3600 mm<\/td>\n<\/tr>\n<tr>\n<td width=\"221\" height=\"40\">Mat\u00e9riau du r\u00e9servoir<\/td>\n<td width=\"515\">Acier \u00e0 haute r\u00e9sistance de 5 ou 6 mm<\/td>\n<\/tr>\n<tr>\n<td width=\"221\" height=\"40\">Train d'atterrissage<\/td>\n<td width=\"515\">JOST 28T<\/td>\n<\/tr>\n<tr>\n<td width=\"221\" height=\"40\">Suspension<\/td>\n<td width=\"515\">Suspension m\u00e9canique ou suspension pneumatique<\/td>\n<\/tr>\n<tr>\n<td width=\"221\" height=\"40\">Syst\u00e8me de freinage<\/td>\n<td width=\"515\">Chambre T30\/30, valve d'urgence WABCO<\/td>\n<\/tr>\n<tr>\n<td width=\"221\" height=\"40\">Essieu<\/td>\n<td width=\"515\">3 essieux<\/td>\n<\/tr>\n<tr>\n<td width=\"221\" height=\"40\">Pneu<\/td>\n<td width=\"515\">12R22.5, 385\/65R22.5, 13R22.5, 12.00R24, 315\/80R22.5<\/td>\n<\/tr>\n<\/tbody>\n<\/table>\n<p style=\"text-align: center;\"><a class=\"product_button\" href=\"#elementor-action%3Aaction%3Dpopup%3Aopen%26settings%3DeyJpZCI6Ijk5MDciLCJ0b2dnbGUiOmZhbHNlfQ%3D%3D\">Cliquez pour plus de d\u00e9tails<\/a><\/p>\n<h2>40 Ton cement bulk carrier images<\/h2>\n<p><img fetchpriority=\"high\" decoding=\"async\" class=\"alignnone wp-image-18918 size-full\" style=\"width: 800px;\" title=\"40 Ton Cement Tanker Trailer For Sale\" src=\"https:\/\/pandamech.com\/wp-content\/uploads\/2022\/06\/40-ton-cement-tanker-trailer-for-sale.jpg\" alt=\"40 Ton cement truck carrier trailer for sale Philippines\" width=\"800\" height=\"533\" \/><\/p>\n<p>Remorque porte ciment 40 tonnes fabricant Philippines<\/p>\n<p><img decoding=\"async\" class=\"alignnone wp-image-18920 size-full\" style=\"width: 800px;\" title=\"40 Ton Cement Tanker Trailer For Sale\" src=\"https:\/\/pandamech.com\/wp-content\/uploads\/2022\/06\/40-ton-cement-tanker-trailer-for-sale-1.jpg\" alt=\"Camion-citerne de 40 tonnes pour la vente Philippines\" width=\"800\" height=\"533\" \/><\/p>\n<p>Remorque de transport de ciment \u00e0 trois essieux 40 tonnes fournisseur Philippines<\/p>\n<p style=\"text-align: center;\"><a class=\"product_button\" href=\"#elementor-action%3Aaction%3Dpopup%3Aopen%26settings%3DeyJpZCI6Ijk5MDciLCJ0b2dnbGUiOmZhbHNlfQ%3D%3D\">Obtenir un devis imm\u00e9diat<\/a><\/p>\n<h2>Transport maritime du vraquier de ciment<\/h2>\n<p>Nous commandons le Freightliner \u00e0 l'avance, avant que la production ne soit termin\u00e9e, et proc\u00e9dons \u00e0 une inspection une fois la production termin\u00e9e. Le camion-citerne \u00e0 ciment inspect\u00e9 vous sera exp\u00e9di\u00e9 dans les d\u00e9lais les plus brefs.<\/p>\n<p>Afin d'\u00e9viter que la peinture de la remorque du transporteur de ciment ne soit corrod\u00e9e par l'eau de mer, nous pulv\u00e9risons une couche de cire sur la surface de la remorque du camion-citerne avant le transport.<\/p>\n<p>Nous envelopperons tous les moteurs diesel des remorques-citernes de 40 tonnes de ciment en vrac d'un tissu imperm\u00e9able.<\/p>\n<p><img decoding=\"async\" class=\"alignnone wp-image-33094 size-full\" src=\"https:\/\/pandamech.com\/wp-content\/uploads\/2022\/10\/cement-trailer-transport-1.jpg\" alt=\"transport de ciment par camion-citerne\" width=\"750\" height=\"400\" title=\"\"><\/p>\n<h2>Panda Mech<\/h2>\n<p>Panda Mech est un fabricant de vraquier de 40 tonnes en Chine. Nous fournissons des remorques de vrac de ciment de 40 tonnes \u00e0 vendre. Les fabricants de Panda Mech ont connu le succ\u00e8s en Asie du Sud-Est, au Moyen-Orient, en Afrique et en Am\u00e9rique du Sud, tels que les Philippines, la Tanzanie, etc...<\/p>\n<p><a href=\"https:\/\/www.pandamech.com\/france\/contact-us\/\" target=\"_blank\" rel=\"noopener\"><img loading=\"lazy\" decoding=\"async\" class=\"alignnone\" src=\"https:\/\/pandamech.com\/wp-content\/uploads\/2021\/08\/quotation.jpg\" alt=\"Remorques de camion-citerne de 40 tonnes \u00e0 vendre Philippines\" width=\"864\" height=\"213\" title=\"\"><\/a><\/p>","protected":false},"excerpt":{"rendered":"<p>Type : remorque-citerne \u00e0 ciment de 40 tonnes \u00e0 3 essieux<\/p>\n<p>Gamme de prix : $15 900-28 500<\/p>\n<p>D\u00e9lai de livraison : 7-25 jours<\/p>\n<p>D\u00e9chargement plus rapide : &gt;1,5 tonne\/min<\/p>\n<p>Application : transport de ciment, de particules de PVC, de cendres volantes, de mat\u00e9riaux granulaires, etc.<\/p>","protected":false},"featured_media":57806,"template":"","meta":{"_acf_changed":false,"_kad_blocks_custom_css":"","_kad_blocks_head_custom_js":"","_kad_blocks_body_custom_js":"","_kad_blocks_footer_custom_js":"","_kad_post_transparent":"default","_kad_post_title":"","_kad_post_layout":"default","_kad_post_sidebar_id":"","_kad_post_content_style":"default","_kad_post_vertical_padding":"default","_kad_post_feature":"","_kad_post_feature_position":"","_kad_post_header":false,"_kad_post_footer":false,"_kad_post_classname":""},"product_brand":[],"product_cat":[101],"product_tag":[],"class_list":{"0":"post-33417","1":"product","2":"type-product","3":"status-publish","4":"has-post-thumbnail","6":"product_cat-cement-tanker","8":"first","9":"instock","10":"sold-individually","11":"shipping-taxable","12":"purchasable","13":"product-type-simple","14":"entry","15":"content-bg","16":"loop-entry"},"acf":[],"taxonomy_info":{"product_cat":[{"value":101,"label":"Cement Tanker For Sale"}]},"featured_image_src_large":["https:\/\/www.pandamech.com\/wp-content\/uploads\/2022\/08\/3-1-500x500.jpg",500,500,true],"author_info":[],"comment_info":"","_links":{"self":[{"href":"https:\/\/www.pandamech.com\/france\/wp-json\/wp\/v2\/product\/33417","targetHints":{"allow":["GET"]}}],"collection":[{"href":"https:\/\/www.pandamech.com\/france\/wp-json\/wp\/v2\/product"}],"about":[{"href":"https:\/\/www.pandamech.com\/france\/wp-json\/wp\/v2\/types\/product"}],"version-history":[{"count":1,"href":"https:\/\/www.pandamech.com\/france\/wp-json\/wp\/v2\/product\/33417\/revisions"}],"predecessor-version":[{"id":91277,"href":"https:\/\/www.pandamech.com\/france\/wp-json\/wp\/v2\/product\/33417\/revisions\/91277"}],"wp:featuredmedia":[{"embeddable":true,"href":"https:\/\/www.pandamech.com\/france\/wp-json\/wp\/v2\/media\/57806"}],"wp:attachment":[{"href":"https:\/\/www.pandamech.com\/france\/wp-json\/wp\/v2\/media?parent=33417"}],"wp:term":[{"taxonomy":"product_brand","embeddable":true,"href":"https:\/\/www.pandamech.com\/france\/wp-json\/wp\/v2\/product_brand?post=33417"},{"taxonomy":"product_cat","embeddable":true,"href":"https:\/\/www.pandamech.com\/france\/wp-json\/wp\/v2\/product_cat?post=33417"},{"taxonomy":"product_tag","embeddable":true,"href":"https:\/\/www.pandamech.com\/france\/wp-json\/wp\/v2\/product_tag?post=33417"}],"curies":[{"name":"wp","href":"https:\/\/api.w.org\/{rel}","templated":true}]}}