{"id":33034,"date":"2022-10-26T11:32:52","date_gmt":"2022-10-26T03:32:52","guid":{"rendered":"https:\/\/pandamech.com\/product\/60-ton-cement-tanker-trailer"},"modified":"2025-08-23T01:07:09","modified_gmt":"2025-08-22T17:07:09","slug":"60-ton-cement-tanker-trailer","status":"publish","type":"product","link":"https:\/\/www.pandamech.com\/france\/product\/60-ton-cement-tanker-trailer\/","title":{"rendered":"Remorque-citerne \u00e0 ciment de 60 tonnes \u00e0 3 essieux"},"content":{"rendered":"<p>La remorque \u00e0 ciment transporte la plupart du ciment et d'autres mat\u00e9riaux granulaires en poudre, le camion-citerne \u00e0 ciment sec en vrac sera \u00e9quip\u00e9 d'un compresseur d'air pour charger et d\u00e9charger facilement le ciment, car lors du d\u00e9chargement, il est n\u00e9cessaire d'ajouter de la pression au r\u00e9servoir, de sorte que l'\u00e9tanch\u00e9it\u00e9 de la citerne soit assur\u00e9e. <a href=\"https:\/\/www.pandamech.com\/product\/3-axle-55-ton-cement-bulker-trailer\/\" target=\"_blank\" rel=\"noopener\"><span style=\"color: #0000ff;\">vrac de ciment<\/span><\/a> est tr\u00e8s important.<\/p>\n<p>La remorque-citerne \u00e0 vrac dispose d'une bonne \u00e9tanch\u00e9it\u00e9, ce qui permet de bien prot\u00e9ger le ciment et d'\u00e9viter que le ciment ne soit affect\u00e9 par l'humidit\u00e9 pendant le transport et le stockage, ainsi que par les intemp\u00e9ries. L'aspect pratique est am\u00e9lior\u00e9 par rapport \u00e0 la m\u00e9thode traditionnelle de transport du ciment, ce qui permet d'\u00e9conomiser des co\u00fbts et d'augmenter les revenus.<\/p>\n<h2>Vid\u00e9o de la remorque du camion de ciment<\/h2>\n<p><iframe title=\"Lecteur vid\u00e9o YouTube\" src=\"https:\/\/www.youtube.com\/embed\/6jNy8uXFBjc\" width=\"800\" height=\"533\" frameborder=\"0\" allowfullscreen=\"allowfullscreen\"><\/iframe><\/p>\n<h2>60 Ton cement bulker tanker feature<\/h2>\n<ul>\n<li>1. Technologie de fabrication avanc\u00e9e, conception la plus r\u00e9cente, durable. Vitesse de d\u00e9chargement rapide, faible taux r\u00e9siduel, bonne rigidit\u00e9 du r\u00e9servoir, bonne r\u00e9sistance \u00e0 la pression et bonnes performances.<\/li>\n<li>2. L'essieu est g\u00e9n\u00e9ralement de la marque BPW ou FUWA, et pour le freinage, il est \u00e9quip\u00e9 de plaquettes de frein de 220 mm pour une meilleure performance de freinage.<\/li>\n<li>3. La remorque du silo-citerne est fabriqu\u00e9e en acier rigide, ce qui lui conf\u00e8re une dur\u00e9e de vie et une capacit\u00e9 de charge plus longues.<\/li>\n<\/ul>\n<p style=\"text-align: center;\"><a class=\"product_button\" href=\"#elementor-action%3Aaction%3Dpopup%3Aopen%26settings%3DeyJpZCI6Ijk5MDciLCJ0b2dnbGUiOmZhbHNlfQ%3D%3D\">Cliquez pour plus de d\u00e9tails<\/a><\/p>\n<h2>60 Ton cement bulker tanker specification<\/h2>\n<table style=\"width: 800px;\" border=\"1\" cellspacing=\"1\" cellpadding=\"1\">\n<tbody>\n<tr>\n<td width=\"221\" height=\"40\">Marque<\/td>\n<td width=\"515\">PANDA Mech 50m3\/cbm camion-citerne \u00e0 ciment semi-remorque<\/td>\n<\/tr>\n<tr>\n<td width=\"221\" height=\"40\">Moteur<\/td>\n<td width=\"515\">WeiCai Deutz diesel moto<\/td>\n<\/tr>\n<tr>\n<td width=\"221\" height=\"40\">Compresseur<\/td>\n<td width=\"515\">SK 12m3<\/td>\n<\/tr>\n<tr>\n<td width=\"221\" height=\"40\">Couvercle de trou d'homme<\/td>\n<td width=\"515\">2 \u00e0 4 ensembles de 300 mm de diam\u00e8tre<\/td>\n<\/tr>\n<tr>\n<td width=\"221\" height=\"40\">Soupape de d\u00e9charge<\/td>\n<td width=\"515\">Valve \u00e0 disque de 4\u2033 (4\u2033 disc valve)<\/td>\n<\/tr>\n<tr>\n<td width=\"221\" height=\"40\">Mat\u00e9riau du r\u00e9servoir<\/td>\n<td width=\"515\">Acier \u00e0 haute r\u00e9sistance de 5 ou 6 mm<\/td>\n<\/tr>\n<tr>\n<td width=\"221\" height=\"40\">Structure<\/td>\n<td width=\"515\">Q330 acier \u00e0 haute teneur en carbone<\/td>\n<\/tr>\n<tr>\n<td width=\"221\" height=\"40\">Train d'atterrissage<\/td>\n<td width=\"515\">JOST 28T<\/td>\n<\/tr>\n<tr>\n<td width=\"221\" height=\"40\">Suspension<\/td>\n<td width=\"515\">Suspension m\u00e9canique ou suspension pneumatique<\/td>\n<\/tr>\n<tr>\n<td width=\"221\" height=\"40\">Essieu<\/td>\n<td width=\"515\">Essieu 2\/3\/4, essieux 13,16,20 tonnes, BPW ou SAF<\/td>\n<\/tr>\n<tr>\n<td width=\"221\" height=\"40\">Pneu<\/td>\n<td width=\"515\">12R22.5, 385\/65R22.5, 13R22.5, 12.00R24, 315\/80R22.5<\/td>\n<\/tr>\n<tr>\n<td width=\"221\" height=\"40\">Goupille royale<\/td>\n<td width=\"515\">JOST 2\u2033 ou 3.5 type d\u00e9tachable<\/td>\n<\/tr>\n<\/tbody>\n<\/table>\n<p style=\"text-align: center;\"><a class=\"product_button\" href=\"#elementor-action%3Aaction%3Dpopup%3Aopen%26settings%3DeyJpZCI6Ijk5MDciLCJ0b2dnbGUiOmZhbHNlfQ%3D%3D\">Cliquez pour plus de d\u00e9tails<\/a><\/p>\n<h2>60 Ton cement bulker tanker images<\/h2>\n<p><img decoding=\"async\" class=\"alignnone size-full\" src=\"https:\/\/pandamech.com\/wp-content\/uploads\/2022\/10\/50cbm-cement-bulker-7.jpg\" alt=\"remorque de camion de ciment \u00e0 trois essieux pour la vente\" title=\"\"><\/p>\n<p>50m3 60ton ciment bulker trailer for sale<\/p>\n<p><img decoding=\"async\" class=\"alignnone size-full\" src=\"https:\/\/pandamech.com\/wp-content\/uploads\/2022\/10\/50cbm-cement-bulker-8.jpg\" alt=\"60 tonnes de remorque de ciment sec en vrac fabricant\" title=\"\"><\/p>\n<p>3 essieux 50m3 dry bulk cement tanker trailer for sale<\/p>\n<p><img decoding=\"async\" class=\"alignnone size-full\" src=\"https:\/\/pandamech.com\/wp-content\/uploads\/2022\/10\/50cbm-cement-bulker-9.jpg\" alt=\"Remorque de transport de ciment de 60 tonnes pour la vente\" title=\"\"><\/p>\n<p>50cbm 60 tonnes camion-citerne \u00e0 ciment fabricant<\/p>\n<p>Relatbed : <span style=\"color: #0000ff;\"><a style=\"color: #0000ff;\" href=\"https:\/\/www.pandamech.com\/france\/product\/50-ton-bulk-cement-trailer\/\" target=\"_blank\" rel=\"noopener\">Remorque-citerne \u00e0 ciment 40cbm<\/a><\/span>,\u00a0 <span style=\"color: #0000ff;\"><a style=\"color: #0000ff;\" href=\"https:\/\/www.pandamech.com\/france\/product\/40-ton-cement-bulker-trailer\/\" target=\"_blank\" rel=\"noopener\">Bulker \u00e0 ciment 30m3<\/a><\/span><\/p>\n<p style=\"text-align: center;\"><a class=\"product_button\" href=\"#elementor-action%3Aaction%3Dpopup%3Aopen%26settings%3DeyJpZCI6Ijk5MDciLCJ0b2dnbGUiOmZhbHNlfQ%3D%3D\">Obtenir un devis imm\u00e9diat<\/a><\/p>\n<h2>Transport maritime d'un navire-citerne \u00e0 ciment de 60 tonnes<\/h2>\n<p>Nous commanderons le Freightliner \u00e0 l'avance, avant que la production ne soit achev\u00e9e, et nous effectuerons une inspection une fois la production achev\u00e9e. Le camion de 60 tonnes inspect\u00e9 <span style=\"color: #0000ff;\"><a style=\"color: #0000ff;\" href=\"https:\/\/www.pandamech.com\/france\/product\/bulk-powder-tanker-p00149p1-html\/\" target=\"_blank\" rel=\"noopener\">remorque-citerne \u00e0 poudre<\/a><\/span> vous sera envoy\u00e9 selon le dernier d\u00e9lai d'exp\u00e9dition.<\/p>\n<p>Afin d'\u00e9viter que la peinture du camion-citerne de 50 m3 ne soit corrod\u00e9e par l'eau de mer, nous pulv\u00e9riserons une couche de cire sur la surface du camion-citerne de 60 tonnes avant le transport.<\/p>\n<p>Nous emballons tous les moteurs diesel de 60 tonnes. <a href=\"https:\/\/www.pandamech.com\/france\/category\/pneumatic-trailer\/cement-tanker\/\" target=\"_blank\" rel=\"noopener\"><span style=\"color: #0000ff;\">v\u00e9hicules de transport de ciment<\/span><\/a> avec une toile de pluie.<\/p>\n<p><img fetchpriority=\"high\" decoding=\"async\" class=\"alignnone wp-image-33094 size-full\" src=\"https:\/\/pandamech.com\/wp-content\/uploads\/2022\/10\/cement-trailer-transport-1.jpg\" alt=\"ciment bulker tanker trailer transport\" width=\"750\" height=\"400\" title=\"\"><\/p>\n<p style=\"text-align: center;\"><a class=\"product_button\" href=\"#elementor-action%3Aaction%3Dpopup%3Aopen%26settings%3DeyJpZCI6Ijk5MDciLCJ0b2dnbGUiOmZhbHNlfQ%3D%3D\">Obtenir un devis imm\u00e9diat<\/a><\/p>\n<h2>Panda Mech<\/h2>\n<p>Panda Mech est un fabricant de remorque \u00e0 ciment de 60 tonnes en Chine. Nous fournissons des remorques de 60 tonnes <span style=\"color: #0000ff;\"><a style=\"color: #0000ff;\" href=\"https:\/\/www.pandamech.com\/france\/category\/pneumatic-trailer\/cement-tanker\/\" target=\"_blank\" rel=\"noopener\">Remorques-citernes \u00e0 ciment<\/a><\/span> pour la vente. Les fabricants de Panda Mech ont connu le succ\u00e8s en Asie du Sud-Est, au Moyen-Orient, en Afrique et en Am\u00e9rique du Sud, notamment aux Philippines, en Tanzanie, etc...<\/p>\n<p><a href=\"https:\/\/www.pandamech.com\/france\/contact-us\/\" target=\"_blank\" rel=\"noopener\"><img decoding=\"async\" class=\"alignnone\" src=\"https:\/\/pandamech.com\/wp-content\/uploads\/2021\/08\/quotation.jpg\" alt=\"Devis d&#039;une remorque porteuse de ciment sec de 60 tonnes\" width=\"864\" height=\"213\" title=\"\"><\/a><\/p>","protected":false},"excerpt":{"rendered":"<p>Type : Remorque \u00e0 ciment de 60 tonnes<\/p>\n<p>Gamme de prix : $19 900-34 800<\/p>\n<p>D\u00e9lai de livraison : 7-25 jours<\/p>\n<p>D\u00e9chargement plus rapide : &gt;1,5 tonne\/min<\/p>\n<p>Application : transport de ciment, de particules de PVC, de cendres volantes, de mat\u00e9riaux granulaires, etc.<\/p>","protected":false},"featured_media":58199,"template":"","meta":{"_acf_changed":false,"_kad_blocks_custom_css":"","_kad_blocks_head_custom_js":"","_kad_blocks_body_custom_js":"","_kad_blocks_footer_custom_js":"","_kad_post_transparent":"default","_kad_post_title":"","_kad_post_layout":"default","_kad_post_sidebar_id":"","_kad_post_content_style":"default","_kad_post_vertical_padding":"default","_kad_post_feature":"","_kad_post_feature_position":"","_kad_post_header":false,"_kad_post_footer":false,"_kad_post_classname":""},"product_brand":[],"product_cat":[101],"product_tag":[],"class_list":{"0":"post-33034","1":"product","2":"type-product","3":"status-publish","4":"has-post-thumbnail","6":"product_cat-cement-tanker","8":"first","9":"instock","10":"sold-individually","11":"shipping-taxable","12":"purchasable","13":"product-type-simple","14":"entry","15":"content-bg","16":"loop-entry"},"acf":[],"taxonomy_info":{"product_cat":[{"value":101,"label":"Cement Tanker For Sale"}]},"featured_image_src_large":["https:\/\/www.pandamech.com\/wp-content\/uploads\/2022\/10\/50cbm-cement-bulker-3-500x500.jpg",500,500,true],"author_info":[],"comment_info":"","_links":{"self":[{"href":"https:\/\/www.pandamech.com\/france\/wp-json\/wp\/v2\/product\/33034","targetHints":{"allow":["GET"]}}],"collection":[{"href":"https:\/\/www.pandamech.com\/france\/wp-json\/wp\/v2\/product"}],"about":[{"href":"https:\/\/www.pandamech.com\/france\/wp-json\/wp\/v2\/types\/product"}],"version-history":[{"count":1,"href":"https:\/\/www.pandamech.com\/france\/wp-json\/wp\/v2\/product\/33034\/revisions"}],"predecessor-version":[{"id":91281,"href":"https:\/\/www.pandamech.com\/france\/wp-json\/wp\/v2\/product\/33034\/revisions\/91281"}],"wp:featuredmedia":[{"embeddable":true,"href":"https:\/\/www.pandamech.com\/france\/wp-json\/wp\/v2\/media\/58199"}],"wp:attachment":[{"href":"https:\/\/www.pandamech.com\/france\/wp-json\/wp\/v2\/media?parent=33034"}],"wp:term":[{"taxonomy":"product_brand","embeddable":true,"href":"https:\/\/www.pandamech.com\/france\/wp-json\/wp\/v2\/product_brand?post=33034"},{"taxonomy":"product_cat","embeddable":true,"href":"https:\/\/www.pandamech.com\/france\/wp-json\/wp\/v2\/product_cat?post=33034"},{"taxonomy":"product_tag","embeddable":true,"href":"https:\/\/www.pandamech.com\/france\/wp-json\/wp\/v2\/product_tag?post=33034"}],"curies":[{"name":"wp","href":"https:\/\/api.w.org\/{rel}","templated":true}]}}