{"id":33032,"date":"2022-10-26T09:20:50","date_gmt":"2022-10-26T01:20:50","guid":{"rendered":"https:\/\/pandamech.com\/product\/55-ton-cement-tanker-trailer"},"modified":"2025-11-10T18:06:52","modified_gmt":"2025-11-10T10:06:52","slug":"55-ton-cement-tanker-trailer","status":"publish","type":"product","link":"https:\/\/www.pandamech.com\/france\/product\/55-ton-cement-tanker-trailer\/","title":{"rendered":"Remorque-citerne \u00e0 ciment 45CBM"},"content":{"rendered":"<p>PANDA <span style=\"color: #0000ff;\"><a style=\"color: #0000ff;\" href=\"https:\/\/www.pandamech.com\/product\/3-axle-55-ton-cement-bulker-trailer\/\" target=\"_blank\" rel=\"noopener\">remorque \u00e0 ciment<\/a><\/span> est principalement utilis\u00e9 pour transporter du ciment, de la chaux en poudre, de la poudre min\u00e9rale, des cendres volantes et d'autres mat\u00e9riaux en poudre dont le diam\u00e8tre ne d\u00e9passe pas 0,1 mm. Il est largement utilis\u00e9 sur les chantiers de construction, dans les cimenteries et les entrep\u00f4ts de ciment.<\/p>\n<p>La m\u00e9thode traditionnelle de transport du ciment est le ciment en sac, mais le transport du ciment en sac n\u00e9cessite davantage de main-d'\u0153uvre et le ciment subit des pertes au cours du transport, alors que l'utilisation d'un camion-citerne pour le transport du ciment peut tr\u00e8s bien r\u00e9soudre ce probl\u00e8me. Le ciment ne subit aucune perte, le co\u00fbt de la main-d'\u0153uvre n'est pas trop \u00e9lev\u00e9 et l'efficacit\u00e9 du transport s'en trouve grandement am\u00e9lior\u00e9e.<\/p>\n<h2>45 M3 remorque citerne \u00e0 ciment images<\/h2>\n<p><img decoding=\"async\" class=\"alignnone size-full\" src=\"https:\/\/pandamech.com\/wp-content\/uploads\/2022\/10\/45cbm-cement-tank-trailer-7.jpg\" alt=\"45cbm 55 tonnes remorque pneumatique \u00e0 vendre\" title=\"\"><\/p>\n<p>45m3 55ton ciment transport bulk trailer for sale<\/p>\n<p><img decoding=\"async\" class=\"alignnone size-full\" src=\"https:\/\/pandamech.com\/wp-content\/uploads\/2022\/10\/45cbm-cement-tank-trailer-8.jpg\" alt=\"Remorque citerne \u00e0 ciment \u00e0 3 essieux\" title=\"\"><\/p>\n<p>3 essieux 45m3 <span style=\"color: #0000ff;\"><a style=\"color: #0000ff;\" href=\"https:\/\/www.pandamech.com\/product\/3-axle-55-ton-cement-bulker-trailer\/\" target=\"_blank\" rel=\"noopener\">vrac de ciment<\/a><\/span> remorque \u00e0 vendre<\/p>\n<p><img decoding=\"async\" class=\"alignnone size-full\" src=\"https:\/\/pandamech.com\/wp-content\/uploads\/2022\/10\/45cbm-cement-tank-trailer-10.jpg\" alt=\"Remorque de transport de ciment en vrac \u00e0 3 essieux pour la vente\" title=\"\"><\/p>\n<p>45cbm 55 tonnes citerne \u00e0 poudre de ciment fabricant<\/p>\n<p>En rapport : <span style=\"color: #0000ff;\"><a style=\"color: #0000ff;\" href=\"https:\/\/www.pandamech.com\/france\/product\/40-ton-cement-bulker-trailer\/\" target=\"_blank\" rel=\"noopener\">Citerne \u00e0 ciment 30 cbm<\/a><\/span>, <span style=\"color: #0000ff;\"><a style=\"color: #0000ff;\" href=\"https:\/\/www.pandamech.com\/france\/product\/50-ton-bulk-cement-trailer\/\" target=\"_blank\" rel=\"noopener\">Citerne \u00e0 ciment de 40 m3<\/a><\/span><\/p>\n<p style=\"text-align: center;\"><a class=\"product_button\" href=\"#elementor-action%3Aaction%3Dpopup%3Aopen%26settings%3DeyJpZCI6Ijk5MDciLCJ0b2dnbGUiOmZhbHNlfQ%3D%3D\">Obtenir un devis imm\u00e9diat<\/a><\/p>\n<h2>Vid\u00e9o de la remorque du camion de ciment<\/h2>\n<p><iframe title=\"Lecteur vid\u00e9o YouTube\" src=\"https:\/\/www.youtube.com\/embed\/6jNy8uXFBjc\" width=\"800\" height=\"533\" frameborder=\"0\" allowfullscreen=\"allowfullscreen\"><\/iframe><\/p>\n<h2>Caract\u00e9ristiques de la remorque-citerne \u00e0 ciment 45M3<\/h2>\n<ul>\n<li>1. L'\u00e9quipement de pointe et les travailleurs exp\u00e9riment\u00e9s garantissent la qualit\u00e9 du r\u00e9servoir.<\/li>\n<li>2. Pour chaque <span style=\"color: #0000ff;\"><a style=\"color: #0000ff;\" href=\"https:\/\/www.pandamech.com\/france\/category\/pneumatic-trailer\/cement-tanker\/\" target=\"_blank\" rel=\"noopener\">camion-citerne \u00e0 ciment semi-remorque<\/a><\/span>, Nous devons effectuer des tests d'\u00e9tanch\u00e9it\u00e9 \u00e0 l'air et de nombreux autres tests.<\/li>\n<li>3. Toutes les pi\u00e8ces sont fabriqu\u00e9es \u00e0 partir de marques nationales et \u00e9trang\u00e8res r\u00e9put\u00e9es afin d'assurer une plus longue dur\u00e9e de vie au camion-citerne \u00e0 ciment.<\/li>\n<li>4. La semi-remorque \u00e0 ciment est \u00e9quip\u00e9e d'un guide de l'utilisateur et d'un manuel d'entretien, afin d'am\u00e9liorer le fonctionnement de la remorque du transporteur de vrac.<\/li>\n<\/ul>\n<p style=\"text-align: center;\"><a class=\"product_button\" href=\"#elementor-action%3Aaction%3Dpopup%3Aopen%26settings%3DeyJpZCI6Ijk5MDciLCJ0b2dnbGUiOmZhbHNlfQ%3D%3D\">Cliquez pour plus de d\u00e9tails<\/a><\/p>\n<h2>Sp\u00e9cification de la remorque-citerne \u00e0 ciment 45M3<\/h2>\n<table style=\"width: 800px;\" border=\"1\" cellspacing=\"1\" cellpadding=\"1\">\n<tbody>\n<tr>\n<td width=\"221\" height=\"40\">Marque<\/td>\n<td width=\"515\">PANDA Mech 45m3\/cbm camion-citerne \u00e0 ciment en vrac<\/td>\n<\/tr>\n<tr>\n<td width=\"221\" height=\"40\">Moteur<\/td>\n<td width=\"515\">WeiCai Deutz diesel moto<\/td>\n<\/tr>\n<tr>\n<td width=\"221\" height=\"40\">Compresseur<\/td>\n<td width=\"515\">SK 12m3<\/td>\n<\/tr>\n<tr>\n<td width=\"221\" height=\"40\">Couvercle de trou d'homme<\/td>\n<td width=\"515\">2 \u00e0 4 ensembles de 300 mm de diam\u00e8tre<\/td>\n<\/tr>\n<tr>\n<td width=\"221\" height=\"40\">Soupape de d\u00e9charge<\/td>\n<td width=\"515\">Valve \u00e0 disque de 4\u2033 (4\u2033 disc valve)<\/td>\n<\/tr>\n<tr>\n<td width=\"221\" height=\"40\">Mat\u00e9riau du r\u00e9servoir<\/td>\n<td width=\"515\">Acier \u00e0 haute r\u00e9sistance de 5 ou 6 mm<\/td>\n<\/tr>\n<tr>\n<td width=\"221\" height=\"40\">Structure<\/td>\n<td width=\"515\">Q330 acier \u00e0 haute teneur en carbone<\/td>\n<\/tr>\n<tr>\n<td width=\"221\" height=\"40\">Train d'atterrissage<\/td>\n<td width=\"515\">JOST 28T<\/td>\n<\/tr>\n<tr>\n<td width=\"221\" height=\"40\">Suspension<\/td>\n<td width=\"515\">Suspension m\u00e9canique ou suspension pneumatique<\/td>\n<\/tr>\n<tr>\n<td width=\"221\" height=\"40\">Essieu<\/td>\n<td width=\"515\">Essieu 2\/3\/4, essieux 13,16,20 tonnes, BPW ou SAF<\/td>\n<\/tr>\n<tr>\n<td width=\"221\" height=\"40\">Pneu<\/td>\n<td width=\"515\">12R22.5, 385\/65R22.5, 13R22.5, 12.00R24, 315\/80R22.5<\/td>\n<\/tr>\n<tr>\n<td width=\"221\" height=\"40\">Goupille royale<\/td>\n<td width=\"515\">JOST 2\u2033 ou 3.5 type d\u00e9tachable<\/td>\n<\/tr>\n<\/tbody>\n<\/table>\n<p style=\"text-align: center;\"><a class=\"product_button\" href=\"#elementor-action%3Aaction%3Dpopup%3Aopen%26settings%3DeyJpZCI6Ijk5MDciLCJ0b2dnbGUiOmZhbHNlfQ%3D%3D\">Cliquez pour plus de d\u00e9tails<\/a><\/p>\n<h2>Transport maritime d'une remorque-citerne \u00e0 ciment de 45m3<\/h2>\n<p>Nous commanderons le Freightliner \u00e0 l'avance, avant que la production ne soit achev\u00e9e, et nous effectuerons une inspection une fois la production achev\u00e9e. Le v\u00e9hicule inspect\u00e9 45m3 55 tonnes <a class=\"wpil_keyword_link\" title=\"vrac de ciment\" href=\"https:\/\/www.pandamech.com\/category\/pneumatic-trailer\/cement-bulker\/\" target=\"_blank\" rel=\"noopener\" data-wpil-keyword-link=\"linked\">vrac de ciment<\/a> Le camion vous sera exp\u00e9di\u00e9 selon le dernier d\u00e9lai d'exp\u00e9dition.<\/p>\n<p>Afin d'\u00e9viter que la peinture du camion-citerne de 45 m3 ne soit corrod\u00e9e par l'eau de mer, nous pulv\u00e9riserons une couche de cire sur la surface de la remorque-citerne de 55 tonnes avant le transport.<\/p>\n<p>Nous envelopperons tous les moteurs diesel du camion-citerne \u00e0 ciment de 45 m3 et 55 tonnes avec un tissu imperm\u00e9able.<\/p>\n<p><img fetchpriority=\"high\" decoding=\"async\" class=\"alignnone size-full wp-image-33095\" src=\"https:\/\/pandamech.com\/wp-content\/uploads\/2022\/10\/cement-trailer-transport-2.jpg\" alt=\"transport de ciment par camion-citerne\" width=\"750\" height=\"400\" title=\"\"><\/p>\n<p>Remorque-citerne \u00e0 ciment 45m3 55 tonnes transport<\/p>\n<p style=\"text-align: center;\"><a class=\"product_button\" href=\"#elementor-action%3Aaction%3Dpopup%3Aopen%26settings%3DeyJpZCI6Ijk5MDciLCJ0b2dnbGUiOmZhbHNlfQ%3D%3D\">Obtenir un devis imm\u00e9diat<\/a><\/p>\n<h2>Panda Mech<\/h2>\n<p>Panda Mech est un fabricant de remorque-citerne \u00e0 ciment 45m3 en Chine. Nous fournissons des remorques citernes \u00e0 ciment 45m3 \u00e0 vendre. Les fabricants de Panda Mech ont connu le succ\u00e8s en Asie du Sud-Est, au Moyen-Orient, en Afrique et en Am\u00e9rique du Sud, tels que les Philippines, la Tanzanie, etc...<\/p>\n<p><a href=\"https:\/\/www.pandamech.com\/france\/contact-us\/\" target=\"_blank\" rel=\"noopener\"><img decoding=\"async\" class=\"alignnone\" src=\"https:\/\/pandamech.com\/wp-content\/uploads\/2021\/08\/quotation.jpg\" alt=\"Devis remorque de transport de ciment en vrac de 55 tonnes\" width=\"864\" height=\"213\" title=\"\"><\/a><\/p>","protected":false},"excerpt":{"rendered":"<p>Type : Remorque \u00e0 ciment 45m3<\/p>\n<p>Gamme de prix : $18 900-34 500<\/p>\n<p>D\u00e9lai de livraison : 7-25 jours<\/p>\n<p>D\u00e9chargement plus rapide : &gt;1,5 tonne\/min<\/p>\n<p>Application : transport de ciment, de particules de PVC, de cendres volantes, de mat\u00e9riaux granulaires, etc.<\/p>","protected":false},"featured_media":58156,"template":"","meta":{"_acf_changed":false,"_kad_blocks_custom_css":"","_kad_blocks_head_custom_js":"","_kad_blocks_body_custom_js":"","_kad_blocks_footer_custom_js":"","_kad_post_transparent":"default","_kad_post_title":"","_kad_post_layout":"default","_kad_post_sidebar_id":"","_kad_post_content_style":"default","_kad_post_vertical_padding":"default","_kad_post_feature":"","_kad_post_feature_position":"","_kad_post_header":false,"_kad_post_footer":false,"_kad_post_classname":""},"product_brand":[],"product_cat":[101],"product_tag":[],"class_list":{"0":"post-33032","1":"product","2":"type-product","3":"status-publish","4":"has-post-thumbnail","6":"product_cat-cement-tanker","8":"first","9":"instock","10":"sold-individually","11":"shipping-taxable","12":"purchasable","13":"product-type-simple","14":"entry","15":"content-bg","16":"loop-entry"},"acf":[],"taxonomy_info":{"product_cat":[{"value":101,"label":"Cement Tanker For Sale"}]},"featured_image_src_large":["https:\/\/www.pandamech.com\/wp-content\/uploads\/2022\/10\/45cbm-cement-tank-trailer-2-500x500.jpg",500,500,true],"author_info":[],"comment_info":"","_links":{"self":[{"href":"https:\/\/www.pandamech.com\/france\/wp-json\/wp\/v2\/product\/33032","targetHints":{"allow":["GET"]}}],"collection":[{"href":"https:\/\/www.pandamech.com\/france\/wp-json\/wp\/v2\/product"}],"about":[{"href":"https:\/\/www.pandamech.com\/france\/wp-json\/wp\/v2\/types\/product"}],"version-history":[{"count":1,"href":"https:\/\/www.pandamech.com\/france\/wp-json\/wp\/v2\/product\/33032\/revisions"}],"predecessor-version":[{"id":91282,"href":"https:\/\/www.pandamech.com\/france\/wp-json\/wp\/v2\/product\/33032\/revisions\/91282"}],"wp:featuredmedia":[{"embeddable":true,"href":"https:\/\/www.pandamech.com\/france\/wp-json\/wp\/v2\/media\/58156"}],"wp:attachment":[{"href":"https:\/\/www.pandamech.com\/france\/wp-json\/wp\/v2\/media?parent=33032"}],"wp:term":[{"taxonomy":"product_brand","embeddable":true,"href":"https:\/\/www.pandamech.com\/france\/wp-json\/wp\/v2\/product_brand?post=33032"},{"taxonomy":"product_cat","embeddable":true,"href":"https:\/\/www.pandamech.com\/france\/wp-json\/wp\/v2\/product_cat?post=33032"},{"taxonomy":"product_tag","embeddable":true,"href":"https:\/\/www.pandamech.com\/france\/wp-json\/wp\/v2\/product_tag?post=33032"}],"curies":[{"name":"wp","href":"https:\/\/api.w.org\/{rel}","templated":true}]}}