{"id":33029,"date":"2022-12-25T07:32:46","date_gmt":"2022-12-24T23:32:46","guid":{"rendered":"https:\/\/pandamech.com\/product\/40-ton-cement-bulker-trailer"},"modified":"2025-08-23T01:07:08","modified_gmt":"2025-08-22T17:07:08","slug":"40-ton-cement-bulker-trailer","status":"publish","type":"product","link":"https:\/\/www.pandamech.com\/france\/product\/40-ton-cement-bulker-trailer\/","title":{"rendered":"Remorque \u00e0 3 essieux pour vrac de ciment de 40 tonnes"},"content":{"rendered":"<p>PANDA MECH produit diff\u00e9rents types de remorques-citernes \u00e0 ciment, qui sont divis\u00e9s en types V et W, principalement pour le transport de cendres volantes, de ciment, de chaux en poudre et d'autres mat\u00e9riaux en poudre avec un diam\u00e8tre \u2264 0,1mm. Si vous avez besoin de transporter des poudres en vrac comestibles telles que la farine de bl\u00e9, la farine, etc., nous vous recommandons de choisir la citerne \u00e0 farine de bl\u00e9 en vrac.<\/p>\n<p><span style=\"color: #0000ff;\"><a style=\"color: #0000ff;\" href=\"https:\/\/www.pandamech.com\/france\/category\/pneumatic-trailer\/cement-tanker\/\" target=\"_blank\" rel=\"noopener\">Remorque-citerne \u00e0 ciment<\/a><\/span> est \u00e9quip\u00e9 d'un compresseur d'air, d'un moteur et d'un compresseur, ce qui facilite le d\u00e9chargement des mat\u00e9riaux pulv\u00e9rulents.<\/p>\n<h2>40 Ton cement bulker trailer images<\/h2>\n<p><img decoding=\"async\" class=\"alignnone size-full\" src=\"https:\/\/pandamech.com\/wp-content\/uploads\/2022\/10\/35cbm-cement-trailer-9.jpg\" alt=\"Remorque 3 essieux 30cbm 40 tonnes pour poudre \u00e0 vendre\" title=\"\"><\/p>\n<p>30m3 ciment carrier truck trailer for sale<\/p>\n<p><img decoding=\"async\" class=\"alignnone size-full\" src=\"https:\/\/pandamech.com\/wp-content\/uploads\/2022\/10\/35cbm-cement-trailer-10.jpg\" alt=\"Semi-remorque ciment 30m3 40 tonnes\" title=\"\"><\/p>\n<p>Fabricant de remorques pour camions \u00e0 ciment de 40 tonnes<\/p>\n<p><img decoding=\"async\" class=\"alignnone size-full\" src=\"https:\/\/pandamech.com\/wp-content\/uploads\/2022\/10\/35cbm-cement-trailer-11.jpg\" alt=\"30cbm 40ton bulk cement tranker for sale\" title=\"\"><\/p>\n<p>30cbm 40 tonnes de ciment en vrac pour la vente<\/p>\n<p>En rapport : <span style=\"color: #0000ff;\"><a style=\"color: #0000ff;\" href=\"https:\/\/www.pandamech.com\/france\/product\/60-ton-cement-tanker-trailer\/\" target=\"_blank\" rel=\"noopener\">Citerne \u00e0 ciment 50m3<\/a><\/span>, <a href=\"https:\/\/www.pandamech.com\/france\/product\/50-ton-bulk-cement-trailer\/\" target=\"_blank\" rel=\"noopener\"><span style=\"color: #0000ff;\">Bulker \u00e0 ciment de 40 cbm<\/span><\/a><\/p>\n<p style=\"text-align: center;\"><a class=\"product_button\" href=\"#elementor-action%3Aaction%3Dpopup%3Aopen%26settings%3DeyJpZCI6Ijk5MDciLCJ0b2dnbGUiOmZhbHNlfQ%3D%3D\">Obtenir un devis imm\u00e9diat<\/a><\/p>\n<h2>Vid\u00e9o de la remorque du camion de ciment<\/h2>\n<p><iframe title=\"Lecteur vid\u00e9o YouTube\" src=\"https:\/\/www.youtube.com\/embed\/S7Oi5uqgEFc\" width=\"750\" height=\"450\" frameborder=\"0\" allowfullscreen=\"allowfullscreen\"><\/iframe><\/p>\n<h2>Sp\u00e9cification de la remorque de transport de ciment de 40 tonnes<\/h2>\n<table style=\"width: 750px;\" border=\"1\" cellspacing=\"1\" cellpadding=\"1\">\n<tbody>\n<tr>\n<td width=\"221\" height=\"40\">Marque<\/td>\n<td width=\"515\">PANDA Mech 30m3\/cbm remorque-citerne \u00e0 ciment<\/td>\n<\/tr>\n<tr>\n<td width=\"221\" height=\"40\">Moteur<\/td>\n<td width=\"515\">WeiCai Deutz diesel moto<\/td>\n<\/tr>\n<tr>\n<td width=\"221\" height=\"40\">Compresseur<\/td>\n<td width=\"515\">SK 12m3<\/td>\n<\/tr>\n<tr>\n<td width=\"221\" height=\"40\">Couvercle de trou d'homme<\/td>\n<td width=\"515\">2 \u00e0 4 ensembles de 300 mm de diam\u00e8tre<\/td>\n<\/tr>\n<tr>\n<td width=\"221\" height=\"40\">Soupape de d\u00e9charge<\/td>\n<td width=\"515\">Valve \u00e0 disque de 4\u2033 (4\u2033 disc valve)<\/td>\n<\/tr>\n<tr>\n<td width=\"221\" height=\"40\">Mat\u00e9riau du r\u00e9servoir<\/td>\n<td width=\"515\">Acier \u00e0 haute r\u00e9sistance de 5 ou 6 mm<\/td>\n<\/tr>\n<tr>\n<td width=\"221\" height=\"40\">Structure<\/td>\n<td width=\"515\">Q330 acier \u00e0 haute teneur en carbone<\/td>\n<\/tr>\n<tr>\n<td width=\"221\" height=\"40\">Train d'atterrissage<\/td>\n<td width=\"515\">JOST 28T<\/td>\n<\/tr>\n<tr>\n<td width=\"221\" height=\"40\">Suspension<\/td>\n<td width=\"515\">Suspension m\u00e9canique ou suspension pneumatique<\/td>\n<\/tr>\n<tr>\n<td width=\"221\" height=\"40\">Essieu<\/td>\n<td width=\"515\">Essieu 2\/3\/4, essieux 13,16,20 tonnes, BPW ou SAF<\/td>\n<\/tr>\n<tr>\n<td width=\"221\" height=\"40\">Pneu<\/td>\n<td width=\"515\">12R22.5, 385\/65R22.5, 13R22.5, 12.00R24, 315\/80R22.5<\/td>\n<\/tr>\n<tr>\n<td width=\"221\" height=\"40\">Goupille royale<\/td>\n<td width=\"515\">JOST 2\u2033 ou 3.5 type d\u00e9tachable<\/td>\n<\/tr>\n<\/tbody>\n<\/table>\n<p style=\"text-align: center;\"><a class=\"product_button\" href=\"#elementor-action%3Aaction%3Dpopup%3Aopen%26settings%3DeyJpZCI6Ijk5MDciLCJ0b2dnbGUiOmZhbHNlfQ%3D%3D\">Cliquez pour plus de d\u00e9tails<\/a><\/p>\n<h2>Dessin d'une remorque \u00e0 ciment de 40 tonnes<\/h2>\n<p><img decoding=\"async\" class=\"alignnone size-full\" src=\"https:\/\/pandamech.com\/wp-content\/uploads\/2022\/06\/50-ton-cement-bulk-trailer-for-sale.jpg\" alt=\"Dessin d&#039;un vraquier \u00e0 ciment de 40 tonnes\" width=\"750px;\" title=\"\"><\/p>\n<p><span style=\"color: #0000ff;\"><a style=\"color: #0000ff;\" href=\"https:\/\/www.pandamech.com\/france\/product\/bulk-powder-tanker-p00149p1-html\/\" target=\"_blank\" rel=\"noopener\">remorque-citerne \u00e0 poudre<\/a><\/span> dessin<\/p>\n<h2>Remorque de 40 tonnes pour le transport du ciment<\/h2>\n<ul>\n<li>1. <a href=\"https:\/\/www.pandamech.com\/france\/category\/pneumatic-trailer\/cement-tanker\/\" target=\"_blank\" rel=\"noopener\"><span style=\"color: #0000ff;\">Remorque de ciment<\/span><\/a> Le r\u00e9servoir est fabriqu\u00e9 en acier r\u00e9sistant \u00e0 l'usure, ce qui lui conf\u00e8re une dur\u00e9e de vie plus longue que les mat\u00e9riaux ordinaires.<\/li>\n<li>2. Il est tr\u00e8s important de proc\u00e9der \u00e0 des essais stricts de soudage, d'\u00e9tanch\u00e9it\u00e9 \u00e0 l'air et de fuite d'air du r\u00e9servoir.<\/li>\n<li>3. Le compresseur d'air est s\u00e9lectionn\u00e9 parmi les marques Weichai, Fuda et d'autres marques r\u00e9put\u00e9es dans le pays et \u00e0 l'\u00e9tranger afin de garantir sa durabilit\u00e9.<\/li>\n<li>4. Le syst\u00e8me de tuyauterie est \u00e9quip\u00e9 d'une soufflerie raisonnable et d'un dispositif anti-usure, de sorte que le processus de d\u00e9chargement est plus fluide et plus rapide.<\/li>\n<\/ul>\n<p style=\"text-align: center;\"><a class=\"product_button\" href=\"#elementor-action%3Aaction%3Dpopup%3Aopen%26settings%3DeyJpZCI6Ijk5MDciLCJ0b2dnbGUiOmZhbHNlfQ%3D%3D\">Cliquez pour plus de d\u00e9tails<\/a><\/p>\n<h2>Transport maritime d'une remorque de 40 tonnes de ciment<\/h2>\n<p>Nous commandons le Freightliner \u00e0 l'avance, avant que la production ne soit achev\u00e9e, et proc\u00e9dons \u00e0 une inspection une fois la production achev\u00e9e. Le camion de transport de ciment de 40 tonnes inspect\u00e9 vous sera exp\u00e9di\u00e9 dans les d\u00e9lais les plus brefs.<\/p>\n<p>Afin d'\u00e9viter que la peinture de l'avion de 40 tonnes ne s'ab\u00eeme, il a \u00e9t\u00e9 d\u00e9cid\u00e9 de mettre en place un syst\u00e8me de contr\u00f4le. <a href=\"https:\/\/www.pandamech.com\/product\/3-axle-55-ton-cement-bulker-trailer\/\" target=\"_blank\" rel=\"noopener\"><span style=\"color: #0000ff;\">ciment bulker tanker<\/span><\/a> Pour \u00e9viter la corrosion par l'eau de mer, nous pulv\u00e9risons une couche de cire sur la surface de la remorque de 40 tonnes de ciment avant le transport.<\/p>\n<p>Nous enveloppons tous les moteurs diesel de la remorque de 40 tonnes du camion de transport de ciment d'un tissu imperm\u00e9able.<\/p>\n<p><img fetchpriority=\"high\" decoding=\"async\" class=\"alignnone size-full wp-image-33094\" src=\"https:\/\/pandamech.com\/wp-content\/uploads\/2022\/10\/cement-trailer-transport-1.jpg\" alt=\"transport de ciment par camion-citerne\" width=\"750\" height=\"400\" title=\"\"><\/p>\n<h2>Panda Mech<\/h2>\n<p>Panda Mech est un fabricant de remorques \u00e0 ciment de 40 tonnes en Chine. Nous fournissons des remorques \u00e0 ciment de 40 tonnes \u00e0 vendre. Les fabricants de Panda Mech ont connu le succ\u00e8s en Asie du Sud-Est, au Moyen-Orient, en Afrique et en Am\u00e9rique du Sud, tels que les Philippines, la Tanzanie, etc...<\/p>\n<p><a href=\"https:\/\/www.pandamech.com\/france\/contact-us\/\" target=\"_blank\" rel=\"noopener\"><img decoding=\"async\" class=\"alignnone\" src=\"https:\/\/pandamech.com\/wp-content\/uploads\/2021\/08\/quotation.jpg\" alt=\"Devis remorque camion vrac 40 tonnes\" width=\"864\" height=\"213\" title=\"\"><\/a><\/p>","protected":false},"excerpt":{"rendered":"<p>Type : Vraquier \u00e0 ciment de 40 tonnes<\/p>\n<p>Gamme de prix : $16 900-32 500<\/p>\n<p>D\u00e9lai de livraison : 7-25 jours<\/p>\n<p>D\u00e9chargement plus rapide : &gt;1,5 tonne\/min<\/p>\n<p>Application : transport de ciment, de particules de PVC, de cendres volantes, de mat\u00e9riaux granulaires, etc.<\/p>","protected":false},"featured_media":58132,"template":"","meta":{"_acf_changed":false,"_kad_blocks_custom_css":"","_kad_blocks_head_custom_js":"","_kad_blocks_body_custom_js":"","_kad_blocks_footer_custom_js":"","_kad_post_transparent":"default","_kad_post_title":"","_kad_post_layout":"default","_kad_post_sidebar_id":"","_kad_post_content_style":"default","_kad_post_vertical_padding":"default","_kad_post_feature":"","_kad_post_feature_position":"","_kad_post_header":false,"_kad_post_footer":false,"_kad_post_classname":""},"product_brand":[],"product_cat":[101],"product_tag":[],"class_list":{"0":"post-33029","1":"product","2":"type-product","3":"status-publish","4":"has-post-thumbnail","6":"product_cat-cement-tanker","8":"first","9":"instock","10":"sold-individually","11":"shipping-taxable","12":"purchasable","13":"product-type-simple","14":"entry","15":"content-bg","16":"loop-entry"},"acf":[],"taxonomy_info":{"product_cat":[{"value":101,"label":"Cement Tanker For Sale"}]},"featured_image_src_large":["https:\/\/www.pandamech.com\/wp-content\/uploads\/2022\/10\/35cbm-cement-trailer-2-500x500.jpg",500,500,true],"author_info":[],"comment_info":"","_links":{"self":[{"href":"https:\/\/www.pandamech.com\/france\/wp-json\/wp\/v2\/product\/33029","targetHints":{"allow":["GET"]}}],"collection":[{"href":"https:\/\/www.pandamech.com\/france\/wp-json\/wp\/v2\/product"}],"about":[{"href":"https:\/\/www.pandamech.com\/france\/wp-json\/wp\/v2\/types\/product"}],"version-history":[{"count":1,"href":"https:\/\/www.pandamech.com\/france\/wp-json\/wp\/v2\/product\/33029\/revisions"}],"predecessor-version":[{"id":91268,"href":"https:\/\/www.pandamech.com\/france\/wp-json\/wp\/v2\/product\/33029\/revisions\/91268"}],"wp:featuredmedia":[{"embeddable":true,"href":"https:\/\/www.pandamech.com\/france\/wp-json\/wp\/v2\/media\/58132"}],"wp:attachment":[{"href":"https:\/\/www.pandamech.com\/france\/wp-json\/wp\/v2\/media?parent=33029"}],"wp:term":[{"taxonomy":"product_brand","embeddable":true,"href":"https:\/\/www.pandamech.com\/france\/wp-json\/wp\/v2\/product_brand?post=33029"},{"taxonomy":"product_cat","embeddable":true,"href":"https:\/\/www.pandamech.com\/france\/wp-json\/wp\/v2\/product_cat?post=33029"},{"taxonomy":"product_tag","embeddable":true,"href":"https:\/\/www.pandamech.com\/france\/wp-json\/wp\/v2\/product_tag?post=33029"}],"curies":[{"name":"wp","href":"https:\/\/api.w.org\/{rel}","templated":true}]}}