{"id":32284,"date":"2022-09-21T18:11:38","date_gmt":"2022-09-21T10:11:38","guid":{"rendered":"https:\/\/pandamech.com\/product\/4-axle-platform-truck-trailer"},"modified":"2025-08-23T01:07:30","modified_gmt":"2025-08-22T17:07:30","slug":"4-axle-platform-truck-trailer","status":"publish","type":"product","link":"https:\/\/www.pandamech.com\/france\/product\/4-axle-platform-truck-trailer\/","title":{"rendered":"Remorque \u00e0 plate-forme \u00e0 4 essieux"},"content":{"rendered":"<p>La remorque \u00e0 plate-forme est un bon outil pour le transport de mat\u00e9riaux de construction et de conteneurs, c'est un \u00e9quipement typique \u00e0 pont ouvert, la remorque \u00e0 plate-forme ordinaire n'a pas de d\u00e9flecteur lat\u00e9ral, elle est principalement utilis\u00e9e pour transporter des machines, des conteneurs, des fournitures de construction ou de l'\u00e9quipement, comme certaines cargaisons surdimensionn\u00e9es, super larges, irr\u00e9guli\u00e8res, sans d\u00e9flecteur autour de la conception, ce qui rend le d\u00e9chargement de la cargaison plus commode.<\/p>\n<p>La plate-forme du tracteur semi-remorque est elle-m\u00eame ouverte, de sorte que les marchandises transport\u00e9es par la remorque \u00e0 plateau peuvent \u00eatre affect\u00e9es par certaines intemp\u00e9ries, pour certaines marchandises ne peuvent pas \u00eatre soumises \u00e0 la pluie, essayez de ne pas utiliser la remorque cargo \u00e0 plateau pour l'utiliser. Avec la polyvalence de la remorque \u00e0 plateau, la semi-remorque \u00e0 plateau est tr\u00e8s populaire, la remorque \u00e0 plateau la plus courante est la remorque \u00e0 3 essieux de 40 pieds, ce qui est id\u00e9al pour tous les chantiers de construction lors du transport. (<span style=\"color: #0000ff;\"><a style=\"color: #0000ff;\" href=\"https:\/\/www.pandamech.com\/france\/product\/superlink-trailer-for-sale\/\" target=\"_blank\" rel=\"noopener\">remorque superlink flatbed<\/a><\/span>)<\/p>\n<h2>Caract\u00e9ristiques de la remorque \u00e0 plate-forme \u00e0 4 essieux<\/h2>\n<ul>\n<li>1. La poutre principale est con\u00e7ue comme une poutre en I, qui est plus r\u00e9sistante et plus durable.<\/li>\n<li>2. Utiliser une machine \u00e0 redresser les poutres en I automatique et hydraulique de plus grande pr\u00e9cision pour travailler.<\/li>\n<li>3. Structure stable et durable.<\/li>\n<li>4. Coop\u00e9ration avec des fournisseurs de pi\u00e8ces de marques r\u00e9put\u00e9es pour prolonger la dur\u00e9e de vie.<\/li>\n<\/ul>\n<p style=\"text-align: center;\"><a class=\"product_button\" href=\"#elementor-action%3Aaction%3Dpopup%3Aopen%26settings%3DeyJpZCI6Ijk5MDciLCJ0b2dnbGUiOmZhbHNlfQ%3D%3D\">Cliquez pour plus de d\u00e9tails<\/a><\/p>\n<h2>Sp\u00e9cification de la remorque de camion \u00e0 plate-forme \u00e0 4 essieux<\/h2>\n<table style=\"width: 800px;\" border=\"1\" cellspacing=\"1\" cellpadding=\"1\">\n<tbody>\n<tr>\n<td width=\"297\">Essieux<\/td>\n<td width=\"484\">4 essieux, marque BPW\/SAF\/FUWA<\/td>\n<\/tr>\n<tr>\n<td width=\"297\">Dimensions<\/td>\n<td width=\"484\">12500*2500*1500 mm<\/td>\n<\/tr>\n<tr>\n<td width=\"297\">Capacit\u00e9<\/td>\n<td width=\"484\">70 tonnes<\/td>\n<\/tr>\n<tr>\n<td width=\"297\">Poids<\/td>\n<td width=\"484\">7-9,5 tonnes<\/td>\n<\/tr>\n<tr>\n<td width=\"297\">Verrouillage par rotation<\/td>\n<td width=\"484\">8-12 s\u00e9ries<\/td>\n<\/tr>\n<tr>\n<td width=\"297\">Mat\u00e9riau<\/td>\n<td width=\"484\">Poutrelles principales Q345B, aile sup\u00e9rieure : 14mm, milieu : 8mm, bas : 16mm<\/td>\n<\/tr>\n<tr>\n<td width=\"297\">Goupille royale<\/td>\n<td width=\"484\">2 pouces ou 3,5 pouces Marque JOST<\/td>\n<\/tr>\n<tr>\n<td width=\"297\">Suspension<\/td>\n<td width=\"484\">M\u00e9canique, suspension avec airbag<\/td>\n<\/tr>\n<tr>\n<td width=\"297\" height=\"36\">Pneu<\/td>\n<td width=\"484\">11.00R20, 12.00R20,12R22.5, 385\/65R22.5 Triangle\/Hankook\/ marque Bridgestone<\/td>\n<\/tr>\n<\/tbody>\n<\/table>\n<p style=\"text-align: center;\"><a class=\"product_button\" href=\"#elementor-action%3Aaction%3Dpopup%3Aopen%26settings%3DeyJpZCI6Ijk5MDciLCJ0b2dnbGUiOmZhbHNlfQ%3D%3D\">Obtenir un devis imm\u00e9diat<\/a><\/p>\n<h2>Application de la remorque \u00e0 plate-forme \u00e0 4 essieux<\/h2>\n<p>La remorque de transport \u00e0 plate-forme est g\u00e9n\u00e9ralement utilis\u00e9e pour transporter des conteneurs, des marchandises en vrac, du ciment, du riz, etc. Elle est principalement utilis\u00e9e pour le transport sur de longues distances. En r\u00e8gle g\u00e9n\u00e9rale, les semi-remorques \u00e0 plateau peuvent transporter de 30 \u00e0 60 tonnes.<\/p>\n<p>S'il s'agit d'un volume de transport important ou de besoins diff\u00e9rents, nous pouvons le personnaliser ou l'exp\u00e9dier par plate-forme. <a class=\"wpil_keyword_link\" title=\"remorque porte-conteneurs\" href=\"https:\/\/www.pandamech.com\/france\/category\/container-chassis\/\" target=\"_blank\" rel=\"noopener\" data-wpil-keyword-link=\"linked\">remorque porte-conteneurs<\/a> certains v\u00e9hicules d\u00e9form\u00e9s. Nous utilisons \u00e9galement <span style=\"color: #0000ff;\"><a style=\"color: #0000ff;\" href=\"https:\/\/www.pandamech.com\/france\/product\/40-shipping-container-chassis-trailers\/\" target=\"_blank\" rel=\"noopener\">Ch\u00e2ssis-remorque pour conteneurs de 40 pieds<\/a><\/span> pour transporter le conteneur.<\/p>\n<h2>4 Axle platform truck trailer images<\/h2>\n<p><img decoding=\"async\" class=\"alignnone size-full\" title=\"Semi-remorque \u00e0 plateau de 40 pieds \u00e0 4 essieux\" src=\"https:\/\/pandamech.com\/wp-content\/uploads\/2022\/10\/4axle-flatbed-7.jpg\" alt=\"Semi-remorque \u00e0 plateau de 40 pieds \u00e0 4 essieux\" \/><\/p>\n<p>qual axles 40ft flatbed truck semi trailer for sale<\/p>\n<p><img decoding=\"async\" class=\"alignnone size-full\" title=\"Tracteur remorque 40ft flatbed container\" src=\"https:\/\/pandamech.com\/wp-content\/uploads\/2022\/10\/4axle-flatbed-8.jpg\" alt=\"Tracteur remorque 40ft flatbed container\" \/><\/p>\n<p>Prix d'une remorque \u00e0 plateau \u00e0 4 essieux - <span style=\"color: #0000ff;\"><a style=\"color: #0000ff;\" href=\"https:\/\/www.pandamech.com\/france\/product\/3-axle-40-foot-flatbed-semi-trailer\/\" target=\"_blank\" rel=\"noopener\">Remorque \u00e0 plateau \u00e0 3 essieux<\/a><\/span><\/p>\n<p><img decoding=\"async\" class=\"alignnone size-full\" title=\"Fabricant de semi-remorques \u00e0 plate-forme \u00e0 4 essieux\" src=\"https:\/\/pandamech.com\/wp-content\/uploads\/2022\/10\/4axle-flatbed-9.jpg\" alt=\"Semi-remorque \u00e0 4 essieux \u00e0 vendre\" \/><\/p>\n<p>Fabricant de remorques de camion \u00e0 plate-forme \u00e0 4 essieux<\/p>\n<p style=\"text-align: center;\"><a class=\"product_button\" href=\"#elementor-action%3Aaction%3Dpopup%3Aopen%26settings%3DeyJpZCI6Ijk5MDciLCJ0b2dnbGUiOmZhbHNlfQ%3D%3D\">Cliquez pour plus de d\u00e9tails<\/a><\/p>\n<h2>Transport de la remorque du camion plate-forme<\/h2>\n<p>Pour le transport de la semi-remorque \u00e0 plateau \u00e0 4 essieux, de nombreux clients choisissent le transport par conteneur, car il permet de r\u00e9duire les co\u00fbts et la dur\u00e9e du transport.<\/p>\n<p>Les semi-remorques \u00e0 plateau sont g\u00e9n\u00e9ralement utilis\u00e9es pour le transport des vraquiers ou des navires rouliers. Nous veillerons \u00e0 ce que les semi-remorques commerciales \u00e0 plateau de Panda Mech soient cir\u00e9es et recouvertes de b\u00e2ches lorsque les cargos sont en vrac.<\/p>\n<p><img decoding=\"async\" class=\"alignnone size-full\" title=\"transport de semi-remorques \u00e0 plate-forme\" src=\"https:\/\/pandamech.com\/wp-content\/uploads\/2022\/08\/flatbed-semi-trailer-transport4.jpg\" alt=\"transport de semi-remorques \u00e0 plate-forme\" \/><\/p>\n<p>plate-forme semi-camion remorque transport<\/p>\n<p>En rapport : <a href=\"https:\/\/www.pandamech.com\/france\/product\/3-axle-40-foot-flatbed-semi-trailer\/\" target=\"_blank\" rel=\"noopener\"><span style=\"color: #0000ff;\">Semi-remorque \u00e0 plateau de 40 pieds<\/span><\/a>, <a href=\"https:\/\/www.pandamech.com\/france\/product\/40-shipping-container-chassis-trailers\/\" target=\"_blank\" rel=\"noopener\"><span style=\"color: #0000ff;\">Ch\u00e2ssis de conteneur de 40 pieds<\/span><\/a><\/p>\n<p style=\"text-align: center;\"><a class=\"product_button\" href=\"#elementor-action%3Aaction%3Dpopup%3Aopen%26settings%3DeyJpZCI6Ijk5MDciLCJ0b2dnbGUiOmZhbHNlfQ%3D%3D\">Obtenir plus de d\u00e9tails<\/a><\/p>\n<h2>Panda Mech<\/h2>\n<p>Panda Mech est un fabricant r\u00e9put\u00e9 de remorques de camion \u00e0 plate-forme en Chine, offrant des remorques de camion \u00e0 plate-forme \u00e0 4 essieux \u00e0 vendre. Nous la personnaliserons en fonction de vos besoins et des lois locales, quelles que soient vos questions sur la remorque de camion \u00e0 plate-forme \u00e0 3 essieux. Veuillez envoyer un e-mail \u00e0 <a href=\"mailto:sales@pandamech.com\">sales@pandamech.com<\/a>.<\/p>\n<p>Les fabricants de Panda Mech ont connu le succ\u00e8s en Asie du Sud-Est, au Moyen-Orient, en Afrique et en Am\u00e9rique du Sud, notamment aux Philippines, en Tanzanie, en C\u00f4te d'Ivoire, etc...<\/p>\n<p style=\"text-align: center;\"><a class=\"product_button\" href=\"#elementor-action%3Aaction%3Dpopup%3Aopen%26settings%3DeyJpZCI6Ijk5MDciLCJ0b2dnbGUiOmZhbHNlfQ%3D%3D\">Obtenir un devis<\/a><\/p>","protected":false},"excerpt":{"rendered":"<p>Type : Tracteur semi-remorque \u00e0 plate-forme \u00e0 4 essieux<\/p>\n<p>Gamme de prix : $8 890-14 500<\/p>\n<p>Livraison : 7-25 jours<\/p>\n<p>Capacit\u00e9 de charge : 70 tonnes<\/p>\n<p>Application : marchandises en vrac, conteneurs<\/p>","protected":false},"featured_media":58188,"template":"","meta":{"_acf_changed":false,"_kad_blocks_custom_css":"","_kad_blocks_head_custom_js":"","_kad_blocks_body_custom_js":"","_kad_blocks_footer_custom_js":"","_kad_post_transparent":"default","_kad_post_title":"","_kad_post_layout":"default","_kad_post_sidebar_id":"","_kad_post_content_style":"default","_kad_post_vertical_padding":"default","_kad_post_feature":"","_kad_post_feature_position":"","_kad_post_header":false,"_kad_post_footer":false,"_kad_post_classname":""},"product_brand":[],"product_cat":[15],"product_tag":[65],"class_list":{"0":"post-32284","1":"product","2":"type-product","3":"status-publish","4":"has-post-thumbnail","6":"product_cat-uncategorized","7":"product_tag-40ft-trailer","9":"first","10":"instock","11":"sold-individually","12":"shipping-taxable","13":"purchasable","14":"product-type-simple","15":"entry","16":"content-bg","17":"loop-entry"},"acf":[],"taxonomy_info":{"product_cat":[{"value":15,"label":"Uncategorized"}],"product_tag":[{"value":65,"label":"40Ft Trailer"}]},"featured_image_src_large":["https:\/\/www.pandamech.com\/wp-content\/uploads\/2022\/10\/4axle-flatbed-3-500x500.jpg",500,500,true],"author_info":[],"comment_info":"","_links":{"self":[{"href":"https:\/\/www.pandamech.com\/france\/wp-json\/wp\/v2\/product\/32284","targetHints":{"allow":["GET"]}}],"collection":[{"href":"https:\/\/www.pandamech.com\/france\/wp-json\/wp\/v2\/product"}],"about":[{"href":"https:\/\/www.pandamech.com\/france\/wp-json\/wp\/v2\/types\/product"}],"version-history":[{"count":1,"href":"https:\/\/www.pandamech.com\/france\/wp-json\/wp\/v2\/product\/32284\/revisions"}],"predecessor-version":[{"id":91310,"href":"https:\/\/www.pandamech.com\/france\/wp-json\/wp\/v2\/product\/32284\/revisions\/91310"}],"wp:featuredmedia":[{"embeddable":true,"href":"https:\/\/www.pandamech.com\/france\/wp-json\/wp\/v2\/media\/58188"}],"wp:attachment":[{"href":"https:\/\/www.pandamech.com\/france\/wp-json\/wp\/v2\/media?parent=32284"}],"wp:term":[{"taxonomy":"product_brand","embeddable":true,"href":"https:\/\/www.pandamech.com\/france\/wp-json\/wp\/v2\/product_brand?post=32284"},{"taxonomy":"product_cat","embeddable":true,"href":"https:\/\/www.pandamech.com\/france\/wp-json\/wp\/v2\/product_cat?post=32284"},{"taxonomy":"product_tag","embeddable":true,"href":"https:\/\/www.pandamech.com\/france\/wp-json\/wp\/v2\/product_tag?post=32284"}],"curies":[{"name":"wp","href":"https:\/\/api.w.org\/{rel}","templated":true}]}}