{"id":21555,"date":"2025-09-05T11:56:58","date_gmt":"2025-09-05T03:56:58","guid":{"rendered":"http:\/\/pandamech.com\/?post_type=product&#038;p=21555"},"modified":"2025-09-06T19:59:51","modified_gmt":"2025-09-06T11:59:51","slug":"30-ton-u-shape-tipper-trailer","status":"publish","type":"product","link":"https:\/\/www.pandamech.com\/france\/product\/30-ton-u-shape-tipper-trailer\/","title":{"rendered":"Remorque \u00e0 benne basculante en U de 30 tonnes"},"content":{"rendered":"<p>Remorque \u00e0 benne basculante \u00e0 3 essieux, \u00e9galement appel\u00e9e semi-remorque \u00e0 benne basculante \u00e0 3 essieux.  La structure comprend le ch\u00e2ssis, la caisse et le syst\u00e8me de levage. Gr\u00e2ce \u00e0 l'alimentation en huile du cylindre par la prise de force, la bo\u00eete de levage s'incline jusqu'\u00e0 l'angle pr\u00e9vu, la cargaison glisse vers l'ext\u00e9rieur, ce qui am\u00e9liore l'efficacit\u00e9 du d\u00e9chargement.<\/p>\n<p>Largement utilis\u00e9 dans les usines de gr\u00e8s, les chantiers de construction et les mines, pour le transport de sable, de gravier, le terrassement et l'exploitation mini\u00e8re.<\/p>\n<p style=\"text-align: center;\"><a class=\"product_button\" href=\"#elementor-action%3Aaction%3Dpopup%3Aopen%26settings%3DeyJpZCI6Ijk5MDciLCJ0b2dnbGUiOmZhbHNlfQ%3D%3D\">Cliquez pour plus de d\u00e9tails<\/a><\/p>\n<h2>Vid\u00e9o de la remorque \u00e0 benne basculante \u00e0 3 essieux<\/h2>\n<p><iframe title=\"Lecteur vid\u00e9o YouTube\" src=\"https:\/\/www.youtube.com\/embed\/uV4awegJhLI\" width=\"800\" height=\"533\" frameborder=\"0\" allowfullscreen=\"allowfullscreen\"><\/iframe><\/p>\n<h2>Remorque \u00e0 benne basculante \u00e0 3 essieux Caract\u00e9ristiques<\/h2>\n<ul>\n<li>Lorsqu'il s'agit de choisir une remorque \u00e0 benne basculante, l'exp\u00e9rience m'a appris que le mat\u00e9riau fait vraiment la diff\u00e9rence. Par exemple, lorsque nous utilisons des poutres \u00e0 haute tension Hardox 450 ou T700, la remorque est presque 2 000 kg plus l\u00e9g\u00e8re que les poutres normales. Cela signifie moins de carburant consomm\u00e9 et une dur\u00e9e de vie plus longue. J'ai vu des clients \u00e9conomiser des milliers de dollars en frais de carburant pour cette seule raison.<\/li>\n<li>La conception de la caisse en U change \u00e9galement la donne. Sa section plus large et son centre de gravit\u00e9 plus bas vous permettent de transporter plus tout en d\u00e9chargeant en douceur. Je me souviens d'un client d'une gravi\u00e8re qui m'a dit : \u201cAvec la forme en U, je n'ai m\u00eame pas besoin de m'inqui\u00e9ter des restes de mat\u00e9riaux qui restent coinc\u00e9s \u00e0 l'int\u00e9rieur\u201d. Il glisse simplement, en toute s\u00e9curit\u00e9 et efficacit\u00e9.<\/li>\n<li>Un ch\u00e2ssis solide avec des poutres \u00e0 double paroi assure la stabilit\u00e9 sur les routes accident\u00e9es. Ajoutez \u00e0 cela les v\u00e9rins hydrauliques FC\/FE qui se soul\u00e8vent jusqu'\u00e0 45\u00b0 et vous constaterez que le temps de d\u00e9chargement est r\u00e9duit de moiti\u00e9. Sur les chantiers tr\u00e8s fr\u00e9quent\u00e9s, cela signifie plus de trajets par jour et plus de b\u00e9n\u00e9fices dans votre poche.<\/li>\n<\/ul>\n<p style=\"text-align: center;\"><a class=\"product_button\" href=\"#elementor-action%3Aaction%3Dpopup%3Aopen%26settings%3DeyJpZCI6Ijk5MDciLCJ0b2dnbGUiOmZhbHNlfQ%3D%3D\">Cliquez pour plus de d\u00e9tails<\/a><\/p>\n<h2>Sp\u00e9cifications des remorques \u00e0 benne basculante \u00e0 3 essieux<\/h2>\n<table style=\"width: 800px;\" border=\"1\" cellspacing=\"1\" cellpadding=\"1\">\n<tbody>\n<tr>\n<td style=\"width: 102px;\" width=\"208\" height=\"28\">\u00a0Marque<\/td>\n<td width=\"606\">\u00a0Panda Mech<\/td>\n<\/tr>\n<tr>\n<td style=\"width: 102px;\" height=\"28\">Charge utile maximale<\/td>\n<td>30 tonnes<\/td>\n<\/tr>\n<tr>\n<td style=\"width: 102px;\" height=\"28\">\u00a0Dimensions totales (mm)<\/td>\n<td width=\"330\">\u00a08 065*2 500*3 230mm<\/td>\n<\/tr>\n<tr>\n<td style=\"width: 102px;\" height=\"28\">\u00a0Dimensions du corps (mm)<\/td>\n<td style=\"width: 170px;\">7 200*2 300*1 400mm<\/td>\n<\/tr>\n<tr>\n<td style=\"width: 102px;\" height=\"28\">\u00a0Syst\u00e8me hydraulique<\/td>\n<td style=\"width: 170px;\">\u00a0Cylindre hydraulique HYVA<\/td>\n<\/tr>\n<tr>\n<td style=\"width: 102px;\" height=\"28\">\u00a0Cylindre<\/td>\n<td style=\"width: 170px;\">\u00a0175, 191, 202, 214 \/ 4TG, 5TG<\/td>\n<\/tr>\n<tr>\n<td style=\"width: 102px;\" height=\"28\">\u00a0Suspension<\/td>\n<td style=\"width: 170px;\">\u00a0Suspension m\u00e9canique<\/td>\n<\/tr>\n<tr>\n<td style=\"width: 102px;\" height=\"28\">\u00a0Kingpin<\/td>\n<td style=\"width: 170px;\">\u00a0JOST 2\u2033 ou 3.5 type d\u00e9tachable<\/td>\n<\/tr>\n<tr>\n<td style=\"width: 102px;\" height=\"28\">\u00a0Syst\u00e8me de freinage<\/td>\n<td style=\"width: 170px;\">\u00a0ABS ou EBS (en option)<\/td>\n<\/tr>\n<tr>\n<td style=\"width: 102px;\" height=\"28\">\u00a0Mat\u00e9riau<\/td>\n<td style=\"width: 170px;\">\u00a0Acier \u00e0 haute r\u00e9sistance de 5 ou 6 mm<\/td>\n<\/tr>\n<tr>\n<td style=\"width: 102px;\" height=\"28\">\u00a0Pneu<\/td>\n<td style=\"width: 170px;\">\u00a012R 22.5 315\/80 R22.5<\/td>\n<\/tr>\n<tr>\n<td style=\"width: 102px;\" height=\"28\">\u00a0Chambres de frein<\/td>\n<td style=\"width: 170px;\">\u00a0T30\/30<\/td>\n<\/tr>\n<\/tbody>\n<\/table>\n<p style=\"text-align: center;\"><a class=\"product_button\" href=\"#elementor-action%3Aaction%3Dpopup%3Aopen%26settings%3DeyJpZCI6Ijk5MDciLCJ0b2dnbGUiOmZhbHNlfQ%3D%3D\">Cliquez pour plus de d\u00e9tails<\/a><\/p>\n<h2>Dessin d'une remorque \u00e0 benne basculante \u00e0 3 essieux<\/h2>\n<p><img fetchpriority=\"high\" decoding=\"async\" class=\"alignnone wp-image-32569 size-full\" src=\"https:\/\/pandamech.com\/wp-content\/uploads\/2022\/08\/tipper-semi-trailer-3.jpg\" alt=\"Dessin d&#039;une remorque \u00e0 benne basculante \u00e0 3 essieux\" width=\"800\" height=\"460\" title=\"\"><\/p>\n<p>Dessin d'un camion \u00e0 benne basculante de 30 tonnes \u00e0 3 essieux et d'une semi-remorque<\/p>\n<h2>Remorque \u00e0 benne basculante \u00e0 3 essieux images<\/h2>\n<p><img decoding=\"async\" class=\"alignnone wp-image-32357 size-full\" src=\"https:\/\/pandamech.com\/wp-content\/uploads\/2022\/10\/25cbm-dump-trailer-7.jpg\" alt=\"Semi-remorque \u00e0 benne basculante \u00e0 3 essieux de 30 tonnes \u00e0 vendre\" width=\"750\" height=\"399\" title=\"\"><\/p>\n<p>Semi-remorque \u00e0 benne basculante \u00e0 3 essieux de 30 tonnes \u00e0 vendre en Chine<\/p>\n<p style=\"text-align: center;\"><a class=\"product_button\" href=\"#elementor-action%3Aaction%3Dpopup%3Aopen%26settings%3DeyJpZCI6Ijk5MDciLCJ0b2dnbGUiOmZhbHNlfQ%3D%3D\">Obtenir un devis imm\u00e9diat<\/a><\/p>\n<h2>Panda Mech<\/h2>\n<p>Panda Mech est un fabricant chinois de remorques \u00e0 benne basculante 30 tonnes en forme de U. Nous fournissons des remorques \u00e0 benne basculante 30 tonnes en forme de U pour la vente. Nous fournissons des remorques basculantes 30 tonnes en forme de U \u00e0 vendre. Les fabricants de Panda Mech ont connu le succ\u00e8s en Asie du Sud-Est, au Moyen-Orient, en Afrique et en Am\u00e9rique du Sud, tels que les Philippines, la Tanzanie, le Nig\u00e9ria, etc...<\/p>\n<p><a href=\"\/france\/contact-us\/\" rel=\"nofollow\"><img decoding=\"async\" src=\"https:\/\/pandamech.com\/wp-content\/uploads\/u_file\/db8ce19fe3.jpg\" alt=\"Remorques \u00e0 benne basculante en acier \" title=\"\"><\/a><\/p>\n<p>En rapport :<\/p>\n<p><a href=\"https:\/\/www.pandamech.com\/france\/product\/6-axle-tipping-semi-trailer\/\" target=\"_blank\" rel=\"noopener\">Remorque \u00e0 benne basculante de 50 tonnes<\/a><\/p>\n<p><a href=\"https:\/\/www.pandamech.com\/france\/product\/china-45m3-tipper-trailer-wholesale\/\" target=\"_blank\" rel=\"noopener\">Remorque \u00e0 benne basculante 45cbm \u00e0 vendre<\/a><\/p>","protected":false},"excerpt":{"rendered":"<p>Mod\u00e8le : 3 essieux 30 tonnes<\/p>\n<p>Fourchette de prix : 12 900-25 000 USD<\/p>\n<p>D\u00e9lai de livraison : 7-25 jours<\/p>\n<p>Application : transport de charbon, de minerai, de mat\u00e9riaux de construction<\/p>\n<p>Angle d'inclinaison : 45\u00b0<\/p>\n<p>Syst\u00e8me hydraulique : Cylindre HYVA<\/p>","protected":false},"featured_media":58827,"template":"","meta":{"_acf_changed":false,"_kad_blocks_custom_css":"","_kad_blocks_head_custom_js":"","_kad_blocks_body_custom_js":"","_kad_blocks_footer_custom_js":"","_kad_post_transparent":"default","_kad_post_title":"","_kad_post_layout":"default","_kad_post_sidebar_id":"","_kad_post_content_style":"default","_kad_post_vertical_padding":"default","_kad_post_feature":"","_kad_post_feature_position":"","_kad_post_header":false,"_kad_post_footer":false,"_kad_post_classname":""},"product_brand":[],"product_cat":[106],"product_tag":[],"class_list":{"0":"post-21555","1":"product","2":"type-product","3":"status-publish","4":"has-post-thumbnail","6":"product_cat-semi-dump-trailer","8":"first","9":"instock","10":"sold-individually","11":"shipping-taxable","12":"purchasable","13":"product-type-simple","14":"entry","15":"content-bg","16":"loop-entry"},"acf":[],"taxonomy_info":{"product_cat":[{"value":106,"label":"End Dump Trailer"}]},"featured_image_src_large":["https:\/\/www.pandamech.com\/wp-content\/uploads\/2022\/08\/30-Ton-U-Shape-Tipper-Trailer-1-500x500.jpg",500,500,true],"author_info":[],"comment_info":"","_links":{"self":[{"href":"https:\/\/www.pandamech.com\/france\/wp-json\/wp\/v2\/product\/21555","targetHints":{"allow":["GET"]}}],"collection":[{"href":"https:\/\/www.pandamech.com\/france\/wp-json\/wp\/v2\/product"}],"about":[{"href":"https:\/\/www.pandamech.com\/france\/wp-json\/wp\/v2\/types\/product"}],"version-history":[{"count":3,"href":"https:\/\/www.pandamech.com\/france\/wp-json\/wp\/v2\/product\/21555\/revisions"}],"predecessor-version":[{"id":91586,"href":"https:\/\/www.pandamech.com\/france\/wp-json\/wp\/v2\/product\/21555\/revisions\/91586"}],"wp:featuredmedia":[{"embeddable":true,"href":"https:\/\/www.pandamech.com\/france\/wp-json\/wp\/v2\/media\/58827"}],"wp:attachment":[{"href":"https:\/\/www.pandamech.com\/france\/wp-json\/wp\/v2\/media?parent=21555"}],"wp:term":[{"taxonomy":"product_brand","embeddable":true,"href":"https:\/\/www.pandamech.com\/france\/wp-json\/wp\/v2\/product_brand?post=21555"},{"taxonomy":"product_cat","embeddable":true,"href":"https:\/\/www.pandamech.com\/france\/wp-json\/wp\/v2\/product_cat?post=21555"},{"taxonomy":"product_tag","embeddable":true,"href":"https:\/\/www.pandamech.com\/france\/wp-json\/wp\/v2\/product_tag?post=21555"}],"curies":[{"name":"wp","href":"https:\/\/api.w.org\/{rel}","templated":true}]}}