{"id":21535,"date":"2022-12-27T19:03:56","date_gmt":"2022-12-27T11:03:56","guid":{"rendered":"http:\/\/pandamech.com\/?post_type=product&#038;p=21535"},"modified":"2025-08-23T01:07:08","modified_gmt":"2025-08-22T17:07:08","slug":"50-ton-cement-bulk-trailer-for-sale","status":"publish","type":"product","link":"https:\/\/www.pandamech.com\/france\/product\/50-ton-cement-bulk-trailer-for-sale\/","title":{"rendered":"Remorque \u00e0 ciment en vrac de 50 tonnes \u00e0 3 essieux"},"content":{"rendered":"<p>La remorque \u00e0 ciment en vrac de 50 tonnes est compos\u00e9e d'un syst\u00e8me de roulement, d'un r\u00e9servoir de chargement, d'un syst\u00e8me d'air et d'un syst\u00e8me de d\u00e9chargement. Elle convient au transport en vrac de mat\u00e9riaux en poudre s\u00e8che (diam\u00e8tre \u2264 0,1mm), tels que les cendres volantes, le ciment, la chaux en poudre, le minerai en poudre, l'alcali granulaire, etc. 3 essieux 50 tonnes en vrac <span style=\"color: #0000ff;\"><a style=\"color: #0000ff;\" href=\"https:\/\/www.pandamech.com\/france\/category\/pneumatic-trailer\/cement-tanker\/\" target=\"_blank\" rel=\"noopener\">Remorques-citernes \u00e0 ciment<\/a><\/span> sont le meilleur choix pour la plupart des achats.<\/p>\n<p><iframe title=\"Lecteur vid\u00e9o YouTube\" src=\"https:\/\/www.youtube.com\/embed\/ptQz5yxKIQw\" width=\"800\" height=\"533\" frameborder=\"0\" allowfullscreen=\"allowfullscreen\"><span data-mce-type=\"bookmark\" style=\"display: inline-block; width: 0px; overflow: hidden; line-height: 0;\" class=\"mce_SELRES_start\"><\/span><\/iframe><\/p>\n<h2>Fonctionnalit\u00e9<\/h2>\n<p><strong>Meilleur acier brut :<\/strong> Le corps du r\u00e9servoir et la construction en acier \u00e0 haute r\u00e9sistance YP \u2265 620 garantissent une dur\u00e9e de vie plus longue et un poids plus l\u00e9ger.<\/p>\n<p><strong>Soudure de qualit\u00e9 :<\/strong> \u00a0Un acier de qualit\u00e9 et des soudures de qualit\u00e9 assurent une garantie plus longue pour la remorque-citerne \u00e0 ciment en vrac.<\/p>\n<p><strong>Peinture durable :<\/strong> L'ensemble du v\u00e9hicule est nettoy\u00e9 par grenaillage pour \u00eatre peint, deux couches d'appr\u00eat permettent de prolonger la dur\u00e9e de vie de la peinture.<\/p>\n<p><strong>Conception :<\/strong> Le dessin en 3D avec Ansys et Hypermesh Analyze contribue \u00e0 une bonne conception.<\/p>\n<p style=\"text-align: center;\"><a class=\"product_button\" href=\"#elementor-action%3Aaction%3Dpopup%3Aopen%26settings%3DeyJpZCI6Ijk5MDciLCJ0b2dnbGUiOmZhbHNlfQ%3D%3D\">Cliquez pour plus de d\u00e9tails<\/a><\/p>\n<h2>Sp\u00e9cifications de la remorque \u00e0 ciment de 50 tonnes<\/h2>\n<table style=\"width: 800px;\" border=\"1\" cellspacing=\"1\" cellpadding=\"1\">\n<tbody>\n<tr>\n<td width=\"221\" height=\"40\">\u00a0Marque<\/td>\n<td width=\"515\">\u00a0PANDA Mech 50t bulk cement tanker trailer<\/td>\n<\/tr>\n<tr>\n<td width=\"221\" height=\"40\">\u00a0Volume<\/td>\n<td width=\"515\">\u00a040 cbm, 40 m\u00e8tres cubes<\/td>\n<\/tr>\n<tr>\n<td width=\"221\" height=\"40\">\u00a0Capacit\u00e9<\/td>\n<td width=\"515\">\u00a050 tonnes<\/td>\n<\/tr>\n<tr>\n<td width=\"221\" height=\"40\">\u00a0Moteur<\/td>\n<td width=\"515\">\u00a0WeiCai Deutz diesel moto<\/td>\n<\/tr>\n<tr>\n<td width=\"221\" height=\"40\">\u00a0Couvercle de trou d'homme<\/td>\n<td width=\"515\">\u00a02 \u00e0 4 ensembles de 500 mm de diam\u00e8tre<\/td>\n<\/tr>\n<tr>\n<td width=\"221\" height=\"40\">\u00a0Dimensions de la remorque de transport de ciment en vrac<\/td>\n<td>\u00a010500*2500*3500 mm<\/td>\n<\/tr>\n<tr>\n<td width=\"221\" height=\"40\">\u00a0Mat\u00e9riau du r\u00e9servoir<\/td>\n<td width=\"515\">\u00a0Acier \u00e0 haute r\u00e9sistance de 5 mm ou 6 mm \/ Acier inoxydable<\/td>\n<\/tr>\n<tr>\n<td width=\"221\" height=\"40\">\u00a0Structure<\/td>\n<td width=\"515\">\u00a0Q345 acier \u00e0 haute teneur en carbone<\/td>\n<\/tr>\n<tr>\n<td width=\"221\" height=\"40\">\u00a0Train d'atterrissage<\/td>\n<td width=\"515\">\u00a0JOST 28T<\/td>\n<\/tr>\n<tr>\n<td width=\"221\" height=\"40\">\u00a0Suspension<\/td>\n<td width=\"515\">\u00a0Suspension m\u00e9canique ou pneumatique<\/td>\n<\/tr>\n<tr>\n<td width=\"221\" height=\"40\">\u00a0Syst\u00e8me de freinage<\/td>\n<td width=\"515\">\u00a0Chambre T30\/30, valve d'urgence WABCO<\/td>\n<\/tr>\n<tr>\n<td width=\"221\" height=\"40\">\u00a0Essieu<\/td>\n<td width=\"515\">\u00a03 essieux, 1 \u00e0 4 ensembles, essieux de 13, 16, 20 tonnes, BPW ou SAF<\/td>\n<\/tr>\n<tr>\n<td width=\"221\" height=\"40\">\u00a0Pneu<\/td>\n<td width=\"515\">\u00a012R22.5, 385\/65R22.5, 13R22.5, 12.00R24, 315\/80R22.5<\/td>\n<\/tr>\n<tr>\n<td width=\"221\" height=\"40\">\u00a0Pi\u00e8ces pour remorques de ciment en vrac<\/td>\n<td width=\"515\">\u00a0Main courante pneumatique, moteur de marque r\u00e9put\u00e9e, essieu, pneu, fils \u00e9tanches, tuyau semi-m\u00e9trique, soupapes, soupape de d\u00e9charge, coussin gonflable int\u00e9rieur, train d'atterrissage, dispositif de pulv\u00e9risation d'eau, protection lat\u00e9rale et bo\u00eete \u00e0 outils, couvercle de trou d'homme, soufflerie<\/td>\n<\/tr>\n<\/tbody>\n<\/table>\n<p style=\"text-align: center;\"><a class=\"product_button\" href=\"#elementor-action%3Aaction%3Dpopup%3Aopen%26settings%3DeyJpZCI6Ijk5MDciLCJ0b2dnbGUiOmZhbHNlfQ%3D%3D\">Cliquez pour plus de d\u00e9tails<\/a><\/p>\n<h2>Le dessin de la remorque \u00e0 ciment de 50 tonnes<\/h2>\n<p><img fetchpriority=\"high\" decoding=\"async\" class=\"alignnone wp-image-17265 size-full\" style=\"width: 800px;\" title=\"50 Ton Cement Bulk Trailer For Sale\" src=\"https:\/\/pandamech.com\/wp-content\/uploads\/2022\/06\/50-ton-cement-bulk-trailer-for-sale.jpg\" alt=\"Camion-citerne \u00e0 ciment de 50 tonnes, 3 essieux, semi-remorque, dessin\" width=\"800\" height=\"562\" \/><\/p>\n<p>dessin de la remorque citerne \u00e0 ciment de 50 tonnes \u00e0 3 essieux<\/p>\n<h2>50 Ton cement trailer images<\/h2>\n<p><img decoding=\"async\" class=\"wp-image-20804 size-full\" src=\"https:\/\/pandamech.com\/wp-content\/uploads\/2021\/09\/241e8b3e5a.jpg\" alt=\"Remorque \u00e0 ciment de 55 tonnes \u00e0 vendre\" width=\"800\" height=\"533\" title=\"\"><\/p>\n<p>Remorques 3 essieux 50 tonnes pour vrac sec \u00e0 vendre<\/p>\n<p><img decoding=\"async\" class=\"wp-image-20917 size-full\" src=\"https:\/\/pandamech.com\/wp-content\/uploads\/2021\/09\/43b73f1bd5.jpg\" alt=\"Remorque \u00e0 ciment de 55 tonnes \u00e0 vendre\" width=\"800\" height=\"533\" title=\"\"><\/p>\n<p>remorques de transport de ciment \u00e0 trois essieux de 50 tonnes \u00e0 vendre<\/p>\n<p><img loading=\"lazy\" decoding=\"async\" class=\"alignnone wp-image-21105 size-full\" src=\"https:\/\/pandamech.com\/wp-content\/uploads\/2021\/09\/82df0c1911.jpg\" alt=\"vrac de ciment\" width=\"800\" height=\"533\" title=\"\"><\/p>\n<p>Remorque citerne \u00e0 ciment de 50 tonnes \u00e0 3 essieux pour la vente<\/p>\n<p>En rapport : <a href=\"https:\/\/www.pandamech.com\/france\/product\/60-ton-cement-tanker-trailer\/\" target=\"_blank\" rel=\"noopener\"><span style=\"color: #0000ff;\">Citerne \u00e0 ciment de 50 m\u00e8tres cubes<\/span><\/a>, <a href=\"https:\/\/www.pandamech.com\/france\/product\/40-ton-cement-bulker-trailer\/\" target=\"_blank\" rel=\"noopener\"><span style=\"color: #0000ff;\">Remorque de ciment en vrac de 40 tonnes<\/span><\/a><\/p>\n<p style=\"text-align: center;\"><a class=\"product_button\" href=\"#elementor-action%3Aaction%3Dpopup%3Aopen%26settings%3DeyJpZCI6Ijk5MDciLCJ0b2dnbGUiOmZhbHNlfQ%3D%3D\">Obtenir un devis imm\u00e9diat<\/a><\/p>\n<h2>Transport maritime<\/h2>\n<p>Pour \u00e9viter que la peinture du <span style=\"color: #0000ff;\"><a style=\"color: #0000ff;\" href=\"https:\/\/www.pandamech.com\/product\/3-axle-55-ton-cement-bulker-trailer\/\" target=\"_blank\" rel=\"noopener\">vrac de ciment<\/a><\/span> Pour \u00e9viter que la remorque ne soit corrod\u00e9e par l'eau de mer, nous pulv\u00e9risons une couche de cire sur la surface de la remorque de ciment en vrac avant le transport.<\/p>\n<p>Nous envelopperons tous les moteurs diesel des remorques de camions de ciment avec des toiles de pluie.<\/p>\n<p><img loading=\"lazy\" decoding=\"async\" class=\"alignnone wp-image-31375 size-full\" src=\"https:\/\/pandamech.com\/wp-content\/uploads\/2022\/08\/55-ton-cement-bulk-trailer-transport1.jpg\" alt=\"25 120 tonnes de ciment en vrac pour la vente\" width=\"800\" height=\"604\" title=\"\"><\/p>\n<p><img loading=\"lazy\" decoding=\"async\" class=\"alignnone size-full wp-image-31376\" src=\"https:\/\/pandamech.com\/wp-content\/uploads\/2022\/08\/55-ton-cement-bulk-trailer-transport2.jpg\" alt=\"25 120 tonnes de ciment en vrac pour la vente\" width=\"800\" height=\"532\" title=\"\"><\/p>\n<h2>Panda Mech<\/h2>\n<p>Panda Mech est un fabricant chinois de remorques \u00e0 ciment de 50 tonnes. Nous fournissons des remorques \u00e0 ciment de 50 tonnes \u00e0 vendre. Les fabricants de Panda Mech ont connu le succ\u00e8s en Asie du Sud-Est, au Moyen-Orient, en Afrique et en Am\u00e9rique du Sud, tels que les Philippines, la Tanzanie, etc...<\/p>","protected":false},"excerpt":{"rendered":"<p><strong>Marque<\/strong>: PANDA MECH<\/p>\n<p><strong>Type :<\/strong> Remorque \u00e0 ciment de 50 tonnes<\/p>\n<p><strong>Fourchette de prix<\/strong>: 12,800-30,500 USD<\/p>\n<p><strong>Date de livraison<\/strong>7-25 jours<\/p>\n<p><strong>Vitesse d'\u00e9vacuation<\/strong>: &gt;1,5 tonne\/min<\/p>\n<p><strong>Application<\/strong>Transport de ciment, de granul\u00e9s de PVC, de cendres volantes<\/p>","protected":false},"featured_media":58128,"template":"","meta":{"_acf_changed":false,"_kad_blocks_custom_css":"","_kad_blocks_head_custom_js":"","_kad_blocks_body_custom_js":"","_kad_blocks_footer_custom_js":"","_kad_post_transparent":"default","_kad_post_title":"","_kad_post_layout":"default","_kad_post_sidebar_id":"","_kad_post_content_style":"default","_kad_post_vertical_padding":"default","_kad_post_feature":"","_kad_post_feature_position":"","_kad_post_header":false,"_kad_post_footer":false,"_kad_post_classname":""},"product_brand":[],"product_cat":[101],"product_tag":[],"class_list":{"0":"post-21535","1":"product","2":"type-product","3":"status-publish","4":"has-post-thumbnail","6":"product_cat-cement-tanker","8":"first","9":"instock","10":"sold-individually","11":"shipping-taxable","12":"purchasable","13":"product-type-simple","14":"entry","15":"content-bg","16":"loop-entry"},"acf":[],"taxonomy_info":{"product_cat":[{"value":101,"label":"Cement Tanker For Sale"}]},"featured_image_src_large":["https:\/\/www.pandamech.com\/wp-content\/uploads\/2022\/10\/3-500x500.jpg",500,500,true],"author_info":[],"comment_info":"","_links":{"self":[{"href":"https:\/\/www.pandamech.com\/france\/wp-json\/wp\/v2\/product\/21535","targetHints":{"allow":["GET"]}}],"collection":[{"href":"https:\/\/www.pandamech.com\/france\/wp-json\/wp\/v2\/product"}],"about":[{"href":"https:\/\/www.pandamech.com\/france\/wp-json\/wp\/v2\/types\/product"}],"version-history":[{"count":1,"href":"https:\/\/www.pandamech.com\/france\/wp-json\/wp\/v2\/product\/21535\/revisions"}],"predecessor-version":[{"id":91267,"href":"https:\/\/www.pandamech.com\/france\/wp-json\/wp\/v2\/product\/21535\/revisions\/91267"}],"wp:featuredmedia":[{"embeddable":true,"href":"https:\/\/www.pandamech.com\/france\/wp-json\/wp\/v2\/media\/58128"}],"wp:attachment":[{"href":"https:\/\/www.pandamech.com\/france\/wp-json\/wp\/v2\/media?parent=21535"}],"wp:term":[{"taxonomy":"product_brand","embeddable":true,"href":"https:\/\/www.pandamech.com\/france\/wp-json\/wp\/v2\/product_brand?post=21535"},{"taxonomy":"product_cat","embeddable":true,"href":"https:\/\/www.pandamech.com\/france\/wp-json\/wp\/v2\/product_cat?post=21535"},{"taxonomy":"product_tag","embeddable":true,"href":"https:\/\/www.pandamech.com\/france\/wp-json\/wp\/v2\/product_tag?post=21535"}],"curies":[{"name":"wp","href":"https:\/\/api.w.org\/{rel}","templated":true}]}}