{"id":21398,"date":"2025-09-03T11:45:48","date_gmt":"2025-09-03T03:45:48","guid":{"rendered":"http:\/\/pandamech.com\/?post_type=product&#038;p=21398"},"modified":"2025-09-06T16:21:15","modified_gmt":"2025-09-06T08:21:15","slug":"tipping-semi-trailer-p00126p1-html","status":"publish","type":"product","link":"https:\/\/www.pandamech.com\/france\/product\/tipping-semi-trailer-p00126p1-html\/","title":{"rendered":"Remorque \u00e0 benne basculante de 25 tonnes \u00e0 vendre"},"content":{"rendered":"<p>Remorque \u00e0 benne basculante de 25 tonnes, \u00e9galement connue sous le nom de semi-remorque \u00e0 benne basculante en acier de 25 tonnes, <u><a href=\"https:\/\/www.pandamech.com\/france\/product\/40-ton-half-round-end-dump-trailer\/\" target=\"_blank\" rel=\"noopener\">remorque \u00e0 benne basculante demi-ronde<\/a><\/u>, La structure comprend le ch\u00e2ssis, la caisse et le syst\u00e8me de levage. Gr\u00e2ce \u00e0 l'alimentation en huile du cylindre par la prise de force, la caisse de levage s'incline \u00e0 l'angle pr\u00e9vu, la cargaison glisse vers l'ext\u00e9rieur, ce qui am\u00e9liore l'efficacit\u00e9 du d\u00e9chargement.<\/p>\n<h2>Application de la remorque \u00e0 benne basculante de 25 tonnes<\/h2>\n<p data-start=\"1704\" data-end=\"1753\">Transport de charbon, de sable, de gravier, de minerai, largement utilis\u00e9 dans les usines de gr\u00e8s, les chantiers de construction et les mines.<\/p>\n<h2>Remorque \u00e0 benne basculante \u00e0 3 essieux de 25 tonnes images<\/h2>\n<p><img fetchpriority=\"high\" decoding=\"async\" class=\"alignnone wp-image-32374 size-full\" src=\"https:\/\/pandamech.com\/wp-content\/uploads\/2022\/10\/28cbm-tipper-trailer-8.jpg\" alt=\"remorque \u00e0 benne basculante de 25 tonnes \u00e0 trois essieux pour la vente d&#039;usine\" width=\"750\" height=\"450\" title=\"\"><\/p>\n<p>Remorque en U de 25 tonnes \u00e0 vendre en Chine<\/p>\n<p><img decoding=\"async\" class=\"alignnone wp-image-32375 size-full\" src=\"https:\/\/pandamech.com\/wp-content\/uploads\/2022\/10\/28cbm-tipper-trailer-9.jpg\" alt=\"Fournisseur de remorques \u00e0 benne basculante \u00e0 trois essieux de 25 tonnes pour la vente\" width=\"750\" height=\"399\" title=\"\"><br \/>\nU Shape 3 axle 25 ton dump trailer manufacturer<\/p>\n<h2>Sp\u00e9cification de la remorque \u00e0 benne basculante de 25 tonnes<\/h2>\n<table style=\"width: 800px;\" border=\"1\" cellspacing=\"1\" cellpadding=\"1\">\n<tbody>\n<tr>\n<td width=\"208\" height=\"28\">\u00a0Marque<\/td>\n<td width=\"606\">\u00a0Panda Mech<\/td>\n<\/tr>\n<tr>\n<td height=\"28\">\u00a0Capacit\u00e9<\/td>\n<td>\u00a025 tonnes<\/td>\n<\/tr>\n<tr>\n<td height=\"28\">\u00a0Dimensions totales (mm)<\/td>\n<td>\u00a08000*2500*3500 mm<\/td>\n<\/tr>\n<tr>\n<td height=\"28\">\u00a0Dimensions du corps (mm)<\/td>\n<td>\u00a07784*2400*1380 mm<\/td>\n<\/tr>\n<tr>\n<td height=\"28\">\u00a0Poids<\/td>\n<td>\u00a022 100 lbs Standard<\/td>\n<\/tr>\n<tr>\n<td height=\"28\">\u00a0Ch\u00e2ssis<\/td>\n<td>\u00a0Poutre en I con\u00e7ue pour une utilisation intensive et une durabilit\u00e9 accrue<\/td>\n<\/tr>\n<tr>\n<td height=\"28\">\u00a0Poids de l'essieu<\/td>\n<td>\u00a02,3 essieux<\/td>\n<\/tr>\n<tr>\n<td height=\"28\">\u00a0Poids de tare<\/td>\n<td>\u00a0&lt;9 tonnes<\/td>\n<\/tr>\n<tr>\n<td height=\"28\">\u00a0Syst\u00e8me hydraulique<\/td>\n<td>\u00a0Cylindre hydraulique HYVA<\/td>\n<\/tr>\n<tr>\n<td height=\"28\">\u00a0Cylindre<\/td>\n<td>\u00a0175, 191, 202, 214 \/ 4TG, 5TG<\/td>\n<\/tr>\n<tr>\n<td height=\"28\">\u00a0Suspension<\/td>\n<td>\u00a0Suspension m\u00e9canique<\/td>\n<\/tr>\n<tr>\n<td height=\"28\">\u00a0Kingpin<\/td>\n<td>\u00a0JOST 2\u2033 ou 3.5 type d\u00e9tachable<\/td>\n<\/tr>\n<tr>\n<td height=\"28\">\u00a0Train d'atterrissage<\/td>\n<td>\u00a0JOST 28T<\/td>\n<\/tr>\n<tr>\n<td height=\"28\">\u00a0Syst\u00e8me de freinage<\/td>\n<td>\u00a0ABS ou EBS (en option)<\/td>\n<\/tr>\n<tr>\n<td height=\"28\">\u00a0Mat\u00e9riau<\/td>\n<td>\u00a05mm ou 6mm<\/td>\n<\/tr>\n<tr>\n<td height=\"28\">\u00a0Pneu<\/td>\n<td>\u00a012R 22.5 315\/80 R22.5<\/td>\n<\/tr>\n<tr>\n<td height=\"28\">\u00a0Porte-roue de secours<\/td>\n<td>\u00a0un jeu de la roue de secours comprenant un support<\/td>\n<\/tr>\n<tr>\n<td height=\"28\">\u00a0Accessoires<\/td>\n<td>\u00a0Une bo\u00eete \u00e0 outils standard, une poign\u00e9e \u00e0 bascule, une cl\u00e9 d'arbre<\/td>\n<\/tr>\n<tr>\n<td height=\"28\">\u00a0Chambres de frein<\/td>\n<td>\u00a0T30\/30<\/td>\n<\/tr>\n<tr>\n<td height=\"28\">\u00a0pi\u00e8ces<\/td>\n<td>\u00a0Syst\u00e8me \u00e9lectrique, syst\u00e8me de freinage, essieu, pneu, suspension, loquet, kit. rampes de remorque \u00e0 benne basculante en acier<\/td>\n<\/tr>\n<tr>\n<td><a href=\"\/france\/contact-us\/\">Demande de renseignements<\/a><\/td>\n<td><a href=\"\/france\/contact-us\/\">Obtenir un devis gratuit<\/a><\/td>\n<\/tr>\n<\/tbody>\n<\/table>\n<h2>Remorque \u00e0 benne basculante de 25 tonnes ou de 30 tonnes ou de 40 tonnes<\/h2>\n<table style=\"width: 800px;\" border=\"1\" cellspacing=\"1\" cellpadding=\"1\">\n<thead>\n<tr>\n<th>Mod\u00e8le<\/th>\n<th>Capacit\u00e9<\/th>\n<th>Essieu<\/th>\n<th>Fourchette de prix<\/th>\n<th>Application<\/th>\n<\/tr>\n<\/thead>\n<tbody>\n<tr>\n<td>Remorque \u00e0 benne basculante de 25 tonnes<\/td>\n<td style=\"text-align: center;\">25 tonnes<\/td>\n<td style=\"text-align: center;\">3 essieux<\/td>\n<td style=\"text-align: center;\">$12 500-20 000<\/td>\n<td style=\"text-align: center;\">Sable, charbon, gravier, minerai<\/td>\n<\/tr>\n<tr>\n<td>Remorque \u00e0 benne basculante de 30 tonnes<\/td>\n<td style=\"text-align: center;\">30 tonnes<\/td>\n<td style=\"text-align: center;\">3 essieux<\/td>\n<td style=\"text-align: center;\">$13 500-22 000<\/td>\n<td style=\"text-align: center;\">Sable, charbon, gravier, minerai<\/td>\n<\/tr>\n<tr>\n<td>Remorque \u00e0 benne basculante de 40 tonnes<\/td>\n<td style=\"text-align: center;\">40 tonnes<\/td>\n<td style=\"text-align: center;\">3-4 essieux<\/td>\n<td style=\"text-align: center;\">$15 000-25 000<\/td>\n<td style=\"text-align: center;\">Sable, charbon, gravier, minerai<\/td>\n<\/tr>\n<\/tbody>\n<\/table>\n<h2>Avantage de la remorque \u00e0 benne basculante de 25 tonnes<\/h2>\n<p><strong>Mat\u00e9riau :<\/strong><\/p>\n<p>Caisse en Hardox 450 ou mat\u00e9riau \u00e9quivalent r\u00e9sistant \u00e0 l'usure et \u00e0 l'abrasion, poutre \u00e0 haute tension T700, poids \u00e0 vide plus l\u00e9ger de 2000 kg que celui d'une benne \u00e0 mat\u00e9riaux normale, dur\u00e9e de vie plus longue et consommation de carburant plus faible<\/p>\n<p><strong>Bo\u00eete en U :<\/strong><\/p>\n<p>Conception et analyse de la bo\u00eete en U, plus grande surface de section avec barycentre plus bas, chargement plus important et d\u00e9chargement plus facile, s\u00fbr et efficace.<\/p>\n<p><strong>Ch\u00e2ssis :<\/strong><\/p>\n<p>Double \u00e2me pour la conception de la poutre principale, plus solide pour les conditions de route multiples<\/p>\n<p><strong>Cylindre :<\/strong><\/p>\n<p>Mod\u00e8les FC et FE en option, pression de fonctionnement plus \u00e9lev\u00e9e, angle d'inclinaison Max 45\u00b0, r\u00e9duction du temps d'ex\u00e9cution gr\u00e2ce \u00e0 une vitesse d'\u00e9grenage plus rapide, augmentation de la dur\u00e9e d'utilisation gr\u00e2ce \u00e0 des intervalles de service plus longs.<\/p>\n<p><strong>Supports<\/strong>:<\/p>\n<p>Conception am\u00e9lior\u00e9e avec une meilleure r\u00e9sistance aux contraintes et \u00e0 la fatigue<\/p>\n<p><strong>S'assommer :<\/strong><\/p>\n<p>Conception robuste, actionnement pr\u00e9cis, protection de la bo\u00eete travaillant dans l'angle de s\u00e9curit\u00e9<\/p>\n<p><strong>Arbre d'inclinaison :<\/strong><\/p>\n<p>La conception robuste permet de travailler de mani\u00e8re stable lors de l'inclinaison, ce qui est plus durable et plus s\u00fbr.<\/p>\n<p><strong>Syst\u00e8me de fixation<\/strong><\/p>\n<p>Le verrouillage automatique de la porte arri\u00e8re est efficace, la conception ajustable permet d'adapter la situation, l'entretien et le remplacement sont faciles.<\/p>\n<p><strong>Cadre de support auxiliaire :<\/strong><\/p>\n<p>Un cadre de support auxiliaire supporte la bo\u00eete avec un ch\u00e2ssis, \u00e9vitant l'inclinaison de la bo\u00eete, afin de travailler de mani\u00e8re plus s\u00fbre.<\/p>\n<h2>Remorque \u00e0 benne basculante de 25 tonnes \u00e0 vendre<\/h2>\n<p>Panda Mech est un fabricant de remorque \u00e0 benne basculante en acier de 25 tonnes en Chine. Nous fournissons des remorques \u00e0 benne basculante de 25 tonnes \u00e0 vendre. Les fabricants de Panda Mech ont connu le succ\u00e8s en Asie du Sud-Est, au Moyen-Orient, en Afrique et en Am\u00e9rique du Sud, tels que les Philippines, la Tanzanie, le Nigeria, etc...<u><a href=\"https:\/\/www.pandamech.com\/france\/about\/\" rel=\"nofollow noopener\" name=\"662ae8fb-4e4e-4cc5-876a-6bfaecae5a2d\" target=\"_blank\">En savoir plus sur le panda<\/a><\/u><\/p>\n<p><a href=\"\/france\/contact-us\/\" rel=\"nofollow\"><img decoding=\"async\" src=\"https:\/\/pandamech.com\/wp-content\/uploads\/u_file\/db8ce19fe3.jpg\" alt=\"Remorques \u00e0 benne basculante en acier \" title=\"\"><\/a><\/p>\n<p>Si vous avez des probl\u00e8mes techniques avec une semi-remorque \u00e0 benne basculante de 25 tonnes, veuillez envoyer un email directement \u00e0 manager@pandamech.com, nos ing\u00e9nieurs vous r\u00e9pondront d\u00e8s que possible apr\u00e8s r\u00e9ception de l'email.<\/p>\n<h2>FAQ<\/h2>\n<h3>Quel est le prix d'une remorque \u00e0 benne basculante de 25 tonnes ?<\/h3>\n<p>Le prix d'un <strong data-start=\"15\" data-end=\"54\">Remorque \u00e0 benne de 25 tonnes de Panda Mech<\/strong> commence g\u00e9n\u00e9ralement aux alentours de <strong data-start=\"77\" data-end=\"98\">15 000-25 000 DOLLARS AM\u00c9RICAINS<\/strong>, selon le mat\u00e9riau, le syst\u00e8me hydraulique et les options de personnalisation. Avec <strong data-start=\"173\" data-end=\"196\">acier \u00e0 haute r\u00e9sistance<\/strong>, fiable <strong data-start=\"207\" data-end=\"232\">Syst\u00e8me hydraulique HYVA<\/strong>, et l'expertise de plus de 20 ans de Panda Mech, vous obtenez une remorque construite pour les besoins de votre entreprise. <strong data-start=\"303\" data-end=\"341\">la durabilit\u00e9, l'efficacit\u00e9 et le profit<\/strong>.<\/p>\n<h3>Fournissez-vous des remorques \u00e0 benne basculante de 25 tonnes en acier ou en Hardox ?<\/h3>\n<p>Oui \u2705 Chez Panda Mech, nous fournissons diff\u00e9rentes remorques \u00e0 benne basculante en mangan\u00e8se\/acier standard et en acier r\u00e9sistant \u00e0 l'usure Hardox.<\/p>\n<h3>Une remorque \u00e0 benne basculante en forme de U est-elle meilleure pour le sable et le gravier ?<\/h3>\n<p>Oui \ud83d\udc4d A <strong data-start=\"9\" data-end=\"33\">Remorque basculante en U<\/strong> est g\u00e9n\u00e9ralement <strong data-start=\"47\" data-end=\"77\">mieux pour le sable et le gravier<\/strong> par rapport \u00e0 une bo\u00eete carr\u00e9e. Les <strong data-start=\"115\" data-end=\"132\">corps en U incurv\u00e9<\/strong> permet au sable, au gravier et aux agr\u00e9gats en vrac de <strong data-start=\"178\" data-end=\"205\">glisser plus facilement<\/strong>, r\u00e9duisant ainsi les r\u00e9sidus de mat\u00e9riaux et acc\u00e9l\u00e9rant le d\u00e9chargement.<\/p>","protected":false},"excerpt":{"rendered":"<p>Mod\u00e8le : Camion \u00e0 benne basculante de 25 tonnes, 3 essieux, semi-remorque \u00e0 vendre<\/p>\n<p>Fourchette de prix : 13 000-25 000 USD<\/p>\n<p>D\u00e9lai de livraison : 7-25 jours<\/p>\n<p>Application : transport de charbon, de minerai, de mat\u00e9riaux de construction<\/p>\n<p>Angle d'inclinaison : 45\u00b0<\/p>\n<p>Syst\u00e8me hydraulique : Cylindre HYVA<\/p>","protected":false},"featured_media":58110,"template":"","meta":{"_acf_changed":false,"_kad_blocks_custom_css":"","_kad_blocks_head_custom_js":"","_kad_blocks_body_custom_js":"","_kad_blocks_footer_custom_js":"","_kad_post_transparent":"default","_kad_post_title":"","_kad_post_layout":"default","_kad_post_sidebar_id":"","_kad_post_content_style":"default","_kad_post_vertical_padding":"default","_kad_post_feature":"","_kad_post_feature_position":"","_kad_post_header":false,"_kad_post_footer":false,"_kad_post_classname":""},"product_brand":[],"product_cat":[106],"product_tag":[],"class_list":{"0":"post-21398","1":"product","2":"type-product","3":"status-publish","4":"has-post-thumbnail","6":"product_cat-semi-dump-trailer","8":"first","9":"instock","10":"sold-individually","11":"shipping-taxable","12":"purchasable","13":"product-type-simple","14":"entry","15":"content-bg","16":"loop-entry"},"acf":[],"taxonomy_info":{"product_cat":[{"value":106,"label":"End Dump Trailer"}]},"featured_image_src_large":["https:\/\/www.pandamech.com\/wp-content\/uploads\/2022\/10\/28cbm-tipper-trailer-1-500x500.jpg",500,500,true],"author_info":[],"comment_info":"","_links":{"self":[{"href":"https:\/\/www.pandamech.com\/france\/wp-json\/wp\/v2\/product\/21398","targetHints":{"allow":["GET"]}}],"collection":[{"href":"https:\/\/www.pandamech.com\/france\/wp-json\/wp\/v2\/product"}],"about":[{"href":"https:\/\/www.pandamech.com\/france\/wp-json\/wp\/v2\/types\/product"}],"version-history":[{"count":3,"href":"https:\/\/www.pandamech.com\/france\/wp-json\/wp\/v2\/product\/21398\/revisions"}],"predecessor-version":[{"id":91579,"href":"https:\/\/www.pandamech.com\/france\/wp-json\/wp\/v2\/product\/21398\/revisions\/91579"}],"wp:featuredmedia":[{"embeddable":true,"href":"https:\/\/www.pandamech.com\/france\/wp-json\/wp\/v2\/media\/58110"}],"wp:attachment":[{"href":"https:\/\/www.pandamech.com\/france\/wp-json\/wp\/v2\/media?parent=21398"}],"wp:term":[{"taxonomy":"product_brand","embeddable":true,"href":"https:\/\/www.pandamech.com\/france\/wp-json\/wp\/v2\/product_brand?post=21398"},{"taxonomy":"product_cat","embeddable":true,"href":"https:\/\/www.pandamech.com\/france\/wp-json\/wp\/v2\/product_cat?post=21398"},{"taxonomy":"product_tag","embeddable":true,"href":"https:\/\/www.pandamech.com\/france\/wp-json\/wp\/v2\/product_tag?post=21398"}],"curies":[{"name":"wp","href":"https:\/\/api.w.org\/{rel}","templated":true}]}}