{"id":21374,"date":"2022-05-22T19:02:46","date_gmt":"2022-05-22T11:02:46","guid":{"rendered":"http:\/\/pandamech.com\/?post_type=product&#038;p=21374"},"modified":"2025-08-23T01:08:27","modified_gmt":"2025-08-22T17:08:27","slug":"a-double-drop-side-semi-trailer","status":"publish","type":"product","link":"https:\/\/www.pandamech.com\/france\/product\/a-double-drop-side-semi-trailer\/","title":{"rendered":"Barre d'attelage Drop Side Wall Trailer"},"content":{"rendered":"<p>La remorque \u00e0 flanc de coque est essentiellement un tracteur semi-remorque standard auquel est attach\u00e9e une remorque suppl\u00e9mentaire. Les camions \u00e0 parois lat\u00e9rales tombantes sont souvent utilis\u00e9s pour les longs trajets ou lorsque de grandes quantit\u00e9s de marchandises doivent \u00eatre livr\u00e9es d'un endroit \u00e0 un autre.<\/p>\n<p>Le fabricant Panda Mech fournit des semi-remorques \u00e0 timon et \u00e0 ridelles pour la vente. Selon les exigences des clients, nous pouvons concevoir diff\u00e9rents types de semi-remorques doubles. <a href=\"https:\/\/www.pandamech.com\/france\/category\/cargo-trailer\/side-wall-trailer\/\" target=\"_blank\" rel=\"noopener\"><span style=\"color: #0000ff;\">remorques \u00e0 ridelles<\/span><\/a> pour r\u00e9pondre au transport de diverses marchandises particuli\u00e8res.<\/p>\n<h2>Caract\u00e9ristiques de la remorque \u00e0 parois lat\u00e9rales \u00e0 barre de traction<\/h2>\n<ul>\n<li>Structure en acier tr\u00e8s robuste avec capacit\u00e9 de traction et de charge \u00e9lev\u00e9e, capacit\u00e9 de charge de 60 tonnes.<\/li>\n<li>Les parois lat\u00e9rales de 800 mm sont standard, les parois lat\u00e9rales de 600 mm sont en option.<\/li>\n<li>Suspension m\u00e9canique \u00e0 ressort de type robuste pour les charges \u00e9lev\u00e9es des besoins.<\/li>\n<li>Longueur et largeur du lit bas disponibles sur mesure.<\/li>\n<\/ul>\n<p style=\"text-align: center;\"><a class=\"product_button\" href=\"#elementor-action%3Aaction%3Dpopup%3Aopen%26settings%3DeyJpZCI6Ijk5MDciLCJ0b2dnbGUiOmZhbHNlfQ%3D%3D\">Cliquez pour plus de d\u00e9tails<\/a><\/p>\n<h2>Sp\u00e9cifications de la remorque \u00e0 ridelles \u00e0 timon<\/h2>\n<table style=\"width: 800px;\" border=\"1\" cellspacing=\"1\" cellpadding=\"1\">\n<tbody>\n<tr>\n<td width=\"216\" height=\"36\">\u00a0Fabricant<\/td>\n<td width=\"493\">\u00a0Remorque \u00e0 parois lat\u00e9rales \u00e0 timon Panda Mech<\/td>\n<\/tr>\n<tr>\n<td height=\"36\">\u00a0Poutre principale<\/td>\n<td width=\"493\">\u00a0Acier Q345 ; hauteur de 500 mm ; plaque centrale de 8 mm ; plaque inf\u00e9rieure de 16 mm.<\/td>\n<\/tr>\n<tr>\n<td height=\"36\">\u00a0Traverse<\/td>\n<td width=\"493\">\u00a0Acier pour profil\u00e9s 10#<\/td>\n<\/tr>\n<tr>\n<td height=\"36\">\u00a0Faisceau lat\u00e9ral<\/td>\n<td width=\"493\">\u00a016# acier \u00e0 cannelures<\/td>\n<\/tr>\n<tr>\n<td height=\"36\">\u00a0Goupille royale<\/td>\n<td width=\"493\">\u00a0Goupille de traction 2\u201d ou 3,5<\/td>\n<\/tr>\n<tr>\n<td height=\"36\">\u00a0Plancher<\/td>\n<td width=\"493\">\u00a0Plaque d'acier diamant\u00e9e de 3 mm<\/td>\n<\/tr>\n<tr>\n<td height=\"36\">\u00a0Suspension<\/td>\n<td width=\"493\">\u00a0suspension m\u00e9canique ou pneumatique<\/td>\n<\/tr>\n<tr>\n<td height=\"36\">\u00a0Essieu<\/td>\n<td width=\"493\">\u00a03 essieux Fuwa Brand<\/td>\n<\/tr>\n<tr>\n<td height=\"36\">\u00a0Jante de roue<\/td>\n<td width=\"493\">\u00a0Jante en acier 9.0-22.5<\/td>\n<\/tr>\n<tr>\n<td height=\"36\">\u00a0Pneu<\/td>\n<td width=\"493\">\u00a0Spe:12R22.5 ; Nombre de pneus:12 pi\u00e8ces<\/td>\n<\/tr>\n<tr>\n<td height=\"36\">\u00a0Chambre de frein<\/td>\n<td width=\"493\">\u00a06 grande chambre (WEBCO en option)<\/td>\n<\/tr>\n<tr>\n<td height=\"36\">\u00a0Syst\u00e8me de freinage<\/td>\n<td width=\"493\">\u00a0Syst\u00e8me de freinage \u00e0 deux conduites<\/td>\n<\/tr>\n<\/tbody>\n<\/table>\n<p style=\"text-align: center;\"><a class=\"product_button\" href=\"#elementor-action%3Aaction%3Dpopup%3Aopen%26settings%3DeyJpZCI6Ijk5MDciLCJ0b2dnbGUiOmZhbHNlfQ%3D%3D\">Obtenir un devis imm\u00e9diat<\/a><\/p>\n<h2>Application pour remorque \u00e0 parois lat\u00e9rales avec barre de traction :<\/h2>\n<p>La remorque de camion \u00e0 parois lat\u00e9rales et \u00e0 barres d'attelage est g\u00e9n\u00e9ralement utilis\u00e9e pour le transport de marchandises en vrac. Elle est principalement utilis\u00e9e pour les transports longue distance. En r\u00e8gle g\u00e9n\u00e9rale, la remorque \u00e0 parois lat\u00e9rales peut transporter de 30 \u00e0 80 tonnes.<\/p>\n<p>S'il s'agit d'une grande quantit\u00e9 de transport ou de besoins diff\u00e9rents, nous pouvons le personnaliser ou tirer la paroi lat\u00e9rale de la remorque du tracteur de certains v\u00e9hicules d\u00e9form\u00e9s.<\/p>\n<h2>Remorque \u00e0 ridelles \u00e0 barre d'attelage images<\/h2>\n<p><img fetchpriority=\"high\" decoding=\"async\" class=\"alignnone wp-image-22101 size-full\" src=\"https:\/\/pandamech.com\/wp-content\/uploads\/2021\/08\/7-112.jpg\" alt=\"remorque de tracteur \u00e0 parois lat\u00e9rales avec barre de traction\" width=\"800\" height=\"533\" title=\"\"><\/p>\n<p>Remorque de transport \u00e0 barre d'attelage et \u00e0 ridelles pour la vente<\/p>\n<p><img decoding=\"async\" class=\"alignnone wp-image-22102 size-full\" src=\"https:\/\/pandamech.com\/wp-content\/uploads\/2021\/08\/8-95.jpg\" alt=\"remorque compl\u00e8te \u00e0 parois lat\u00e9rales \u00e0 vendre\" width=\"800\" height=\"533\" title=\"\"><\/p>\n<p>remorque \u00e0 barre d'attelage, \u00e0 ridelles, \u00e0 vendre<\/p>\n<p><img decoding=\"async\" class=\"alignnone wp-image-22103 size-full\" src=\"https:\/\/pandamech.com\/wp-content\/uploads\/2021\/08\/9-51.jpg\" alt=\"remorque \u00e0 parois lat\u00e9rales \u00e0 barre d&#039;attelage pour le transport de marchandises en vrac \u00e0 vendre\" width=\"800\" height=\"533\" title=\"\"><\/p>\n<p>remorque cargo \u00e0 ridelles lat\u00e9rales et \u00e0 timon - <a href=\"https:\/\/www.pandamech.com\/france\/product\/60-ton-drop-side-wall-trailer\/\" target=\"_blank\" rel=\"noopener\"><span style=\"color: #0000ff;\">Remorque \u00e0 parois lat\u00e9rales de 60 tonnes<\/span><\/a><\/p>\n<p>En rapport : <span style=\"color: #0000ff;\"><a style=\"color: #0000ff;\" href=\"https:\/\/www.pandamech.com\/france\/category\/tipper-trailer\/semi-dump-trailer\/\" target=\"_blank\" rel=\"noopener\">semi-remorque \u00e0 benne basculante<\/a><\/span>, <a href=\"https:\/\/www.pandamech.com\/france\/category\/cargo-trailer\/flatbed-semi-trailer\/\" target=\"_blank\" rel=\"noopener\"><span style=\"color: #0000ff;\">remorque \u00e0 plateau<\/span><\/a><\/p>\n<p style=\"text-align: center;\"><a class=\"product_button\" href=\"#elementor-action%3Aaction%3Dpopup%3Aopen%26settings%3DeyJpZCI6Ijk5MDciLCJ0b2dnbGUiOmZhbHNlfQ%3D%3D\">Cliquez pour plus de d\u00e9tails<\/a><\/p>\n<h2>Remorques \u00e0 parois lat\u00e9rales \u00e0 barre d'attelage \u00e0 vendre<\/h2>\n<p>Nous sommes un fabricant chinois de remorques \u00e0 parois lat\u00e9rales \u00e0 barre d'attelage. Nous fournissons des remorques \u00e0 parois lat\u00e9rales \u00e0 barre d'attelage pour la vente. Nous pouvons les personnaliser en fonction de vos besoins. Les fabricants de Panda Mech ont connu le succ\u00e8s en Asie du Sud-Est, au Moyen-Orient, en Afrique et en Am\u00e9rique du Sud, tels que les Philippines, la Tanzanie, etc...<\/p>\n<p><a href=\"\/france\/contact-us\/\" rel=\"nofollow\"><img decoding=\"async\" src=\"https:\/\/pandamech.com\/wp-content\/uploads\/u_file\/db8ce19fe3.jpg\" alt=\"Semi-remorque \u00e0 double ridelle \u00e0 vendre\" title=\"\"><\/a><\/p>","protected":false},"excerpt":{"rendered":"<p>Type : remorque \u00e0 double ridelle<\/p>\n<p>Gamme de prix : $10900-23,900<\/p>\n<p>Livraison : 7-25 jours<\/p>\n<p>Poids de la charge : 30-60 tonnes<\/p>\n<p>Application : Transport de marchandises en vrac, de ciment en sac<\/p>","protected":false},"featured_media":62923,"template":"","meta":{"_acf_changed":false,"_kad_blocks_custom_css":"","_kad_blocks_head_custom_js":"","_kad_blocks_body_custom_js":"","_kad_blocks_footer_custom_js":"","_kad_post_transparent":"default","_kad_post_title":"","_kad_post_layout":"default","_kad_post_sidebar_id":"","_kad_post_content_style":"default","_kad_post_vertical_padding":"default","_kad_post_feature":"","_kad_post_feature_position":"","_kad_post_header":false,"_kad_post_footer":false,"_kad_post_classname":""},"product_brand":[],"product_cat":[75],"product_tag":[],"class_list":{"0":"post-21374","1":"product","2":"type-product","3":"status-publish","4":"has-post-thumbnail","6":"product_cat-side-wall-trailer","8":"first","9":"instock","10":"sold-individually","11":"shipping-taxable","12":"purchasable","13":"product-type-simple","14":"entry","15":"content-bg","16":"loop-entry"},"acf":[],"taxonomy_info":{"product_cat":[{"value":75,"label":"Drop Side Trailer"}]},"featured_image_src_large":["https:\/\/www.pandamech.com\/wp-content\/uploads\/2022\/05\/1-1-500x500.jpg",500,500,true],"author_info":[],"comment_info":"","_links":{"self":[{"href":"https:\/\/www.pandamech.com\/france\/wp-json\/wp\/v2\/product\/21374","targetHints":{"allow":["GET"]}}],"collection":[{"href":"https:\/\/www.pandamech.com\/france\/wp-json\/wp\/v2\/product"}],"about":[{"href":"https:\/\/www.pandamech.com\/france\/wp-json\/wp\/v2\/types\/product"}],"version-history":[{"count":1,"href":"https:\/\/www.pandamech.com\/france\/wp-json\/wp\/v2\/product\/21374\/revisions"}],"predecessor-version":[{"id":91408,"href":"https:\/\/www.pandamech.com\/france\/wp-json\/wp\/v2\/product\/21374\/revisions\/91408"}],"wp:featuredmedia":[{"embeddable":true,"href":"https:\/\/www.pandamech.com\/france\/wp-json\/wp\/v2\/media\/62923"}],"wp:attachment":[{"href":"https:\/\/www.pandamech.com\/france\/wp-json\/wp\/v2\/media?parent=21374"}],"wp:term":[{"taxonomy":"product_brand","embeddable":true,"href":"https:\/\/www.pandamech.com\/france\/wp-json\/wp\/v2\/product_brand?post=21374"},{"taxonomy":"product_cat","embeddable":true,"href":"https:\/\/www.pandamech.com\/france\/wp-json\/wp\/v2\/product_cat?post=21374"},{"taxonomy":"product_tag","embeddable":true,"href":"https:\/\/www.pandamech.com\/france\/wp-json\/wp\/v2\/product_tag?post=21374"}],"curies":[{"name":"wp","href":"https:\/\/api.w.org\/{rel}","templated":true}]}}