{"id":21373,"date":"2025-09-18T16:55:46","date_gmt":"2025-09-18T08:55:46","guid":{"rendered":"http:\/\/pandamech.com\/?post_type=product&#038;p=21373"},"modified":"2025-09-21T18:26:48","modified_gmt":"2025-09-21T10:26:48","slug":"3-axle-20-ft-container-chassis-trailers-for-sale","status":"publish","type":"product","link":"https:\/\/www.pandamech.com\/france\/product\/3-axle-20-ft-container-chassis-trailers-for-sale\/","title":{"rendered":"3 Axle 20FT Container Chassis Trailer"},"content":{"rendered":"<p>Remorque \u00e0 ch\u00e2ssis de conteneur \u00e0 3 essieux, \u00e9galement connue sous le nom de semi-remorque squelette \u00e0 3 essieux, remorque porte-conteneurs, etc. G\u00e9n\u00e9ralement utilis\u00e9e pour le transport de conteneurs ISO dans les ports, les chantiers navals, les routes, les ponts, les tunnels, les stations de transfert, soutenant le syst\u00e8me logistique de transport multimodal. La longueur de 20 pieds s'adapte \u00e0 4 \u00e0 14 ensembles de serrures de conteneurs, convenant aux conteneurs secs 10\u2032, 20\u2032, aux conteneurs-citernes et aux conteneurs frigorifiques, etc.<\/p>\n<h2>\u00a03 Axle 20FT container chassis trailer images<\/h2>\n<p><img decoding=\"async\" style=\"width: 800px;\" src=\"https:\/\/pandamech.com\/wp-content\/uploads\/2022\/04\/2.jpg\" alt=\"Remorque \u00e0 ch\u00e2ssis 3 essieux \u00e0 vendre\" height=\"533\" title=\"\"><\/p>\n<p>Remorque \u00e0 ch\u00e2ssis 3 essieux \u00e0 vendre<\/p>\n<h2>3 Axle 20FT container chassis trailer specification<\/h2>\n<table style=\"width: 800px;\" border=\"1\" cellspacing=\"1\" cellpadding=\"1\">\n<tbody>\n<tr>\n<td width=\"208\" height=\"32\">Dimension<\/td>\n<td width=\"457\">7500*2500*1550mm<\/td>\n<\/tr>\n<tr>\n<td height=\"32\">Hauteur<\/td>\n<td>1550mm<\/td>\n<\/tr>\n<tr>\n<td height=\"32\">Largeur<\/td>\n<td>2500mm<\/td>\n<\/tr>\n<tr>\n<td height=\"32\">Poids<\/td>\n<td>5600Kg<\/td>\n<\/tr>\n<tr>\n<td height=\"32\">Poutre principale<\/td>\n<td>\u201cSection \u201dI\" hauteur 500mm mat\u00e9riau Q345\/T700<\/td>\n<\/tr>\n<tr>\n<td height=\"32\">Serrure tournante<\/td>\n<td>4\/8 set ISO Standard<\/td>\n<\/tr>\n<tr>\n<td height=\"32\">Suspension<\/td>\n<td>M\u00e9canique \/ Air \/ Bogie<\/td>\n<\/tr>\n<tr>\n<td height=\"32\">Essieu<\/td>\n<td>3 essieux BPW\/FUWA\/PDME etc.<\/td>\n<\/tr>\n<tr>\n<td height=\"32\">Jante<\/td>\n<td>8\/12 pi\u00e8ces 9.0-22.5 Acier\/Aluminium<\/td>\n<\/tr>\n<tr>\n<td height=\"32\">Pneu<\/td>\n<td>8\/12 pi\u00e8ces 12R22.5 Bridgeston\/Triangle\/Linglong etc.<\/td>\n<\/tr>\n<tr>\n<td height=\"32\">Valve de frein<\/td>\n<td>WABCO<\/td>\n<\/tr>\n<tr>\n<td height=\"32\">Chambre de frein<\/td>\n<td>4\/6 ensembles T30\/30<\/td>\n<\/tr>\n<tr>\n<td height=\"32\">R\u00e9servoir d'air<\/td>\n<td>28L<\/td>\n<\/tr>\n<tr>\n<td height=\"32\">Tuyau de frein<\/td>\n<td>Tube en fil de nylon<\/td>\n<\/tr>\n<tr>\n<td height=\"32\">Train d'atterrissage<\/td>\n<td>28T Levage JOST\/YAHUA<\/td>\n<\/tr>\n<tr>\n<td height=\"32\">Kingpin<\/td>\n<td>2\u2033(50mm)\/3.5\u2033(90mm) JOST Type de boulonnage<\/td>\n<\/tr>\n<tr>\n<td height=\"32\">Lumi\u00e8res<\/td>\n<td>12v\/24v LED \u00e9tanche<\/td>\n<\/tr>\n<tr>\n<td height=\"32\">Couleur<\/td>\n<td>Sur mesure<\/td>\n<\/tr>\n<tr>\n<td height=\"32\"><u><a href=\"\/france\/contact-us\/\">Demande de renseignements<\/a><\/u><\/td>\n<td><u><a href=\"\/france\/contact-us\/\">Obtenir un devis<\/a><\/u><\/td>\n<\/tr>\n<\/tbody>\n<\/table>\n<h2>3 Axle 20FT container chassis trailer application<\/h2>\n<p>Le ch\u00e2ssis-remorque \u00e0 3 essieux est g\u00e9n\u00e9ralement utilis\u00e9 dans les ports, les navires, les routes, les ponts, les tunnels, les stations de transfert, pour soutenir les syst\u00e8mes logistiques de transport multimodal.<\/p>\n<p>La remorque \u00e0 3 essieux est principalement utilis\u00e9e pour le transport \u00e0 moyenne et longue distance et est g\u00e9n\u00e9ralement utilis\u00e9e pour transporter des conteneurs. Selon vos besoins, nous fournissons de 4 \u00e0 14 jeux de serrures.<\/p>\n<h2>3 Axle 20ft container chassis trailer advantage<\/h2>\n<p><strong>Poutre principale :<\/strong><\/p>\n<p>Mat\u00e9riau en acier Q345 ou T700 \u00e0 haute r\u00e9sistance soud\u00e9 \u00e0 l'arc submerg\u00e9<\/p>\n<p><strong>Verrouillage par rotation :<\/strong><\/p>\n<p>Serrure ISO standard adapt\u00e9e aux conteneurs du monde entier, interrupteur de protection suppl\u00e9mentaire pour \u00e9viter les erreurs de manipulation.<\/p>\n<p><strong>Kingpin :<\/strong><\/p>\n<p>Type de boulonnage de la marque JOST, possibilit\u00e9 de changer entre 2\u201d ou 3,5\u2033.<\/p>\n<p><strong>Essieu :\u00a0<\/strong><\/p>\n<p>Les marques BPW, FUWA, PD en option permettent de travailler plus longtemps sans entretien.<\/p>\n<p><strong>Pneu :<\/strong><\/p>\n<p>Pneu de marque r\u00e9put\u00e9e en option, taille personnalis\u00e9e<\/p>\n<p><strong>Jambes :<\/strong><\/p>\n<p>Qualit\u00e9 de la jante en acier ou en alu sur mesure<\/p>\n<p><strong>Suspension :\u00a0<\/strong><\/p>\n<p>Suspension m\u00e9canique \u00e0 haut rendement avec ressorts de qualit\u00e9 \u00e9galisateurs<\/p>\n<p><strong>Syst\u00e8me de freinage :<\/strong><\/p>\n<p>Syst\u00e8me de freinage pneumatique \u00e0 deux conduites, chambre T30\/30 et valve d'urgence \u00e0 relais WABCO, syst\u00e8me ABS et EBS en option<\/p>\n<p><strong>Tuyau de frein :<\/strong><\/p>\n<p>Tube en fil de nylon plus s\u00fbr pour le freinage \u00e0 haute pression<\/p>\n<h2>Panda Mech<\/h2>\n<p>Panda Mech est un fabricant chinois de ch\u00e2ssis remorque \u00e0 3 essieux pour conteneurs de 20 pieds. Nous fournissons des remorques \u00e0 ch\u00e2ssis de conteneur 3 essieux 20ft pour la vente. Les fabricants de PANDA MECH ont eu du succ\u00e8s en Asie du Sud-Est, au Moyen-Orient, en Afrique et en Am\u00e9rique du Sud, tels que les Philippines, la Tanzanie, le Nigeria, etc...<\/p>\n<p><a href=\"\/france\/contact-us\/\" rel=\"nofollow\"><img decoding=\"async\" src=\"https:\/\/pandamech.com\/wp-content\/uploads\/u_file\/db8ce19fe3.jpg\" alt=\"Ch\u00e2ssis de conteneur de 40 pieds\" title=\"\"><\/a><\/p>","protected":false},"excerpt":{"rendered":"<p>Type : Remorque ch\u00e2ssis conteneur de 20 pieds<\/p>\n<p>Gamme de prix : $6 800-12 900<\/p>\n<p>Livraison : 7-23 jours<\/p>\n<p>Application : transport de conteneurs de 1*20ft ou de 2*10ft<\/p>\n<p>Mat\u00e9riau : acier au carbone \u00e0 haute r\u00e9sistance<\/p>","protected":false},"featured_media":57733,"template":"","meta":{"_acf_changed":false,"_kad_blocks_custom_css":"","_kad_blocks_head_custom_js":"","_kad_blocks_body_custom_js":"","_kad_blocks_footer_custom_js":"","_kad_post_transparent":"default","_kad_post_title":"","_kad_post_layout":"default","_kad_post_sidebar_id":"","_kad_post_content_style":"default","_kad_post_vertical_padding":"default","_kad_post_feature":"","_kad_post_feature_position":"","_kad_post_header":false,"_kad_post_footer":false,"_kad_post_classname":""},"product_brand":[],"product_cat":[103],"product_tag":[60],"class_list":{"0":"post-21373","1":"product","2":"type-product","3":"status-publish","4":"has-post-thumbnail","6":"product_cat-container-chassis-trailer","7":"product_tag-3-axle-trailer","9":"first","10":"instock","11":"sold-individually","12":"shipping-taxable","13":"purchasable","14":"product-type-simple","15":"entry","16":"content-bg","17":"loop-entry"},"acf":[],"taxonomy_info":{"product_cat":[{"value":103,"label":"Container Chassis"}],"product_tag":[{"value":60,"label":"3 Axle Trailer"}]},"featured_image_src_large":["https:\/\/www.pandamech.com\/wp-content\/uploads\/2022\/08\/2-107-500x500.jpg",500,500,true],"author_info":[],"comment_info":"","_links":{"self":[{"href":"https:\/\/www.pandamech.com\/france\/wp-json\/wp\/v2\/product\/21373","targetHints":{"allow":["GET"]}}],"collection":[{"href":"https:\/\/www.pandamech.com\/france\/wp-json\/wp\/v2\/product"}],"about":[{"href":"https:\/\/www.pandamech.com\/france\/wp-json\/wp\/v2\/types\/product"}],"version-history":[{"count":1,"href":"https:\/\/www.pandamech.com\/france\/wp-json\/wp\/v2\/product\/21373\/revisions"}],"predecessor-version":[{"id":91406,"href":"https:\/\/www.pandamech.com\/france\/wp-json\/wp\/v2\/product\/21373\/revisions\/91406"}],"wp:featuredmedia":[{"embeddable":true,"href":"https:\/\/www.pandamech.com\/france\/wp-json\/wp\/v2\/media\/57733"}],"wp:attachment":[{"href":"https:\/\/www.pandamech.com\/france\/wp-json\/wp\/v2\/media?parent=21373"}],"wp:term":[{"taxonomy":"product_brand","embeddable":true,"href":"https:\/\/www.pandamech.com\/france\/wp-json\/wp\/v2\/product_brand?post=21373"},{"taxonomy":"product_cat","embeddable":true,"href":"https:\/\/www.pandamech.com\/france\/wp-json\/wp\/v2\/product_cat?post=21373"},{"taxonomy":"product_tag","embeddable":true,"href":"https:\/\/www.pandamech.com\/france\/wp-json\/wp\/v2\/product_tag?post=21373"}],"curies":[{"name":"wp","href":"https:\/\/api.w.org\/{rel}","templated":true}]}}