{"id":21336,"date":"2025-08-27T18:02:23","date_gmt":"2025-08-27T10:02:23","guid":{"rendered":"http:\/\/pandamech.com\/?post_type=product&#038;p=21336"},"modified":"2025-08-29T11:53:54","modified_gmt":"2025-08-29T03:53:54","slug":"70-ton-4-axles-side-tipper-trailer","status":"publish","type":"product","link":"https:\/\/www.pandamech.com\/france\/product\/70-ton-4-axles-side-tipper-trailer\/","title":{"rendered":"70 Ton Side Tipper Trailer For Sale | Price &amp; Specs"},"content":{"rendered":"<p>Remorque \u00e0 benne lat\u00e9rale de 70 tonnes, \u00e9galement connue sous le nom de remorque \u00e0 benne lat\u00e9rale de 70 tonnes, remorque \u00e0 benne lat\u00e9rale de 70 tonnes. La structure comprend le ch\u00e2ssis, la caisse et le syst\u00e8me de levage. Gr\u00e2ce \u00e0 l'alimentation en huile du cylindre par la prise de force, la bo\u00eete de levage s'incline \u00e0 l'angle pr\u00e9vu, la cargaison glisse vers l'ext\u00e9rieur, ce qui am\u00e9liore l'efficacit\u00e9 du d\u00e9chargement.<\/p>\n<p>Les remorques \u00e0 benne lat\u00e9rale de 70 tonnes sont sp\u00e9cialement fabriqu\u00e9es pour les industries mini\u00e8res et de ressources, les carri\u00e8res, les industries de d\u00e9chets et d'autres applications lourdes et \u00e0 haut d\u00e9bit.<\/p>\n<p>La remorque \u00e0 benne lat\u00e9rale utilise un ch\u00e2ssis en acier \u00e0 haute r\u00e9sistance con\u00e7u et fabriqu\u00e9 pour supporter des charges extr\u00eames. Elle est \u00e9quip\u00e9e de s\u00e9rie de boulons d'attelage homologu\u00e9s pour les trains routiers et de plaques antid\u00e9rapantes \u00e0 haute r\u00e9sistance, \u00e0 haute r\u00e9sistance et \u00e0 haute r\u00e9sistance. Nous sommes capables d'installer des vannes d'air et des syst\u00e8mes hydrauliques pour n'importe quelle valve de camion afin de fournir la meilleure solution pour votre application.<\/p>\n<h2>70 Ton Side tipper trailer images<\/h2>\n<p><img fetchpriority=\"high\" decoding=\"async\" class=\"alignnone\" src=\"\/wp-content\/uploads\/u_file\/13d1905887.jpg\" alt=\"Fabricant de remorques basculantes lat\u00e9rales de 70 tonnes\" width=\"800\" height=\"533\" title=\"\"><br \/>\nSemi-remorque basculante lat\u00e9rale 4 essieux 70 tonnes fabricant<u><\/u><\/p>\n<p><img decoding=\"async\" class=\"alignnone\" src=\"\/wp-content\/uploads\/u_file\/40640fbf72.jpg\" alt=\"Remorque \u00e0 benne lat\u00e9rale 70 tonnes usine\" width=\"800\" height=\"533\" title=\"\"><\/p>\n<p data-start=\"1559\" data-end=\"1620\">Bennes lat\u00e9rales de 70 tonnes \u00e0 4 essieux \u00e0 vendre en Afrique du Sud - Panda Mech Supplier<\/p>\n<h2>70 Ton Side tipper trailer specification &amp; Dimensions &amp; Capacity<\/h2>\n<table style=\"width: 800px;\" border=\"1\" cellspacing=\"1\" cellpadding=\"1\">\n<tbody>\n<tr>\n<td width=\"208\" height=\"28\">\u00a0Marque<\/td>\n<td width=\"606\">\u00a0Panda Mech<\/td>\n<\/tr>\n<tr>\n<td height=\"28\">\u00a0Type<\/td>\n<td>\u00a0type de bloc<\/td>\n<\/tr>\n<tr>\n<td height=\"28\">\u00a0Capacit\u00e9<\/td>\n<td>\u00a070 tonnes<\/td>\n<\/tr>\n<tr>\n<td height=\"28\">\u00a0Dimensions (mm)<\/td>\n<td>\u00a08500-12000*2500*1500 mm<\/td>\n<\/tr>\n<tr>\n<td height=\"28\">\u00a0Dimensions du corps (mm)<\/td>\n<td>\u00a08050-11625*2400*1380 mm<\/td>\n<\/tr>\n<tr>\n<td height=\"28\">\u00a0Ch\u00e2ssis<\/td>\n<td>\u00a0Poutre en I con\u00e7ue pour une utilisation intensive et une durabilit\u00e9 accrue<\/td>\n<\/tr>\n<tr>\n<td height=\"28\">\u00a0Essieu<\/td>\n<td>\u00a02,3 Essieux, BPW ou Fuwa, essieu tandem<\/td>\n<\/tr>\n<tr>\n<td height=\"28\">\u00a0Syst\u00e8me hydraulique<\/td>\n<td>\u00a0Cylindre hydraulique HYVA<\/td>\n<\/tr>\n<tr>\n<td height=\"28\">\u00a0Cylindre<\/td>\n<td>\u00a0175, 191, 202, 214 \/ 4TG, 5TG<\/td>\n<\/tr>\n<tr>\n<td height=\"28\">\u00a0Suspension<\/td>\n<td>\u00a0Suspension m\u00e9canique<\/td>\n<\/tr>\n<tr>\n<td height=\"28\">\u00a0Kingpin<\/td>\n<td>\u00a0JOST 2\u2033 ou 3.5 type d\u00e9tachable<\/td>\n<\/tr>\n<tr>\n<td height=\"28\">\u00a0Train d'atterrissage<\/td>\n<td>\u00a0JOST 28T<\/td>\n<\/tr>\n<tr>\n<td height=\"28\">\u00a0Syst\u00e8me de freinage<\/td>\n<td>\u00a0ABS ou EBS (en option)<\/td>\n<\/tr>\n<tr>\n<td height=\"28\">\u00a0Mat\u00e9riau<\/td>\n<td>\u00a0Acier \u00e0 haute r\u00e9sistance de 5 ou 6 mm<\/td>\n<\/tr>\n<tr>\n<td height=\"28\">\u00a0Pneu<\/td>\n<td>\u00a012R 22.5 315\/80 R22.5<\/td>\n<\/tr>\n<tr>\n<td height=\"28\">\u00a0Porte-roue de secours<\/td>\n<td>\u00a0un jeu de la roue de secours comprenant un support<\/td>\n<\/tr>\n<tr>\n<td height=\"28\">\u00a0Accessoires<\/td>\n<td>\u00a0Une bo\u00eete \u00e0 outils standard, une poign\u00e9e \u00e0 bascule, une cl\u00e9 d'arbre<\/td>\n<\/tr>\n<tr>\n<td height=\"28\">\u00a0Chambres de frein<\/td>\n<td>\u00a0T30\/30<\/td>\n<\/tr>\n<tr>\n<td height=\"28\">\u00a0Pi\u00e8ces d\u00e9tach\u00e9es<\/td>\n<td>\u00a0Syst\u00e8me \u00e9lectrique, syst\u00e8me de freinage, essieu, pneu, suspension, verrou, kit.<\/td>\n<\/tr>\n<tr>\n<td height=\"28\">\u00a0<a href=\"\/france\/contact-us\/\"><u>Demande de renseignements<\/u><\/a><\/td>\n<td><a href=\"\/france\/contact-us\/\"><u>Obtenir un devis gratuit<\/u><\/a><\/td>\n<\/tr>\n<\/tbody>\n<\/table>\n<h2>Avantage de la remorque basculante lat\u00e9rale de 70 tonnes<\/h2>\n<p><strong>Mat\u00e9riau :<\/strong><\/p>\n<p>Caisse en Hardox 450 ou mat\u00e9riau \u00e9quivalent r\u00e9sistant \u00e0 l'usure et \u00e0 l'abrasion, poutre \u00e0 haute tension T700, poids \u00e0 vide plus l\u00e9ger de 2000 kg que celui d'une benne \u00e0 mat\u00e9riaux normale, dur\u00e9e de vie plus longue et consommation de carburant plus faible<\/p>\n<p><strong>Bo\u00eete en U :<\/strong><\/p>\n<p>Conception et analyse de la bo\u00eete en U, section plus large avec barycentre plus bas, chargement plus important et d\u00e9chargement plus facile, s\u00fbr et efficace.<\/p>\n<p><strong>Ch\u00e2ssis :<\/strong><\/p>\n<p>Double \u00e2me pour la conception de la poutre principale, plus solide pour les conditions de route multiples<\/p>\n<p><strong>Cylindre :<\/strong><\/p>\n<p>Mod\u00e8les FC et FE en option, pression de fonctionnement plus \u00e9lev\u00e9e, angle d'inclinaison Max 45\u00b0, r\u00e9duction du temps d'ex\u00e9cution gr\u00e2ce \u00e0 une vitesse d'\u00e9grenage plus rapide, augmentation de la dur\u00e9e d'utilisation gr\u00e2ce \u00e0 des intervalles de service plus longs.<\/p>\n<p><strong>Supports<\/strong>:<\/p>\n<p>Conception am\u00e9lior\u00e9e avec une meilleure r\u00e9sistance aux contraintes et \u00e0 la fatigue<\/p>\n<p><strong>S'assommer :<\/strong><\/p>\n<p>Conception robuste, actionnement pr\u00e9cis, protection de la bo\u00eete travaillant dans l'angle de s\u00e9curit\u00e9<\/p>\n<p><strong>Arbre d'inclinaison :<\/strong><\/p>\n<p>La conception robuste permet de travailler de mani\u00e8re stable lors de l'inclinaison, ce qui est plus durable et plus s\u00fbr.<\/p>\n<p><strong>Syst\u00e8me de fixation<\/strong><\/p>\n<p>Le verrouillage automatique de la porte arri\u00e8re est efficace, la conception ajustable permet d'adapter la situation, l'entretien et le remplacement sont faciles.<\/p>\n<p><strong>Cadre de support auxiliaire :<\/strong><\/p>\n<p>Un cadre de support auxiliaire supporte la bo\u00eete avec un ch\u00e2ssis, \u00e9vitant l'inclinaison de la bo\u00eete, afin de travailler de mani\u00e8re plus s\u00fbre.<\/p>\n<h2>Pi\u00e8ces d\u00e9tach\u00e9es pour remorque \u00e0 benne basculante 70 tonnes<\/h2>\n<p><strong>ch\u00e2ssis<\/strong><\/p>\n<p>Ch\u00e2ssis complet en acier \u00e0 haute r\u00e9sistance.<\/p>\n<p>La section transversale en \u201cI\u201d produite par la technologie de soudage robotis\u00e9 est sp\u00e9cialement dessin\u00e9e en fonction de la conception des carrosseries des camions \u00e0 benne.<\/p>\n<p>La poutre centrale est renforc\u00e9e, r\u00e9sistante \u00e0 la torsion et \u00e0 la d\u00e9formation des ressorts, \u00e0 la s\u00e9curit\u00e9 de roulement, \u00e0 la conception sp\u00e9ciale, et le support de connexion sur la poutre lat\u00e9rale du ch\u00e2ssis r\u00e9duit le stress en r\u00e9partissant la force provenant de l'\u00e9tat de la route.<\/p>\n<p>Les pi\u00e8ces de la structure du ch\u00e2ssis sont produites en parfaite harmonie par des soudeurs qualifi\u00e9s \u00e0 l'aide d'une machine \u00e0 souder collaborative, conform\u00e9ment \u00e0 la norme ISO 3834 de confirmation de la qualit\u00e9 de la production de soudure.<\/p>\n<p>Disponibilit\u00e9 du transport sous diff\u00e9rentes charges et conditions routi\u00e8res.<\/p>\n<p><strong>Accessoires du ch\u00e2ssis<\/strong><\/p>\n<p>La capacit\u00e9 de transport est comprise entre 18 m3 et 50 m3. Les pieds t\u00e9lescopiques sont boulonn\u00e9s par le bas, ce qui r\u00e9pond aux exigences de la norme SAE \u201cKing-pin 385\/65\/22.5 pneus et jantes normalis\u00e9s\u201d.<\/p>\n<p>King-Pin : Type fonctionnel certifi\u00e9 conforme \u00e0 la directive 94\/20\/CE, retir\u00e9 de 2 pouces et install\u00e9 par le bas.<\/p>\n<p>Le stabilisateur m\u00e9canique : Le stabilisateur de la remorque a une double vitesse, une charge dynamique de 25 tonnes et une charge statique de 50 tonnes.<\/p>\n<p><strong>Essieu et syst\u00e8me de suspension<\/strong><\/p>\n<p>Kit disque de suspension pneumatique\/arbre de frein de campus, chaque kit a une capacit\u00e9 de 9 tonnes.<\/p>\n<p><strong>Syst\u00e8me de freinage<\/strong><\/p>\n<p>Wabco EBS 2S \/ 2M avec syst\u00e8me de freinage \u00e0 double circuit RSS avec r\u00e9servoir d'air en aluminium conforme \u00e0 la CE<\/p>\n<p><strong>Syst\u00e8me \u00e9lectronique<\/strong><\/p>\n<p>Utiliser un syst\u00e8me d'\u00e9clairage conforme aux normes CEE, des feux lat\u00e9raux, des r\u00e9flecteurs, des syst\u00e8mes de kits de prises fixes 2 * 7.<\/p>\n<p><strong>Peinture et protection des surfaces<\/strong><\/p>\n<p>Le cadre est poli et durci en surface par un syst\u00e8me de cerclage enti\u00e8rement automatique. Ensuite, on utilise deux fois l'appr\u00eat \u00e9poxy. Apr\u00e8s les deux derni\u00e8res peintures avec le code volontaire RLL, elles sont s\u00e9ch\u00e9es au four \u00e0 60 et 80 degr\u00e9s.<\/p>\n<h2>70 Ton Side tipper trailer for sale<\/h2>\n<p>Panda Mech est un fabricant chinois de semi-remorques \u00e0 benne basculante lat\u00e9rale de 70 tonnes. Nous fournissons des semi-remorques \u00e0 basculement lat\u00e9ral de 70 tonnes et <a href=\"https:\/\/www.pandamech.com\/france\/category\/tipper-trailer\/\"><u>Semi-benne \u00e0 vendre<\/u><\/a>. Les fabricants de Panda Mech ont connu le succ\u00e8s en Asie du Sud-Est, au Moyen-Orient, en Afrique et en Am\u00e9rique du Sud, notamment aux Philippines, en Tanzanie, au Nigeria, etc...<u><a href=\"https:\/\/www.pandamech.com\/france\/about\/\" rel=\"nofollow noopener\" name=\"662ae8fb-4e4e-4cc5-876a-6bfaecae5a2d\" target=\"_blank\">En savoir plus sur le panda<\/a><\/u><\/p>\n<p><a href=\"\/france\/contact-us\/\" rel=\"nofollow\"><img decoding=\"async\" src=\"https:\/\/pandamech.com\/wp-content\/uploads\/u_file\/db8ce19fe3.jpg\" alt=\"Semi-remorques \u00e0 benne basculante lat\u00e9rale \u00e0 3 essieux\" title=\"\"><\/a><\/p>\n<p>FAQ<\/p>\n<h2>Quel poids une remorque \u00e0 benne lat\u00e9rale peut-elle supporter ?<\/h2>\n<p>La remorque \u00e0 benne lat\u00e9rale peut transporter de 60 \u00e0 100 tonnes.<\/p>","protected":false},"excerpt":{"rendered":"<p>Mod\u00e8le : 4 essieux 70 tonnes<\/p>\n<p>Fourchette de prix : 17 000-35 000 USD<\/p>\n<p>D\u00e9lai de livraison : 7-25 jours<\/p>\n<p>Application : transport de charbon, de minerai, de mat\u00e9riaux de construction<\/p>\n<p>syst\u00e8me hydraulique HYVA marque Holland<\/p>\n<p>Corps de la bo\u00eete : Hardox450 et \u00e9quivalent<\/p>","protected":false},"featured_media":57748,"template":"","meta":{"_acf_changed":false,"_kad_blocks_custom_css":"","_kad_blocks_head_custom_js":"","_kad_blocks_body_custom_js":"","_kad_blocks_footer_custom_js":"","_kad_post_transparent":"default","_kad_post_title":"","_kad_post_layout":"default","_kad_post_sidebar_id":"","_kad_post_content_style":"default","_kad_post_vertical_padding":"default","_kad_post_feature":"","_kad_post_feature_position":"","_kad_post_header":false,"_kad_post_footer":false,"_kad_post_classname":""},"product_brand":[],"product_cat":[113],"product_tag":[61],"class_list":{"0":"post-21336","1":"product","2":"type-product","3":"status-publish","4":"has-post-thumbnail","6":"product_cat-side-tipper","7":"product_tag-4-axle-trailer","9":"first","10":"instock","11":"sold-individually","12":"shipping-taxable","13":"purchasable","14":"product-type-simple","15":"entry","16":"content-bg","17":"loop-entry"},"acf":[],"taxonomy_info":{"product_cat":[{"value":113,"label":"Side Tipper"}],"product_tag":[{"value":61,"label":"4 Axle Trailer"}]},"featured_image_src_large":["https:\/\/www.pandamech.com\/wp-content\/uploads\/2022\/08\/2-28-500x500.jpg",500,500,true],"author_info":[],"comment_info":"","_links":{"self":[{"href":"https:\/\/www.pandamech.com\/france\/wp-json\/wp\/v2\/product\/21336","targetHints":{"allow":["GET"]}}],"collection":[{"href":"https:\/\/www.pandamech.com\/france\/wp-json\/wp\/v2\/product"}],"about":[{"href":"https:\/\/www.pandamech.com\/france\/wp-json\/wp\/v2\/types\/product"}],"version-history":[{"count":3,"href":"https:\/\/www.pandamech.com\/france\/wp-json\/wp\/v2\/product\/21336\/revisions"}],"predecessor-version":[{"id":91561,"href":"https:\/\/www.pandamech.com\/france\/wp-json\/wp\/v2\/product\/21336\/revisions\/91561"}],"wp:featuredmedia":[{"embeddable":true,"href":"https:\/\/www.pandamech.com\/france\/wp-json\/wp\/v2\/media\/57748"}],"wp:attachment":[{"href":"https:\/\/www.pandamech.com\/france\/wp-json\/wp\/v2\/media?parent=21336"}],"wp:term":[{"taxonomy":"product_brand","embeddable":true,"href":"https:\/\/www.pandamech.com\/france\/wp-json\/wp\/v2\/product_brand?post=21336"},{"taxonomy":"product_cat","embeddable":true,"href":"https:\/\/www.pandamech.com\/france\/wp-json\/wp\/v2\/product_cat?post=21336"},{"taxonomy":"product_tag","embeddable":true,"href":"https:\/\/www.pandamech.com\/france\/wp-json\/wp\/v2\/product_tag?post=21336"}],"curies":[{"name":"wp","href":"https:\/\/api.w.org\/{rel}","templated":true}]}}