{"id":21331,"date":"2025-08-28T15:02:22","date_gmt":"2025-08-28T07:02:22","guid":{"rendered":"http:\/\/pandamech.com\/?post_type=product&#038;p=21331"},"modified":"2025-08-29T11:14:13","modified_gmt":"2025-08-29T03:14:13","slug":"a-double-tipper-trailer-p00251p1-html","status":"publish","type":"product","link":"https:\/\/www.pandamech.com\/france\/product\/a-double-tipper-trailer-p00251p1-html\/","title":{"rendered":"40 Ton Drawbar Tipper Trailer For Sale"},"content":{"rendered":"<p>La remorque basculante \u00e0 timon convient au transport en vrac de marchandises telles que le charbon, le minerai et les mat\u00e9riaux de construction.<\/p>\n<p>Les remorques basculantes \u00e0 timon peuvent \u00eatre divis\u00e9es en deux cat\u00e9gories en fonction de leur utilisation : La premi\u00e8re est celle des v\u00e9hicules lourds et super lourds pour le transport hors route. Elles sont principalement utilis\u00e9es pour les t\u00e2ches de transport \u00e0 grande \u00e9chelle dans le domaine de l'exploitation mini\u00e8re et de l'ing\u00e9nierie et sont g\u00e9n\u00e9ralement utilis\u00e9es avec des excavateurs.<\/p>\n<p>L'autre est de taille l\u00e9g\u00e8re et moyenne pour le transport routier, transportant des marchandises en vrac telles que le sable, la terre, le charbon, etc. Il est g\u00e9n\u00e9ralement utilis\u00e9 avec un chargeur.<\/p>\n<p style=\"text-align: center;\"><a class=\"product_button\" href=\"#elementor-action%3Aaction%3Dpopup%3Aopen%26settings%3DeyJpZCI6Ijk5MDciLCJ0b2dnbGUiOmZhbHNlfQ%3D%3D\">Cliquez pour plus de d\u00e9tails<\/a><\/p>\n<h2>Remorque basculante 4 essieux 40 tonnes avantage<\/h2>\n<p data-start=\"154\" data-end=\"401\"><strong data-start=\"154\" data-end=\"166\">Mat\u00e9riau<\/strong><br data-start=\"166\" data-end=\"169\" \/>Nous utilisons du Hardox 450 ou un acier tout aussi r\u00e9sistant \u00e0 l'usure pour la caisse, associ\u00e9 \u00e0 une poutre \u00e0 haute tension T700. Cela signifie que la remorque est environ 2 tonnes plus l\u00e9g\u00e8re que les remorques standard, qu'elle fonctionne plus longtemps et qu'elle vous permet m\u00eame d'\u00e9conomiser du carburant \u00e0 long terme.<\/p>\n<p data-start=\"403\" data-end=\"635\"><strong data-start=\"403\" data-end=\"420\">Bo\u00eete en U<\/strong><br data-start=\"420\" data-end=\"423\" \/>La caisse en U n'est pas seulement esth\u00e9tique : elle offre un plus grand espace de chargement et permet d'abaisser le centre de gravit\u00e9. En d'autres termes, vous pouvez transporter plus, d\u00e9verser plus rapidement, et tout cela avec plus de s\u00e9curit\u00e9 et d'efficacit\u00e9.<\/p>\n<p data-start=\"637\" data-end=\"784\"><strong data-start=\"637\" data-end=\"648\">Ch\u00e2ssis<\/strong><br data-start=\"648\" data-end=\"651\" \/>Construit avec une poutre principale \u00e0 double \u00e2me, le ch\u00e2ssis est suffisamment solide pour faire face \u00e0 des conditions routi\u00e8res difficiles et vari\u00e9es sans transpirer.<\/p>\n<p data-start=\"786\" data-end=\"970\"><strong data-start=\"786\" data-end=\"798\">Cylindre<\/strong><br data-start=\"798\" data-end=\"801\" \/>Vous avez le choix entre des v\u00e9rins hydrauliques FC ou FE. Tous deux fournissent une pression \u00e9lev\u00e9e, supportent une inclinaison jusqu'\u00e0 45\u00b0 et acc\u00e9l\u00e8rent le d\u00e9chargement. Moins de temps d'attente, plus de temps de travail.<\/p>\n<p data-start=\"972\" data-end=\"1116\"><strong data-start=\"972\" data-end=\"984\">Supports<\/strong><br data-start=\"984\" data-end=\"987\" \/>Nous avons renforc\u00e9 la conception du support pour qu'il r\u00e9siste mieux aux contraintes et \u00e0 la fatigue, ce qui signifie moins de temps d'arr\u00eat et une dur\u00e9e de vie plus longue.<\/p>\n<p data-start=\"1118\" data-end=\"1250\"><strong data-start=\"1118\" data-end=\"1138\">Syst\u00e8me Knock-Off<\/strong><br data-start=\"1138\" data-end=\"1141\" \/>Le syst\u00e8me d'accrochage est robuste et pr\u00e9cis, ce qui garantit que la bo\u00eete fonctionne toujours \u00e0 un angle s\u00fbr lors du basculement.<\/p>\n<p data-start=\"1252\" data-end=\"1396\"><strong data-start=\"1252\" data-end=\"1266\">Arbre de basculement<\/strong><br data-start=\"1266\" data-end=\"1269\" \/>Cet arbre robuste assure la stabilit\u00e9 de l'ensemble lors du basculement. Il est con\u00e7u pour \u00eatre durable et s\u00fbr, m\u00eame sous de lourdes charges.<\/p>\n<p data-start=\"1398\" data-end=\"1548\"><strong data-start=\"1398\" data-end=\"1418\">Syst\u00e8me de fixation<\/strong><br data-start=\"1418\" data-end=\"1421\" \/>La porte arri\u00e8re est \u00e9quip\u00e9e d'un syst\u00e8me de verrouillage automatique. Il est r\u00e9glable, fiable et facile \u00e0 entretenir ou \u00e0 remplacer en cas de besoin.<\/p>\n<p data-start=\"1550\" data-end=\"1713\"><strong data-start=\"1550\" data-end=\"1577\">Cadre de support auxiliaire<\/strong><br data-start=\"1577\" data-end=\"1580\" \/>Nous avons ajout\u00e9 un cadre auxiliaire qui relie la caisse et le ch\u00e2ssis, ce qui \u00e9vite les probl\u00e8mes d'inclinaison et rend l'ensemble de l'op\u00e9ration plus s\u00fbre.<\/p>\n<p style=\"text-align: center;\"><a class=\"product_button\" href=\"#elementor-action%3Aaction%3Dpopup%3Aopen%26settings%3DeyJpZCI6Ijk5MDciLCJ0b2dnbGUiOmZhbHNlfQ%3D%3D\">Cliquez pour plus de d\u00e9tails<\/a><\/p>\n<h2>Sp\u00e9cification de la remorque basculante \u00e0 4 essieux et \u00e0 timon de 40 tonnes<\/h2>\n<table style=\"width: 800px;\" border=\"1\" cellspacing=\"1\" cellpadding=\"1\">\n<tbody>\n<tr>\n<td width=\"214\" height=\"29\">Objet<\/td>\n<td width=\"489\">Remorque benne \u00e0 double conteneur de 40 tonnes<\/td>\n<\/tr>\n<tr>\n<td>Chargement d'une double remorque \u00e0 benne basculante<\/td>\n<td>Personnaliser<\/td>\n<\/tr>\n<tr>\n<td>Dimensions d'une remorque \u00e0 double benne<\/td>\n<td>En option<\/td>\n<\/tr>\n<tr>\n<td>Utilisation<\/td>\n<td>Sable, pierre, minerai<\/td>\n<\/tr>\n<tr>\n<td>Essieu<\/td>\n<td>6 essieux<\/td>\n<\/tr>\n<tr>\n<td>Pneu<\/td>\n<td>12R 22.5, 315\/80 R22.5<\/td>\n<\/tr>\n<tr>\n<td>Goupille royale<\/td>\n<td>JOST 2\u2033 ou 3.5 type d\u00e9tachable<\/td>\n<\/tr>\n<tr>\n<td>Suspension<\/td>\n<td>Suspension m\u00e9canique ou suspension pneumatique<\/td>\n<\/tr>\n<tr>\n<td>Syst\u00e8me de freinage<\/td>\n<td>ABS ou EBS (en option)<\/td>\n<\/tr>\n<tr>\n<td>Mat\u00e9riau<\/td>\n<td>Acier<\/td>\n<\/tr>\n<tr>\n<td>Train d'atterrissage<\/td>\n<td>JOST 28T<\/td>\n<\/tr>\n<tr>\n<td>Cylindre<\/td>\n<td>175, 191, 202, 214 \/ 4TG, 5TG<\/td>\n<\/tr>\n<tr>\n<td>Chambres de frein<\/td>\n<td>T30\/30<\/td>\n<\/tr>\n<tr>\n<td>Pi\u00e8ces d\u00e9tach\u00e9es d'une remorque \u00e0 double benne<\/td>\n<td>Syst\u00e8me \u00e9lectrique, syst\u00e8me de freinage, essieu, pneu, suspension, verrou, kit, commandes hydrauliques de la benne lat\u00e9rale, diagramme hydraulique de la benne lat\u00e9rale<\/td>\n<\/tr>\n<tr>\n<td><u><a href=\"\/france\/contact-us\/\">Demande de renseignements<\/a><\/u><\/td>\n<td><u><a href=\"\/france\/contact-us\/\">Obtenir un devis gratuit<\/a><\/u><\/td>\n<\/tr>\n<\/tbody>\n<\/table>\n<p>&nbsp;<\/p>\n<h2>Remorque basculante \u00e0 timon de 40 tonnes<\/h2>\n<p><img fetchpriority=\"high\" decoding=\"async\" class=\"alignnone wp-image-31167 size-full\" title=\"remorque basculante \u00e0 barre d&#039;attelage \u00e0 vendre\" src=\"https:\/\/pandamech.com\/wp-content\/uploads\/2022\/08\/7-drawbar-tipper-trailer.jpg\" alt=\"une remorque basculante double \/ \u00e0 timon \u00e0 vendre\" width=\"750\" height=\"496\" \/><\/p>\n<p>Benne basculante 4 essieux 40 tonnes hardox \u00e0 vendre<\/p>\n<p><img decoding=\"async\" class=\"alignnone wp-image-31168 size-full\" title=\"remorque basculante \u00e0 barre d&#039;attelage \u00e0 vendre\" src=\"https:\/\/pandamech.com\/wp-content\/uploads\/2022\/08\/8-drawbar-tipper-trailer.jpg\" alt=\"fabricant de remorques basculantes \u00e0 timon\" width=\"750\" height=\"502\" \/><\/p>\n<p>Remorque basculante \u00e0 4 essieux et \u00e0 timon de 40 tonnes \u00e0 vendre<\/p>\n<p>En rapport : <a href=\"https:\/\/www.pandamech.com\/product\/2-3-4-axle-dump-semi-trailer\/\" target=\"_blank\" rel=\"noopener\"><span style=\"color: #0000ff;\">Semi-remorque \u00e0 benne basculante 2\/3\/4 essieux<\/span><\/a>, <a href=\"https:\/\/www.pandamech.com\/product\/45-cbm-dump-semi-trailer\/\" target=\"_blank\" rel=\"noopener\"><span style=\"color: #0000ff;\">Remorque de camion-benne 45cbm<\/span><\/a><\/p>\n<p style=\"text-align: center;\"><a class=\"product_button\" href=\"#elementor-action%3Aaction%3Dpopup%3Aopen%26settings%3DeyJpZCI6Ijk5MDciLCJ0b2dnbGUiOmZhbHNlfQ%3D%3D\">Obtenir un devis imm\u00e9diat<\/a><\/p>\n<h2>Remorque basculante \u00e0 barre d'attelage \u00e0 vendre<\/h2>\n<p>Panda Mech est un fabricant chinois de remorque basculante \u00e0 timon de 40 tonnes. Nous fournissons des remorques basculantes \u00e0 timon de 40 tonnes pour la vente. Les fabricants de Panda Mech ont connu le succ\u00e8s en Asie du Sud-Est, au Moyen-Orient, en Afrique et en Am\u00e9rique du Sud, tels que les Philippines, la Tanzanie, la C\u00f4te d'Ivoire, etc...<\/p>\n<p><a href=\"\/france\/contact-us\/\" rel=\"nofollow\"><img decoding=\"async\" src=\"https:\/\/pandamech.com\/wp-content\/uploads\/u_file\/db8ce19fe3.jpg\" alt=\"une remorque basculante \u00e0 double conteneur\" title=\"\"><\/a><\/p>\n<p>FAQ<\/p>\n<h2 data-start=\"2166\" data-end=\"2242\">Quelle est la diff\u00e9rence entre une remorque \u00e0 timon et une semi-remorque \u00e0 benne basculante ?<\/h2>\n<p>Une remorque \u00e0 timon poss\u00e8de son propre essieu avant et est reli\u00e9e au camion par une barre d'attelage, de sorte qu'elle peut \u00eatre autonome lorsqu'elle est d\u00e9tach\u00e9e et transporte g\u00e9n\u00e9ralement des charges l\u00e9g\u00e8res ou moyennes ; une semi-remorque \u00e0 benne basculante, en revanche, n'a pas d'essieu avant et repose sur la sellette d'attelage du camion, ce qui la rend plus stable, lui permet de transporter des charges plus lourdes et constitue le choix le plus courant pour le transport de marchandises en vrac \u00e0 grande \u00e9chelle.<\/p>\n<h2 data-start=\"2166\" data-end=\"2242\">Quels sont les mat\u00e9riaux utilis\u00e9s ?<\/h2>\n<p data-start=\"2166\" data-end=\"2242\">Hardox ou acier standard.<\/p>","protected":false},"excerpt":{"rendered":"<p><strong>Mod\u00e8le<\/strong>: Un double \/ barre de traction<\/p>\n<p><strong>Fourchette de prix<\/strong>: 16 000-25 000 USD<\/p>\n<p><strong>Date de livraison<\/strong>7-25 jours<\/p>\n<p><strong>Application<\/strong>Transport Charbon, minerai, mat\u00e9riaux de construction<\/p>\n<p><strong>Corps de la bo\u00eete :<\/strong>\u00a0Hardox450 et \u00e9quivalent<\/p>","protected":false},"featured_media":58814,"template":"","meta":{"_acf_changed":false,"_kad_blocks_custom_css":"","_kad_blocks_head_custom_js":"","_kad_blocks_body_custom_js":"","_kad_blocks_footer_custom_js":"","_kad_post_transparent":"default","_kad_post_title":"","_kad_post_layout":"default","_kad_post_sidebar_id":"","_kad_post_content_style":"default","_kad_post_vertical_padding":"default","_kad_post_feature":"","_kad_post_feature_position":"","_kad_post_header":false,"_kad_post_footer":false,"_kad_post_classname":""},"product_brand":[],"product_cat":[106],"product_tag":[],"class_list":{"0":"post-21331","1":"product","2":"type-product","3":"status-publish","4":"has-post-thumbnail","6":"product_cat-semi-dump-trailer","8":"first","9":"instock","10":"sold-individually","11":"shipping-taxable","12":"purchasable","13":"product-type-simple","14":"entry","15":"content-bg","16":"loop-entry"},"acf":[],"taxonomy_info":{"product_cat":[{"value":106,"label":"End Dump Trailer"}]},"featured_image_src_large":["https:\/\/www.pandamech.com\/wp-content\/uploads\/2022\/05\/2-27cbm-A-double-dump-trailer-500x500.jpg",500,500,true],"author_info":[],"comment_info":"","_links":{"self":[{"href":"https:\/\/www.pandamech.com\/france\/wp-json\/wp\/v2\/product\/21331","targetHints":{"allow":["GET"]}}],"collection":[{"href":"https:\/\/www.pandamech.com\/france\/wp-json\/wp\/v2\/product"}],"about":[{"href":"https:\/\/www.pandamech.com\/france\/wp-json\/wp\/v2\/types\/product"}],"version-history":[{"count":3,"href":"https:\/\/www.pandamech.com\/france\/wp-json\/wp\/v2\/product\/21331\/revisions"}],"predecessor-version":[{"id":91559,"href":"https:\/\/www.pandamech.com\/france\/wp-json\/wp\/v2\/product\/21331\/revisions\/91559"}],"wp:featuredmedia":[{"embeddable":true,"href":"https:\/\/www.pandamech.com\/france\/wp-json\/wp\/v2\/media\/58814"}],"wp:attachment":[{"href":"https:\/\/www.pandamech.com\/france\/wp-json\/wp\/v2\/media?parent=21331"}],"wp:term":[{"taxonomy":"product_brand","embeddable":true,"href":"https:\/\/www.pandamech.com\/france\/wp-json\/wp\/v2\/product_brand?post=21331"},{"taxonomy":"product_cat","embeddable":true,"href":"https:\/\/www.pandamech.com\/france\/wp-json\/wp\/v2\/product_cat?post=21331"},{"taxonomy":"product_tag","embeddable":true,"href":"https:\/\/www.pandamech.com\/france\/wp-json\/wp\/v2\/product_tag?post=21331"}],"curies":[{"name":"wp","href":"https:\/\/api.w.org\/{rel}","templated":true}]}}