{"id":21284,"date":"2025-12-01T15:01:58","date_gmt":"2025-12-01T07:01:58","guid":{"rendered":"http:\/\/pandamech.com\/?post_type=product&#038;p=21284"},"modified":"2025-12-07T09:53:50","modified_gmt":"2025-12-07T01:53:50","slug":"b-double-container-trailer","status":"publish","type":"product","link":"https:\/\/www.pandamech.com\/france\/product\/b-double-container-trailer\/","title":{"rendered":"B Train Container Chassis For Sale"},"content":{"rendered":"<h2>Qu'est-ce qu'un ch\u00e2ssis de conteneur du train B ?<\/h2>\n<p>Le ch\u00e2ssis de conteneur du train B est \u00e9galement connu sous le nom de remorque \u00e0 double ch\u00e2ssis squelettique B, etc. G\u00e9n\u00e9ralement utilis\u00e9 pour le transport de conteneurs ISO dans les ports, les chantiers navals, les routes, les ponts, les tunnels, les stations de transfert, pour soutenir le syst\u00e8me logistique de transport multimodal. La longueur de 40 pieds s'adapte \u00e0 4 \u00e0 14 ensembles de serrures de conteneurs convenant aux conteneurs secs 10\u2032, 20\u2032, 40\u2032, aux conteneurs-citernes et aux conteneurs frigorifiques, etc.<\/p>\n<h3>Applications dans le transport de conteneurs et les ports (ch\u00e2ssis double pour conteneurs)<\/h3>\n<ul>\n<li data-start=\"80\" data-end=\"222\">\n<p data-start=\"82\" data-end=\"222\"><strong data-start=\"82\" data-end=\"112\">Voies de transport portuaires et terrestres :<\/strong> D\u00e9placer deux bo\u00eetes par voyage (par exemple, 2\u00d740\u2032 ou 1\u00d740\u2032+1\u00d720\u2032 lorsque c'est l\u00e9gal) pour r\u00e9duire les d\u00e9placements aux portes, le carburant et les heures de travail des chauffeurs.<\/p>\n<\/li>\n<li data-start=\"223\" data-end=\"340\" data-is-last-node=\"\">\n<p data-start=\"225\" data-end=\"340\" data-is-last-node=\"\"><strong data-start=\"225\" data-end=\"248\">Navettes ferroviaires :<\/strong> Transferts \u00e0 haut d\u00e9bit entre les parcs intermodaux et les d\u00e9p\u00f4ts avec moins d'exp\u00e9ditions par EVP<\/p>\n<\/li>\n<\/ul>\n<h2>B Images de ch\u00e2ssis de conteneurs de train<\/h2>\n<p><img fetchpriority=\"high\" decoding=\"async\" class=\"alignnone wp-image-22252 size-full\" src=\"https:\/\/pandamech.com\/wp-content\/uploads\/2021\/08\/7-126.jpg\" alt=\"b double container trailer fors sale\" width=\"800\" height=\"533\" title=\"\"><\/p>\n<h2>Vid\u00e9o du ch\u00e2ssis de conteneur du train b<\/h2>\n<p><iframe title=\"Lecteur vid\u00e9o YouTube\" src=\"https:\/\/www.youtube.com\/embed\/nu4rd7lOvqQ?si=chw778PkYhbibxwO\" width=\"800\" height=\"533\" frameborder=\"0\" allowfullscreen=\"allowfullscreen\"><\/iframe><\/p>\n<h2>B Ch\u00e2ssis de conteneur de train Sp\u00e9cifications<\/h2>\n<table style=\"width: 800px;\" border=\"1\" cellspacing=\"1\" cellpadding=\"1\">\n<tbody>\n<tr>\n<td width=\"457\" height=\"32\">Dimension<\/td>\n<td width=\"492\">(12500*2500*1550 mm) * 2<\/td>\n<\/tr>\n<tr>\n<td width=\"457\" height=\"32\">Hauteur<\/td>\n<td>1550mm<\/td>\n<\/tr>\n<tr>\n<td width=\"457\" height=\"32\">Largeur<\/td>\n<td>2500mm<\/td>\n<\/tr>\n<tr>\n<td width=\"457\" height=\"32\">Poids<\/td>\n<td>11200Kg<\/td>\n<\/tr>\n<tr>\n<td width=\"457\" height=\"32\">Poutre principale<\/td>\n<td>\u201cSection \u201dI\" hauteur 500mm mat\u00e9riau Q345\/T700<\/td>\n<\/tr>\n<tr>\n<td width=\"457\" height=\"32\">Serrure tournante<\/td>\n<td>12\/14 fixer la norme ISO<\/td>\n<\/tr>\n<tr>\n<td width=\"457\" height=\"32\">Suspension<\/td>\n<td>Suspension m\u00e9canique<\/td>\n<\/tr>\n<tr>\n<td width=\"457\" height=\"32\">Essieu<\/td>\n<td>2 essieux BPW\/FUWA\/PDME etc.<\/td>\n<\/tr>\n<tr>\n<td width=\"457\" height=\"32\">Jante<\/td>\n<td>8\/12\/16 pi\u00e8ces 9.0-22.5 Acier\/Aluminium<\/td>\n<\/tr>\n<tr>\n<td width=\"457\" height=\"32\">Pneu<\/td>\n<td>8\/12\/16 pi\u00e8ces 12R22.5 Bridgeston\/Triangle\/Linglong etc.<\/td>\n<\/tr>\n<tr>\n<td width=\"457\" height=\"32\">Valve de frein<\/td>\n<td>WABCO<\/td>\n<\/tr>\n<tr>\n<td width=\"457\" height=\"32\">Chambre de frein<\/td>\n<td>4\/6\/8 s\u00e9ries T30\/30<\/td>\n<\/tr>\n<tr>\n<td width=\"457\" height=\"32\">R\u00e9servoir d'air<\/td>\n<td>28L<\/td>\n<\/tr>\n<tr>\n<td width=\"457\" height=\"32\">Tuyau de frein<\/td>\n<td>Tube en fil de nylon<\/td>\n<\/tr>\n<tr>\n<td width=\"457\" height=\"32\">Train d'atterrissage<\/td>\n<td>28T Levage JOST\/YAHUA<\/td>\n<\/tr>\n<tr>\n<td width=\"457\" height=\"32\">Kingpin<\/td>\n<td>2\u2033(50mm)\/3.5\u2033(90mm) JOST Type de boulonnage<\/td>\n<\/tr>\n<tr>\n<td width=\"457\" height=\"32\">Lumi\u00e8res<\/td>\n<td>12v\/24v LED \u00e9tanche<\/td>\n<\/tr>\n<tr>\n<td width=\"457\" height=\"32\">Couleur<\/td>\n<td>Sur mesure<\/td>\n<\/tr>\n<\/tbody>\n<\/table>\n<h2>Caract\u00e9ristiques du ch\u00e2ssis porte-conteneurs du train b<\/h2>\n<p data-start=\"143\" data-end=\"355\"><strong data-start=\"143\" data-end=\"177\">1) Structure et capacit\u00e9 de charge<\/strong><\/p>\n<p data-start=\"143\" data-end=\"355\">Un ch\u00e2ssis de conteneur B Train associe une sellette arri\u00e8re sur le cadre A au cadre B ; poutres \u00e0 haute r\u00e9sistance, options droite\/col de cygne ; disposition des serrures pour 2\u00d740\u2032 ou 1\u00d740\u2032+1\u00d720\u2032.<\/p>\n<p data-start=\"357\" data-end=\"548\"><strong data-start=\"357\" data-end=\"381\">2) Efficacit\u00e9 et co\u00fbt<\/strong><\/p>\n<p data-start=\"357\" data-end=\"548\">Un ch\u00e2ssis de conteneur B Train d\u00e9place deux bo\u00eetes par voyage, ce qui permet de r\u00e9duire le carburant par EVP, les d\u00e9placements aux portes et les heures de conduite, tout en r\u00e9duisant les retours \u00e0 vide et la complexit\u00e9 de la r\u00e9partition.<\/p>\n<p data-start=\"550\" data-end=\"751\"><strong data-start=\"550\" data-end=\"575\">3) Stabilit\u00e9 et s\u00e9curit\u00e9<\/strong><\/p>\n<p data-start=\"550\" data-end=\"751\">Le ch\u00e2ssis du conteneur B Train se faufile proprement dans les virages ; un plus grand nombre d'essieux am\u00e9liore la r\u00e9partition du freinage. Les freins pneumatiques \u00e0 double ligne, l'ABS\/EBS, les essieux relevables et coulissants am\u00e9liorent le contr\u00f4le.<\/p>\n<p data-start=\"753\" data-end=\"965\"><strong data-start=\"753\" data-end=\"781\">4) Am\u00e9nagement et maintenance<\/strong><\/p>\n<p data-start=\"753\" data-end=\"965\">Harnais \u00e9tanche, feux \u00e0 LED, modules \u00e0 boulonner, bo\u00eetes \u00e0 outils, porte-roues de secours. <strong data-start=\"862\" data-end=\"876\">Panda Mech<\/strong> prend en charge les jantes en acier\/aluminium, les pneus de marque et l'acc\u00e8s ouvert pour l'entretien afin de minimiser les temps d'arr\u00eat.<\/p>\n<h2>B Ch\u00e2ssis de conteneurs de train Fabricant<\/h2>\n<p>Panda Mech est un fabricant chinois de ch\u00e2ssis de conteneurs pour train B. Nous fournissons des ch\u00e2ssis de conteneurs pour train B en vente. Nous fournissons des ch\u00e2ssis de conteneurs de train B \u00e0 vendre. Les fabricants de PANDA MECH ont r\u00e9ussi en Asie du Sud-Est, au Moyen-Orient, en Afrique et en Am\u00e9rique du Sud, tels que les Philippines, la Tanzanie, etc...<u><a href=\"https:\/\/www.pandamech.com\/france\/about\/\" rel=\"nofollow noopener\" name=\"662ae8fb-4e4e-4cc5-876a-6bfaecae5a2d\" target=\"_blank\">En savoir plus sur le panda<\/a><\/u><\/p>\n<p><a href=\"\/france\/contact-us\/\" rel=\"nofollow\"><img decoding=\"async\" src=\"https:\/\/pandamech.com\/wp-content\/uploads\/u_file\/db8ce19fe3.jpg\" alt=\"Ch\u00e2ssis de conteneur de 40 pieds\" title=\"\"><\/a><\/p>\n<h2>FAQ<\/h2>\n<h3>Comment fonctionne un ch\u00e2ssis de conteneur double B ?<\/h3>\n<p>Un ch\u00e2ssis porte-conteneurs double B est un tracteur-remorque dot\u00e9 d'un ch\u00e2ssis porte-conteneurs \u00e0 traction avant (A) et d'une sellette d'attelage int\u00e9gr\u00e9e \u00e0 l'arri\u00e8re. Ce ch\u00e2ssis est ensuite reli\u00e9 \u00e0 un second ch\u00e2ssis (B) tir\u00e9 \u00e0 l'arri\u00e8re, ce qui \u00e9limine la n\u00e9cessit\u00e9 d'une remorque de transfert centrale. Le ch\u00e2ssis avant r\u00e9partit une partie de la charge verticale sur le tracteur et partage plus d'essieux, ce qui am\u00e9liore le freinage et le contrepoids. Les canalisations et le c\u00e2blage \u00e9lectrique passent par les deux ch\u00e2ssis pour assurer la synchronisation du freinage et de l'\u00e9clairage.<\/p>\n<h3>B Double vs Road Train - Quelle est la diff\u00e9rence ?<\/h3>\n<p data-start=\"2104\" data-end=\"2320\">Un B Double utilise une sellette d'attelage entre les remorques pour assurer la stabilit\u00e9, tandis qu'un Road Train utilise des chariots convertisseurs, ce qui le rend plus long mais moins stable.<\/p>\n<h3 data-start=\"2325\" data-end=\"2452\"><strong data-start=\"2325\" data-end=\"2370\">Quelle est la longueur d'une remorque porte-conteneurs B Double ?<\/strong><\/h3>\n<p data-start=\"2325\" data-end=\"2452\">La longueur totale typique est de 25-26 m\u00e8tres, en fonction de la r\u00e9gion et de la conception du ch\u00e2ssis.<\/p>\n<h3 data-start=\"2457\" data-end=\"2596\"><strong data-start=\"2457\" data-end=\"2499\">Combien co\u00fbte un ch\u00e2ssis B Double ?<\/strong><\/h3>\n<p data-start=\"2457\" data-end=\"2596\">Fourchettes de prix d'usine <strong data-start=\"2523\" data-end=\"2540\">$7,800-20,600<\/strong>, selon le type d'essieu, le mat\u00e9riau et la personnalisation.<\/p>\n<h3 data-start=\"2457\" data-end=\"2596\"><strong data-start=\"2601\" data-end=\"2642\">Une remorque porte-conteneurs B Double peut-elle transporter des conteneurs de 40 pieds ?<\/strong><\/h3>\n<p data-start=\"2457\" data-end=\"2596\">Oui. La remorque A contient g\u00e9n\u00e9ralement 1\u00d740ft ou 2\u00d720ft, et la remorque B \u00e0 double conteneur 1\u00d740ft.<\/p>\n<p><!--\u04bb?\u043f?\u02bc--><\/p>","protected":false},"excerpt":{"rendered":"<p><strong>Type<\/strong>: Remorque \u00e0 ch\u00e2ssis double pour conteneurs B \u00e0 vendre<\/p>\n<p><strong>Fourchette de prix<\/strong>: $7,800-20,600<\/p>\n<p><strong>Livraison<\/strong>7-26 jours<\/p>\n<p><strong>Application<\/strong>: conteneur de transport<\/p>\n<p>Capacit\u00e9 de charge : 20-50 tonnes<\/p>","protected":false},"featured_media":57818,"template":"","meta":{"_acf_changed":false,"_kad_blocks_custom_css":"","_kad_blocks_head_custom_js":"","_kad_blocks_body_custom_js":"","_kad_blocks_footer_custom_js":"","_kad_post_transparent":"default","_kad_post_title":"","_kad_post_layout":"default","_kad_post_sidebar_id":"","_kad_post_content_style":"default","_kad_post_vertical_padding":"default","_kad_post_feature":"","_kad_post_feature_position":"","_kad_post_header":false,"_kad_post_footer":false,"_kad_post_classname":""},"product_brand":[],"product_cat":[103],"product_tag":[],"class_list":{"0":"post-21284","1":"product","2":"type-product","3":"status-publish","4":"has-post-thumbnail","6":"product_cat-container-chassis-trailer","8":"first","9":"instock","10":"sold-individually","11":"shipping-taxable","12":"purchasable","13":"product-type-simple","14":"entry","15":"content-bg","16":"loop-entry"},"acf":[],"taxonomy_info":{"product_cat":[{"value":103,"label":"Container Chassis"}]},"featured_image_src_large":["https:\/\/www.pandamech.com\/wp-content\/uploads\/2022\/08\/3-88-500x500.jpg",500,500,true],"author_info":[],"comment_info":"","_links":{"self":[{"href":"https:\/\/www.pandamech.com\/france\/wp-json\/wp\/v2\/product\/21284","targetHints":{"allow":["GET"]}}],"collection":[{"href":"https:\/\/www.pandamech.com\/france\/wp-json\/wp\/v2\/product"}],"about":[{"href":"https:\/\/www.pandamech.com\/france\/wp-json\/wp\/v2\/types\/product"}],"version-history":[{"count":6,"href":"https:\/\/www.pandamech.com\/france\/wp-json\/wp\/v2\/product\/21284\/revisions"}],"predecessor-version":[{"id":92438,"href":"https:\/\/www.pandamech.com\/france\/wp-json\/wp\/v2\/product\/21284\/revisions\/92438"}],"wp:featuredmedia":[{"embeddable":true,"href":"https:\/\/www.pandamech.com\/france\/wp-json\/wp\/v2\/media\/57818"}],"wp:attachment":[{"href":"https:\/\/www.pandamech.com\/france\/wp-json\/wp\/v2\/media?parent=21284"}],"wp:term":[{"taxonomy":"product_brand","embeddable":true,"href":"https:\/\/www.pandamech.com\/france\/wp-json\/wp\/v2\/product_brand?post=21284"},{"taxonomy":"product_cat","embeddable":true,"href":"https:\/\/www.pandamech.com\/france\/wp-json\/wp\/v2\/product_cat?post=21284"},{"taxonomy":"product_tag","embeddable":true,"href":"https:\/\/www.pandamech.com\/france\/wp-json\/wp\/v2\/product_tag?post=21284"}],"curies":[{"name":"wp","href":"https:\/\/api.w.org\/{rel}","templated":true}]}}