{"id":21263,"date":"2022-04-09T19:01:56","date_gmt":"2022-04-09T11:01:56","guid":{"rendered":"http:\/\/pandamech.com\/?post_type=product&#038;p=21263"},"modified":"2025-08-23T01:08:45","modified_gmt":"2025-08-22T17:08:45","slug":"2-axle-low-bed-trailer","status":"publish","type":"product","link":"https:\/\/www.pandamech.com\/france\/product\/2-axle-low-bed-trailer\/","title":{"rendered":"Remorque surbaiss\u00e9e \u00e0 2 essieux"},"content":{"rendered":"<p>La remorque surbaiss\u00e9e \u00e0 2 essieux est \u00e9galement appel\u00e9e remorque surbaiss\u00e9e, remorque surbaiss\u00e9e \u00e0 double essieu. Elle est principalement utilis\u00e9e pour transporter des machines de construction, telles que des excavateurs, des bulldozers, etc., que l'on voit souvent sur les chantiers de construction.<\/p>\n<h2>2 Axle low bed trailer images<\/h2>\n<p><img decoding=\"async\" class=\"alignnone size-full wp-image-17568\" style=\"width: 800px;\" title=\"Remorque surbaiss\u00e9e \u00e0 2 essieux\" src=\"https:\/\/pandamech.com\/wp-content\/uploads\/2022\/06\/2-axle-low-bed-trailer-4.jpg\" alt=\"Remorque surbaiss\u00e9e \u00e0 2 essieux\" height=\"533\" \/><\/p>\n<p>2 essieux 20\/25\/30 tonnes surbaiss\u00e9s \u00e0 vendre<\/p>\n<p><img decoding=\"async\" class=\"alignnone size-full wp-image-17569\" style=\"width: 800px;\" title=\"Remorque surbaiss\u00e9e \u00e0 2 essieux\" src=\"https:\/\/pandamech.com\/wp-content\/uploads\/2022\/06\/2-axle-low-bed-trailer-5.jpg\" alt=\"Remorque surbaiss\u00e9e \u00e0 2 essieux\" height=\"533\" \/><\/p>\n<p>remorque surbaiss\u00e9e \u00e0 double essieu 20\/25\/30 tonnes \u00e0 vendre<\/p>\n<h2>Pi\u00e8ces pour remorques surbaiss\u00e9es \u00e0 2 essieux<\/h2>\n<p><strong>Rampe de chargement<\/strong><\/p>\n<p>- Il s'agit d'un syst\u00e8me pneumatique ou hydraulique. Le mouvement de la rampe est assur\u00e9 par l'installation d'un bouton couvert sur la partie arri\u00e8re. La largeur de la rampe doit \u00eatre de 800 ou 1000 mm selon le lit bas.<\/p>\n<p><strong>Ch\u00e2ssis<\/strong><\/p>\n<p>- Le rack pour camion semi-remorque surbaiss\u00e9 est soud\u00e9 par une machine \u00e0 souder submerg\u00e9e \u00e0 partir d'acier plat de 20 mm x 150 mm (qualit\u00e9 ST 52.3 A) en bas et en haut et d'une plaque de moyeu ST 52.3 de 10 mm. Il a une section en \u201cI\u201d et comporte \u00e9galement 4 pi\u00e8ces.<\/p>\n<p><strong>Plate-forme<\/strong><\/p>\n<p>- La partie centrale sup\u00e9rieure de la plate-forme doit \u00eatre recouverte d'une t\u00f4le de 3\/4 mm d'\u00e9paisseur conform\u00e9ment \u00e0 l'utilisation. Des rev\u00eatements en caoutchouc ou en bois dur doivent \u00eatre install\u00e9s sur les c\u00f4t\u00e9s de la plate-forme (aux endroits o\u00f9 se trouvent les palettes ou les roues) afin d'assurer une friction maximale.<\/p>\n<p><strong>Syst\u00e8me de freinage<\/strong><\/p>\n<p>- Mat\u00e9riel de freinage \u00e0 double circuit, 24\u201d Soufflet de frein de service mont\u00e9 sur l'essieu 3 24\u00d730\u201d Urgence<\/p>\n<p>Frein mont\u00e9 sur l'essieu 1 et l'essieu 2 Valve de r\u00e9partition de l'\u00e9quilibrage de la charge, R\u00e9gulateurs de frein automatiques ou manuels<\/p>\n<p>- ABS WAbco, freins EBS<\/p>\n<p><strong>Essieu de camion surbaiss\u00e9 de 30 tonnes<\/strong><\/p>\n<p>- Il est fabriqu\u00e9 conform\u00e9ment aux normes europ\u00e9ennes. Il a une capacit\u00e9 de charge de 12 \u00e0 16 tonnes et est dot\u00e9 de garnitures de frein et de roulements de marque TIMKEN ou FAG. L'essieu est certifi\u00e9 ISO 9001 et garanti 100.000 km.<\/p>\n<p>- 2 essieux d'une capacit\u00e9 de 12-14-16 tonnes sont utilis\u00e9s.<\/p>\n<p>- Marque BPW, FUWA, fabriqu\u00e9 en Chine<\/p>\n<p>- Il existe des m\u00e2choires de frein et des leviers de frein lourds adapt\u00e9s aux normes TSE.<\/p>\n<p><strong>Syst\u00e8me de suspension<\/strong><\/p>\n<p>- Ressorts paraboliques en Z \u00e0 deux \u00e9tages, ressorts d'arrimage, suspension des bogies<\/p>\n<p><strong>Syst\u00e8me \u00e9lectrique<\/strong><\/p>\n<p>- Prises 2\u00d77 broches - 12\/24V, feux conformes \u00e0 la norme SAE feux stop arri\u00e8re, feux de position lat\u00e9raux, feux de freinage de s\u00e9curit\u00e9 et feux de signalisation mont\u00e9s \u00e0 l'arri\u00e8re<\/p>\n<p>- 2 feux combin\u00e9s arri\u00e8re et stop (rouges)<\/p>\n<p>- 2 feux combin\u00e9s de clignotants (orange)<\/p>\n<p>- Supports en acier pour les lampes<\/p>\n<p>Remorque surbaiss\u00e9e \u00e0 essieu avant Living<\/p>\n<p>- Syst\u00e8me d'\u00e9l\u00e9vation t\u00e9l\u00e9command\u00e9 de l'arbre de l'essieu avant dans la cabine<\/p>\n<p><strong>Pneus et jantes<\/strong><\/p>\n<p>- 235\/70 R 17.5<\/p>\n<p>- 245\/70 R 17.5<\/p>\n<p>- 295\/60 R 22.5<\/p>\n<p>- 11 R 22.5<\/p>\n<p>- 12 R 22.5<\/p>\n<p>- 315\/80 R 22.5<\/p>\n<p><strong>Goupille royale<\/strong><\/p>\n<p>- Les pivots d'attelage JOST ou de marque chinoise de 3,5\u201d conviennent aux tracteurs 6\u00d74 selon les normes DIN 74080 et de 3\u00bd\u201d 42 CRMO4 selon les normes DIN 74083.<\/p>\n<p>- La hauteur du pivot est d\u00e9termin\u00e9e en fonction de votre tracteur.<\/p>\n<p><strong>Jambes de stationnement<\/strong><\/p>\n<p>- JOST ou marque turque, jambes de convoyeur m\u00e9canique t\u00e9lescopique \u00e0 deux vitesses, d'une capacit\u00e9 de 24 tonnes chacune.<\/p>\n<p><strong>Peinture \/ Couleur<\/strong><\/p>\n<p>- Avant la peinture, la surface et les accessoires du ch\u00e2ssis sont nettoy\u00e9s.<\/p>\n<p>- Le filtre \u00e9poxy \u00e0 haut pouvoir garnissant de marque PPG ou DYO est utilis\u00e9 pour la premi\u00e8re peinture.<\/p>\n<p>- La marque PPG ou DYO est utilis\u00e9e pour la peinture principale (3 fois).<\/p>\n<p>- La s\u00e9lection des couleurs selon le code RAL se fait en fonction du choix du client.<\/p>\n<p><strong>Accessoires pour remorques surbaiss\u00e9es \u00e0 2 essieux<\/strong><\/p>\n<p>- Chargement de l'anneau de lustrage<\/p>\n<p>- 1 x bo\u00eete \u00e0 outils<\/p>\n<p>- 2 x Barre de s\u00e9curit\u00e9 pour v\u00e9lo<\/p>\n<p>- Garde-boue en plastique ou en acier<\/p>\n<p>- Cale de stationnement avec poign\u00e9e \u00c9chelle<\/p>\n<p>- Armoire \u00e0 extincteurs et tube d'extincteurs<\/p>\n<p><strong>Sp\u00e9cifications optionnelles<\/strong><\/p>\n<p>- La plate-forme surbaiss\u00e9e peut \u00eatre mise en commun pour charger des charges importantes.<\/p>\n<p>- Convoyeur de roue de secours suppl\u00e9mentaire<\/p>\n<h2>Caract\u00e9ristiques de la remorque surbaiss\u00e9e \u00e0 double essieu<\/h2>\n<ul>\n<li>1. Avec des essieux conventionnels, une suspension pneumatique stable de 13 tonnes et une direction hydraulique, vous pouvez transporter presque n'importe quelle charge ;<\/li>\n<li>2. Moins de temps d'immobilisation de la remorque ;<\/li>\n<li>3. Faibles co\u00fbts d'entretien ;<\/li>\n<li>4. Longue dur\u00e9e de vie ;<\/li>\n<\/ul>\n<h2>Panda Mech<\/h2>\n<p>Panda Mech est un fabricant chinois de remorques surbaiss\u00e9es \u00e0 2 essieux. Nous fournissons des remorques surbaiss\u00e9es \u00e0 2 essieux pour la vente. Nous pouvons les personnaliser selon vos besoins.<\/p>\n<p>Nous avons r\u00e9ussi \u00e0 nous implanter dans plus de 80 pays tels que la Tanzanie, le Nigeria, les Philippines, la Malaisie, le Congo, etc...<\/p>\n<p><a href=\"https:\/\/www.pandamech.com\/france\/contact-us\/\" target=\"_blank\" rel=\"noopener\"><img fetchpriority=\"high\" decoding=\"async\" src=\"https:\/\/pandamech.com\/wp-content\/uploads\/2021\/08\/quotation.jpg\" alt=\"cotation\" width=\"864\" height=\"213\" title=\"\"><\/a><\/p>","protected":false},"excerpt":{"rendered":"<p>Type : 2 essieux 20 \/ 25 \/ 30 tonnes remorque surbaiss\u00e9e \u00e0 vendre<\/p>\n<p>Gamme de prix : $16 500-25 500<\/p>\n<p>Livraison : 7-25 jours<\/p>\n<p>Dimensions : Personnalis\u00e9es<\/p>\n<p>Application : pour transporter une pelleteuse, une chargeuse sur pneus ou d'autres machines.<\/p>","protected":false},"featured_media":57729,"template":"","meta":{"_acf_changed":false,"_kad_blocks_custom_css":"","_kad_blocks_head_custom_js":"","_kad_blocks_body_custom_js":"","_kad_blocks_footer_custom_js":"","_kad_post_transparent":"default","_kad_post_title":"","_kad_post_layout":"default","_kad_post_sidebar_id":"","_kad_post_content_style":"default","_kad_post_vertical_padding":"default","_kad_post_feature":"","_kad_post_feature_position":"","_kad_post_header":false,"_kad_post_footer":false,"_kad_post_classname":""},"product_brand":[],"product_cat":[112],"product_tag":[],"class_list":{"0":"post-21263","1":"product","2":"type-product","3":"status-publish","4":"has-post-thumbnail","6":"product_cat-low-boy-trailer","8":"first","9":"instock","10":"sold-individually","11":"shipping-taxable","12":"purchasable","13":"product-type-simple","14":"entry","15":"content-bg","16":"loop-entry"},"acf":[],"taxonomy_info":{"product_cat":[{"value":112,"label":"Low Boy Trailer"}]},"featured_image_src_large":["https:\/\/www.pandamech.com\/wp-content\/uploads\/2022\/08\/2-101-500x500.jpg",500,500,true],"author_info":[],"comment_info":"","_links":{"self":[{"href":"https:\/\/www.pandamech.com\/france\/wp-json\/wp\/v2\/product\/21263","targetHints":{"allow":["GET"]}}],"collection":[{"href":"https:\/\/www.pandamech.com\/france\/wp-json\/wp\/v2\/product"}],"about":[{"href":"https:\/\/www.pandamech.com\/france\/wp-json\/wp\/v2\/types\/product"}],"version-history":[{"count":1,"href":"https:\/\/www.pandamech.com\/france\/wp-json\/wp\/v2\/product\/21263\/revisions"}],"predecessor-version":[{"id":91451,"href":"https:\/\/www.pandamech.com\/france\/wp-json\/wp\/v2\/product\/21263\/revisions\/91451"}],"wp:featuredmedia":[{"embeddable":true,"href":"https:\/\/www.pandamech.com\/france\/wp-json\/wp\/v2\/media\/57729"}],"wp:attachment":[{"href":"https:\/\/www.pandamech.com\/france\/wp-json\/wp\/v2\/media?parent=21263"}],"wp:term":[{"taxonomy":"product_brand","embeddable":true,"href":"https:\/\/www.pandamech.com\/france\/wp-json\/wp\/v2\/product_brand?post=21263"},{"taxonomy":"product_cat","embeddable":true,"href":"https:\/\/www.pandamech.com\/france\/wp-json\/wp\/v2\/product_cat?post=21263"},{"taxonomy":"product_tag","embeddable":true,"href":"https:\/\/www.pandamech.com\/france\/wp-json\/wp\/v2\/product_tag?post=21263"}],"curies":[{"name":"wp","href":"https:\/\/api.w.org\/{rel}","templated":true}]}}