{"id":956,"date":"2021-07-30T15:39:26","date_gmt":"2021-07-30T07:39:26","guid":{"rendered":"https:\/\/pandamech.com\/?page_id=956"},"modified":"2024-01-15T11:42:51","modified_gmt":"2024-01-15T03:42:51","slug":"testimonials","status":"publish","type":"page","link":"https:\/\/www.pandamech.com\/france\/testimonials\/","title":{"rendered":"T\u00e9moignages"},"content":{"rendered":"<div data-elementor-type=\"wp-page\" data-elementor-id=\"956\" class=\"elementor elementor-956\" data-elementor-post-type=\"page\">\n\t\t\t\t\t\t<section class=\"elementor-section elementor-top-section elementor-element elementor-element-8633f74 elementor-section-full_width elementor-section-height-min-height elementor-section-content-middle elementor-section-stretched elementor-hidden-phone elementor-section-height-default elementor-section-items-middle\" data-id=\"8633f74\" data-element_type=\"section\" data-e-type=\"section\" data-settings=\"{&quot;stretch_section&quot;:&quot;section-stretched&quot;,&quot;background_background&quot;:&quot;classic&quot;}\">\n\t\t\t\t\t\t<div class=\"elementor-container elementor-column-gap-default\">\n\t\t\t\t\t<div class=\"elementor-column elementor-col-100 elementor-top-column elementor-element elementor-element-45861fb\" data-id=\"45861fb\" data-element_type=\"column\" data-e-type=\"column\">\n\t\t\t<div class=\"elementor-widget-wrap\">\n\t\t\t\t\t\t\t<\/div>\n\t\t<\/div>\n\t\t\t\t\t<\/div>\n\t\t<\/section>\n\t\t\t\t<section class=\"elementor-section elementor-top-section elementor-element elementor-element-86bd3a7 elementor-section-boxed elementor-section-height-default elementor-section-height-default\" data-id=\"86bd3a7\" data-element_type=\"section\" data-e-type=\"section\">\n\t\t\t\t\t\t<div class=\"elementor-container elementor-column-gap-default\">\n\t\t\t\t\t<div class=\"elementor-column elementor-col-100 elementor-top-column elementor-element elementor-element-9733a0a\" data-id=\"9733a0a\" data-element_type=\"column\" data-e-type=\"column\">\n\t\t\t<div class=\"elementor-widget-wrap elementor-element-populated\">\n\t\t\t\t\t\t<div class=\"elementor-element elementor-element-a59d9a0 elementor-widget elementor-widget-heading\" data-id=\"a59d9a0\" data-element_type=\"widget\" data-e-type=\"widget\" data-widget_type=\"heading.default\">\n\t\t\t\t<div class=\"elementor-widget-container\">\n\t\t\t\t\t<h1 class=\"elementor-heading-title elementor-size-default\">Cas repr\u00e9sentatif<\/h1>\t\t\t\t<\/div>\n\t\t\t\t<\/div>\n\t\t\t\t<div class=\"elementor-element elementor-element-81e7f33 elementor-widget elementor-widget-text-editor\" data-id=\"81e7f33\" data-element_type=\"widget\" data-e-type=\"widget\" data-widget_type=\"text-editor.default\">\n\t\t\t\t<div class=\"elementor-widget-container\">\n\t\t\t\t\t\t\t\t\t<div class=\"pure-g p-container research-img case-2\">\n<div class=\"pure-u-1 case-des\">\n<div>\n<p>Apr\u00e8s une s\u00e9lection minutieuse des fournisseurs de mati\u00e8res premi\u00e8res et de pi\u00e8ces d\u00e9tach\u00e9es, l'entreprise a atteint un meilleur niveau de rentabilit\u00e9. La coop\u00e9ration \u00e0 long terme a permis de r\u00e9duire r\u00e9guli\u00e8rement les co\u00fbts de production de l'entreprise. Dans le m\u00eame temps, PANDA MECH fournit \u00e9galement des pi\u00e8ces aux clients, \u00e9liminant ainsi les inqui\u00e9tudes de ces derniers.<\/p><\/div><\/div><\/div>\t\t\t\t\t\t\t\t<\/div>\n\t\t\t\t<\/div>\n\t\t\t\t\t<\/div>\n\t\t<\/div>\n\t\t\t\t\t<\/div>\n\t\t<\/section>\n\t\t\t\t<section class=\"elementor-section elementor-top-section elementor-element elementor-element-4ce7cbf elementor-section-boxed elementor-section-height-default elementor-section-height-default\" data-id=\"4ce7cbf\" data-element_type=\"section\" data-e-type=\"section\">\n\t\t\t\t\t\t<div class=\"elementor-container elementor-column-gap-default\">\n\t\t\t\t\t<div class=\"elementor-column elementor-col-100 elementor-top-column elementor-element elementor-element-8223dc6\" data-id=\"8223dc6\" data-element_type=\"column\" data-e-type=\"column\">\n\t\t\t<div class=\"elementor-widget-wrap elementor-element-populated\">\n\t\t\t\t\t\t<section class=\"elementor-section elementor-inner-section elementor-element elementor-element-f67b1a7 elementor-section-boxed elementor-section-height-default elementor-section-height-default\" data-id=\"f67b1a7\" data-element_type=\"section\" data-e-type=\"section\">\n\t\t\t\t\t\t<div class=\"elementor-container elementor-column-gap-default\">\n\t\t\t\t\t<div class=\"elementor-column elementor-col-33 elementor-inner-column elementor-element elementor-element-fa0c851\" data-id=\"fa0c851\" data-element_type=\"column\" data-e-type=\"column\">\n\t\t\t<div class=\"elementor-widget-wrap elementor-element-populated\">\n\t\t\t\t\t\t<div class=\"elementor-element elementor-element-c941224 elementor-widget elementor-widget-image\" data-id=\"c941224\" data-element_type=\"widget\" data-e-type=\"widget\" data-widget_type=\"image.default\">\n\t\t\t\t<div class=\"elementor-widget-container\">\n\t\t\t\t\t\t\t\t\t\t\t\t\t\t\t\t<a href=\"\/france\/info\/delivery-of-refrigerated-trailers-to-south-africa-i00053i1-html\/\">\n\t\t\t\t\t\t\t<img fetchpriority=\"high\" decoding=\"async\" width=\"500\" height=\"333\" src=\"https:\/\/www.pandamech.com\/wp-content\/uploads\/2021\/06\/Refrigerated-trailer9-500x333.jpg\" class=\"attachment-large size-large wp-image-63110\" alt=\"remorque r\u00e9frig\u00e9r\u00e9e9\" srcset=\"https:\/\/www.pandamech.com\/wp-content\/uploads\/2021\/06\/Refrigerated-trailer9-500x333.jpg 500w, https:\/\/www.pandamech.com\/wp-content\/uploads\/2021\/06\/Refrigerated-trailer9-300x200.jpg 300w, https:\/\/www.pandamech.com\/wp-content\/uploads\/2021\/06\/Refrigerated-trailer9-18x12.jpg 18w, https:\/\/www.pandamech.com\/wp-content\/uploads\/2021\/06\/Refrigerated-trailer9.jpg 800w\" sizes=\"(max-width: 500px) 100vw, 500px\" title=\"\">\t\t\t\t\t\t\t\t<\/a>\n\t\t\t\t\t\t\t\t\t\t\t\t\t\t\t<\/div>\n\t\t\t\t<\/div>\n\t\t\t\t<div class=\"elementor-element elementor-element-2853077 elementor-widget elementor-widget-heading\" data-id=\"2853077\" data-element_type=\"widget\" data-e-type=\"widget\" data-widget_type=\"heading.default\">\n\t\t\t\t<div class=\"elementor-widget-container\">\n\t\t\t\t\t<h3 class=\"elementor-heading-title elementor-size-default\"><a href=\"\/france\/info\/delivery-of-refrigerated-trailers-to-south-africa-i00053i1-html\/\">Livraison au Kenya<\/a><\/h3>\t\t\t\t<\/div>\n\t\t\t\t<\/div>\n\t\t\t\t<div class=\"elementor-element elementor-element-343cfa9 elementor-widget elementor-widget-image\" data-id=\"343cfa9\" data-element_type=\"widget\" data-e-type=\"widget\" data-widget_type=\"image.default\">\n\t\t\t\t<div class=\"elementor-widget-container\">\n\t\t\t\t\t\t\t\t\t\t\t\t\t\t\t\t<a href=\"\/france\/info\/dump-trucks-delivered-to-south-asia-i00056i1-html\/\">\n\t\t\t\t\t\t\t<img decoding=\"async\" src=\"http:\/\/pandamech.com\/wp-content\/uploads\/2022\/08\/About-us-3_14.jpg\" title=\"\" alt=\"\u00e0 propos de nous 3 14\" loading=\"lazy\">\t\t\t\t\t\t\t\t<\/a>\n\t\t\t\t\t\t\t\t\t\t\t\t\t\t\t<\/div>\n\t\t\t\t<\/div>\n\t\t\t\t<div class=\"elementor-element elementor-element-697e547 elementor-widget elementor-widget-heading\" data-id=\"697e547\" data-element_type=\"widget\" data-e-type=\"widget\" data-widget_type=\"heading.default\">\n\t\t\t\t<div class=\"elementor-widget-container\">\n\t\t\t\t\t<h3 class=\"elementor-heading-title elementor-size-default\"><a href=\"\/france\/info\/dump-trucks-delivered-to-south-asia-i00056i1-html\/\">Livraison au Nigeria<\/a><\/h3>\t\t\t\t<\/div>\n\t\t\t\t<\/div>\n\t\t\t\t<div class=\"elementor-element elementor-element-c1cb78d elementor-widget elementor-widget-image\" data-id=\"c1cb78d\" data-element_type=\"widget\" data-e-type=\"widget\" data-widget_type=\"image.default\">\n\t\t\t\t<div class=\"elementor-widget-container\">\n\t\t\t\t\t\t\t\t\t\t\t\t\t\t\t\t<a href=\"\/france\/info\/cement-bulkers-delivered-to-middle-east-i00059i1-html\/\">\n\t\t\t\t\t\t\t<img decoding=\"async\" src=\"http:\/\/pandamech.com\/wp-content\/uploads\/2022\/08\/About-us-3_21.jpg\" title=\"\" alt=\"\u00e0 propos de nous 3 21\" loading=\"lazy\">\t\t\t\t\t\t\t\t<\/a>\n\t\t\t\t\t\t\t\t\t\t\t\t\t\t\t<\/div>\n\t\t\t\t<\/div>\n\t\t\t\t<div class=\"elementor-element elementor-element-9122a8b elementor-widget elementor-widget-heading\" data-id=\"9122a8b\" data-element_type=\"widget\" data-e-type=\"widget\" data-widget_type=\"heading.default\">\n\t\t\t\t<div class=\"elementor-widget-container\">\n\t\t\t\t\t<h3 class=\"elementor-heading-title elementor-size-default\"><a href=\"\/france\/info\/cement-bulkers-delivered-to-middle-east-i00059i1-html\/\">Livraison aux EAU<\/a><\/h3>\t\t\t\t<\/div>\n\t\t\t\t<\/div>\n\t\t\t\t\t<\/div>\n\t\t<\/div>\n\t\t\t\t<div class=\"elementor-column elementor-col-33 elementor-inner-column elementor-element elementor-element-310d47a\" data-id=\"310d47a\" data-element_type=\"column\" data-e-type=\"column\">\n\t\t\t<div class=\"elementor-widget-wrap elementor-element-populated\">\n\t\t\t\t\t\t<div class=\"elementor-element elementor-element-67f48d7 elementor-widget elementor-widget-image\" data-id=\"67f48d7\" data-element_type=\"widget\" data-e-type=\"widget\" data-widget_type=\"image.default\">\n\t\t\t\t<div class=\"elementor-widget-container\">\n\t\t\t\t\t\t\t\t\t\t\t\t\t\t\t\t<a href=\"https:\/\/www.pandamech.com\/france\/info\/fuel-tankers-shipped-to-west-africa-i00054i1-html\/\" target=\"_blank\" rel=\"noopener\">\n\t\t\t\t\t\t\t<img decoding=\"async\" src=\"http:\/\/pandamech.com\/wp-content\/uploads\/2022\/08\/About-us-3_07.jpg\" title=\"\" alt=\"\u00e0 propos de nous 3 07\" loading=\"lazy\">\t\t\t\t\t\t\t\t<\/a>\n\t\t\t\t\t\t\t\t\t\t\t\t\t\t\t<\/div>\n\t\t\t\t<\/div>\n\t\t\t\t<div class=\"elementor-element elementor-element-bd81816 elementor-widget elementor-widget-heading\" data-id=\"bd81816\" data-element_type=\"widget\" data-e-type=\"widget\" data-widget_type=\"heading.default\">\n\t\t\t\t<div class=\"elementor-widget-container\">\n\t\t\t\t\t<h3 class=\"elementor-heading-title elementor-size-default\"><a href=\"https:\/\/www.pandamech.com\/france\/info\/fuel-tankers-shipped-to-west-africa-i00054i1-html\/\" target=\"_blank\" rel=\"noopener\">Livraison au Zimbabwe<\/a><\/h3>\t\t\t\t<\/div>\n\t\t\t\t<\/div>\n\t\t\t\t<div class=\"elementor-element elementor-element-4e62283 elementor-widget elementor-widget-image\" data-id=\"4e62283\" data-element_type=\"widget\" data-e-type=\"widget\" data-widget_type=\"image.default\">\n\t\t\t\t<div class=\"elementor-widget-container\">\n\t\t\t\t\t\t\t\t\t\t\t\t\t\t\t\t<a href=\"\/france\/info\/fuel-tankers-delivered-to-africa-i00057i1-html\/\">\n\t\t\t\t\t\t\t<img decoding=\"async\" src=\"http:\/\/pandamech.com\/wp-content\/uploads\/2022\/08\/About-us-3_15.jpg\" title=\"\" alt=\"\u00e0 propos de nous 3 15\" loading=\"lazy\">\t\t\t\t\t\t\t\t<\/a>\n\t\t\t\t\t\t\t\t\t\t\t\t\t\t\t<\/div>\n\t\t\t\t<\/div>\n\t\t\t\t<div class=\"elementor-element elementor-element-8896d46 elementor-widget elementor-widget-heading\" data-id=\"8896d46\" data-element_type=\"widget\" data-e-type=\"widget\" data-widget_type=\"heading.default\">\n\t\t\t\t<div class=\"elementor-widget-container\">\n\t\t\t\t\t<h3 class=\"elementor-heading-title elementor-size-default\"><a href=\"\/france\/info\/fuel-tankers-delivered-to-africa-i00057i1-html\/\">Livraison en Zambie<\/a><\/h3>\t\t\t\t<\/div>\n\t\t\t\t<\/div>\n\t\t\t\t<div class=\"elementor-element elementor-element-dba4ede elementor-widget elementor-widget-image\" data-id=\"dba4ede\" data-element_type=\"widget\" data-e-type=\"widget\" data-widget_type=\"image.default\">\n\t\t\t\t<div class=\"elementor-widget-container\">\n\t\t\t\t\t\t\t\t\t\t\t\t\t\t\t\t<a href=\"\/france\/info\/curtain-side-trailer-delivered-to-south-africa-i00060i1-html\/\">\n\t\t\t\t\t\t\t<img decoding=\"async\" src=\"http:\/\/pandamech.com\/wp-content\/uploads\/2022\/08\/About-us-3_22.jpg\" title=\"\" alt=\"\u00e0 propos de nous 3 22\" loading=\"lazy\">\t\t\t\t\t\t\t\t<\/a>\n\t\t\t\t\t\t\t\t\t\t\t\t\t\t\t<\/div>\n\t\t\t\t<\/div>\n\t\t\t\t<div class=\"elementor-element elementor-element-46a785b elementor-widget elementor-widget-heading\" data-id=\"46a785b\" data-element_type=\"widget\" data-e-type=\"widget\" data-widget_type=\"heading.default\">\n\t\t\t\t<div class=\"elementor-widget-container\">\n\t\t\t\t\t<h3 class=\"elementor-heading-title elementor-size-default\"><a href=\"\/france\/info\/curtain-side-trailer-delivered-to-south-africa-i00060i1-html\/\">Livraison au Kenya<\/a><\/h3>\t\t\t\t<\/div>\n\t\t\t\t<\/div>\n\t\t\t\t\t<\/div>\n\t\t<\/div>\n\t\t\t\t<div class=\"elementor-column elementor-col-33 elementor-inner-column elementor-element elementor-element-15ca864\" data-id=\"15ca864\" data-element_type=\"column\" data-e-type=\"column\">\n\t\t\t<div class=\"elementor-widget-wrap elementor-element-populated\">\n\t\t\t\t\t\t<div class=\"elementor-element elementor-element-9523dce elementor-widget elementor-widget-image\" data-id=\"9523dce\" data-element_type=\"widget\" data-e-type=\"widget\" data-widget_type=\"image.default\">\n\t\t\t\t<div class=\"elementor-widget-container\">\n\t\t\t\t\t\t\t\t\t\t\t\t\t\t\t\t<a href=\"https:\/\/www.pandamech.com\/france\/info\/curtain-side-trailer-delivered-to-south-africa-i00060i1-html\/\" target=\"_blank\" rel=\"noopener\">\n\t\t\t\t\t\t\t<img decoding=\"async\" src=\"http:\/\/pandamech.com\/wp-content\/uploads\/2022\/08\/About-us-3_09.jpg\" title=\"\" alt=\"\u00e0 propos de nous 3 09\" loading=\"lazy\">\t\t\t\t\t\t\t\t<\/a>\n\t\t\t\t\t\t\t\t\t\t\t\t\t\t\t<\/div>\n\t\t\t\t<\/div>\n\t\t\t\t<div class=\"elementor-element elementor-element-120ae5b elementor-widget elementor-widget-heading\" data-id=\"120ae5b\" data-element_type=\"widget\" data-e-type=\"widget\" data-widget_type=\"heading.default\">\n\t\t\t\t<div class=\"elementor-widget-container\">\n\t\t\t\t\t<h3 class=\"elementor-heading-title elementor-size-default\"><a href=\"https:\/\/www.pandamech.com\/france\/info\/curtain-side-trailer-delivered-to-south-africa-i00060i1-html\/\" target=\"_blank\" rel=\"noopener\">Livraison au Kenya<\/a><\/h3>\t\t\t\t<\/div>\n\t\t\t\t<\/div>\n\t\t\t\t<div class=\"elementor-element elementor-element-352e116 elementor-widget elementor-widget-image\" data-id=\"352e116\" data-element_type=\"widget\" data-e-type=\"widget\" data-widget_type=\"image.default\">\n\t\t\t\t<div class=\"elementor-widget-container\">\n\t\t\t\t\t\t\t\t\t\t\t\t\t\t\t\t<a href=\"\/france\/info\/drop-side-trailer-delivered-to-west-africa-i00058i1-html\/\">\n\t\t\t\t\t\t\t<img decoding=\"async\" src=\"http:\/\/pandamech.com\/wp-content\/uploads\/2022\/08\/About-us-3_16.jpg\" title=\"\" alt=\"\u00e0 propos de nous 3 16\" loading=\"lazy\">\t\t\t\t\t\t\t\t<\/a>\n\t\t\t\t\t\t\t\t\t\t\t\t\t\t\t<\/div>\n\t\t\t\t<\/div>\n\t\t\t\t<div class=\"elementor-element elementor-element-1fc705e elementor-widget elementor-widget-heading\" data-id=\"1fc705e\" data-element_type=\"widget\" data-e-type=\"widget\" data-widget_type=\"heading.default\">\n\t\t\t\t<div class=\"elementor-widget-container\">\n\t\t\t\t\t<h3 class=\"elementor-heading-title elementor-size-default\"><a href=\"\/france\/info\/drop-side-trailer-delivered-to-west-africa-i00058i1-html\/\">Livraison aux Philippines<\/a><\/h3>\t\t\t\t<\/div>\n\t\t\t\t<\/div>\n\t\t\t\t<div class=\"elementor-element elementor-element-09e8e75 elementor-widget elementor-widget-image\" data-id=\"09e8e75\" data-element_type=\"widget\" data-e-type=\"widget\" data-widget_type=\"image.default\">\n\t\t\t\t<div class=\"elementor-widget-container\">\n\t\t\t\t\t\t\t\t\t\t\t\t\t\t\t\t<a href=\"\/france\/info\/tipper-trailers-delivered-to-africa-i00061i1-html\/\">\n\t\t\t\t\t\t\t<img decoding=\"async\" src=\"http:\/\/pandamech.com\/wp-content\/uploads\/2022\/08\/About-us-3_23.jpg\" title=\"\" alt=\"\u00e0 propos de nous 3 23\" loading=\"lazy\">\t\t\t\t\t\t\t\t<\/a>\n\t\t\t\t\t\t\t\t\t\t\t\t\t\t\t<\/div>\n\t\t\t\t<\/div>\n\t\t\t\t<div class=\"elementor-element elementor-element-07fbecf elementor-widget elementor-widget-heading\" data-id=\"07fbecf\" data-element_type=\"widget\" data-e-type=\"widget\" data-widget_type=\"heading.default\">\n\t\t\t\t<div class=\"elementor-widget-container\">\n\t\t\t\t\t<h3 class=\"elementor-heading-title elementor-size-default\"><a href=\"\/france\/info\/tipper-trailers-delivered-to-africa-i00061i1-html\/\">Livraison en \u00c9thiopie<\/a><\/h3>\t\t\t\t<\/div>\n\t\t\t\t<\/div>\n\t\t\t\t\t<\/div>\n\t\t<\/div>\n\t\t\t\t\t<\/div>\n\t\t<\/section>\n\t\t\t\t\t<\/div>\n\t\t<\/div>\n\t\t\t\t\t<\/div>\n\t\t<\/section>\n\t\t\t\t<\/div>","protected":false},"excerpt":{"rendered":"<p>Cas repr\u00e9sentatif Apr\u00e8s une s\u00e9lection minutieuse des fournisseurs de mati\u00e8res premi\u00e8res et de pi\u00e8ces d\u00e9tach\u00e9es, l'entreprise a atteint un meilleur rapport co\u00fbt-efficacit\u00e9. Une coop\u00e9ration \u00e0 long terme a permis de r\u00e9duire r\u00e9guli\u00e8rement les co\u00fbts de production de l'entreprise. Dans le m\u00eame temps, PANDA MECH fournit \u00e9galement des pi\u00e8ces aux clients, \u00e9liminant ainsi les inqui\u00e9tudes de ces derniers. Livraison au Kenya Livraison au Nigeria Livraison aux \u00c9mirats arabes unis Livraison au Zimbabwe Livraison \u00e0...<\/p>","protected":false},"author":1,"featured_media":0,"parent":0,"menu_order":0,"comment_status":"closed","ping_status":"closed","template":"elementor_header_footer","meta":{"_acf_changed":false,"_kad_blocks_custom_css":"","_kad_blocks_head_custom_js":"","_kad_blocks_body_custom_js":"","_kad_blocks_footer_custom_js":"","_kad_post_transparent":"","_kad_post_title":"","_kad_post_layout":"","_kad_post_sidebar_id":"","_kad_post_content_style":"","_kad_post_vertical_padding":"","_kad_post_feature":"","_kad_post_feature_position":"","_kad_post_header":false,"_kad_post_footer":false,"_kad_post_classname":"","footnotes":""},"class_list":["post-956","page","type-page","status-publish","hentry"],"acf":[],"taxonomy_info":[],"featured_image_src_large":false,"author_info":{"display_name":"Panda Mech","author_link":"https:\/\/www.pandamech.com\/france\/author\/pandatrailer\/"},"comment_info":0,"_links":{"self":[{"href":"https:\/\/www.pandamech.com\/france\/wp-json\/wp\/v2\/pages\/956","targetHints":{"allow":["GET"]}}],"collection":[{"href":"https:\/\/www.pandamech.com\/france\/wp-json\/wp\/v2\/pages"}],"about":[{"href":"https:\/\/www.pandamech.com\/france\/wp-json\/wp\/v2\/types\/page"}],"author":[{"embeddable":true,"href":"https:\/\/www.pandamech.com\/france\/wp-json\/wp\/v2\/users\/1"}],"replies":[{"embeddable":true,"href":"https:\/\/www.pandamech.com\/france\/wp-json\/wp\/v2\/comments?post=956"}],"version-history":[{"count":0,"href":"https:\/\/www.pandamech.com\/france\/wp-json\/wp\/v2\/pages\/956\/revisions"}],"wp:attachment":[{"href":"https:\/\/www.pandamech.com\/france\/wp-json\/wp\/v2\/media?parent=956"}],"curies":[{"name":"wp","href":"https:\/\/api.w.org\/{rel}","templated":true}]}}