{"id":1462,"date":"2021-08-04T17:41:40","date_gmt":"2021-08-04T09:41:40","guid":{"rendered":"https:\/\/pandamech.com\/?page_id=1462"},"modified":"2025-09-24T16:26:49","modified_gmt":"2025-09-24T08:26:49","slug":"info","status":"publish","type":"page","link":"https:\/\/www.pandamech.com\/france\/info\/","title":{"rendered":"Blog"},"content":{"rendered":"<div data-elementor-type=\"wp-page\" data-elementor-id=\"1462\" class=\"elementor elementor-1462\" data-elementor-post-type=\"page\">\n\t\t\t\t\t\t<section class=\"elementor-section elementor-top-section elementor-element elementor-element-0cdd236 elementor-section-height-min-height elementor-section-boxed elementor-section-height-default elementor-section-items-middle\" data-id=\"0cdd236\" data-element_type=\"section\" data-e-type=\"section\" data-settings=\"{&quot;background_background&quot;:&quot;classic&quot;}\">\n\t\t\t\t\t\t\t<div class=\"elementor-background-overlay\"><\/div>\n\t\t\t\t\t\t\t<div class=\"elementor-container elementor-column-gap-default\">\n\t\t\t\t\t<div class=\"elementor-column elementor-col-100 elementor-top-column elementor-element elementor-element-f4fdff6\" data-id=\"f4fdff6\" data-element_type=\"column\" data-e-type=\"column\">\n\t\t\t<div class=\"elementor-widget-wrap elementor-element-populated\">\n\t\t\t\t\t\t<div class=\"elementor-element elementor-element-7fb14090 elementor-widget elementor-widget-heading\" data-id=\"7fb14090\" data-element_type=\"widget\" data-e-type=\"widget\" data-widget_type=\"heading.default\">\n\t\t\t\t<div class=\"elementor-widget-container\">\n\t\t\t\t\t<h1 class=\"elementor-heading-title elementor-size-default\">Blog<\/h1>\t\t\t\t<\/div>\n\t\t\t\t<\/div>\n\t\t\t\t<div class=\"elementor-element elementor-element-a68d9d2 elementor-widget elementor-widget-woocommerce-breadcrumb\" data-id=\"a68d9d2\" data-element_type=\"widget\" data-e-type=\"widget\" data-widget_type=\"woocommerce-breadcrumb.default\">\n\t\t\t\t<div class=\"elementor-widget-container\">\n\t\t\t\t\t<nav class=\"woocommerce-breadcrumb\" aria-label=\"Breadcrumb\" data-no-translation=\"\" data-trp-gettext=\"\">Accueil<\/nav>\t\t\t\t<\/div>\n\t\t\t\t<\/div>\n\t\t\t\t\t<\/div>\n\t\t<\/div>\n\t\t\t\t\t<\/div>\n\t\t<\/section>\n\t\t\t\t<section class=\"elementor-section elementor-top-section elementor-element elementor-element-ec4d851 elementor-section-boxed elementor-section-height-default elementor-section-height-default\" data-id=\"ec4d851\" data-element_type=\"section\" data-e-type=\"section\" data-settings=\"{&quot;background_background&quot;:&quot;classic&quot;}\">\n\t\t\t\t\t\t\t<div class=\"elementor-background-overlay\"><\/div>\n\t\t\t\t\t\t\t<div class=\"elementor-container elementor-column-gap-default\">\n\t\t\t\t\t<div class=\"elementor-column elementor-col-100 elementor-top-column elementor-element elementor-element-da11a76\" data-id=\"da11a76\" data-element_type=\"column\" data-e-type=\"column\">\n\t\t\t<div class=\"elementor-widget-wrap elementor-element-populated\">\n\t\t\t\t\t\t<div class=\"elementor-element elementor-element-29df0ba elementor-posts--align-center elementor-grid-3 elementor-grid-tablet-2 elementor-grid-mobile-1 elementor-posts--thumbnail-top elementor-card-shadow-yes elementor-posts__hover-gradient elementor-widget elementor-widget-posts\" data-id=\"29df0ba\" data-element_type=\"widget\" data-e-type=\"widget\" data-settings=\"{&quot;cards_row_gap&quot;:{&quot;unit&quot;:&quot;px&quot;,&quot;size&quot;:67,&quot;sizes&quot;:[]},&quot;pagination_type&quot;:&quot;numbers_and_prev_next&quot;,&quot;cards_columns&quot;:&quot;3&quot;,&quot;cards_columns_tablet&quot;:&quot;2&quot;,&quot;cards_columns_mobile&quot;:&quot;1&quot;,&quot;cards_row_gap_tablet&quot;:{&quot;unit&quot;:&quot;px&quot;,&quot;size&quot;:&quot;&quot;,&quot;sizes&quot;:[]},&quot;cards_row_gap_mobile&quot;:{&quot;unit&quot;:&quot;px&quot;,&quot;size&quot;:&quot;&quot;,&quot;sizes&quot;:[]}}\" data-widget_type=\"posts.cards\">\n\t\t\t\t<div class=\"elementor-widget-container\">\n\t\t\t\t\t\t\t<div class=\"elementor-posts-container elementor-posts elementor-posts--skin-cards elementor-grid\" role=\"list\">\n\t\t\t\t<article class=\"elementor-post elementor-grid-item post-1385 post type-post status-publish format-standard has-post-thumbnail hentry category-trailer-knowledge\" role=\"listitem\">\n\t\t\t<div class=\"elementor-post__card\">\n\t\t\t\t<a class=\"elementor-post__thumbnail__link\" href=\"https:\/\/www.pandamech.com\/france\/info\/how-many-liters-does-fuel-tank-truck-trailer-hold-i00065i1-html\/\" tabindex=\"-1\" target=\"_blank\"><div class=\"elementor-post__thumbnail\"><img fetchpriority=\"high\" decoding=\"async\" width=\"800\" height=\"800\" src=\"https:\/\/www.pandamech.com\/wp-content\/uploads\/2023\/09\/40kl-fuel-tanker-4.jpg\" class=\"attachment-full size-full wp-image-58879\" alt=\"Remorque citerne 40kl \u00e0 vendre\" srcset=\"https:\/\/www.pandamech.com\/wp-content\/uploads\/2023\/09\/40kl-fuel-tanker-4.jpg 800w, https:\/\/www.pandamech.com\/wp-content\/uploads\/2023\/09\/40kl-fuel-tanker-4-100x100.jpg 100w, https:\/\/www.pandamech.com\/wp-content\/uploads\/2023\/09\/40kl-fuel-tanker-4-300x300.jpg 300w, https:\/\/www.pandamech.com\/wp-content\/uploads\/2023\/09\/40kl-fuel-tanker-4-500x500.jpg 500w, https:\/\/www.pandamech.com\/wp-content\/uploads\/2023\/09\/40kl-fuel-tanker-4-12x12.jpg 12w\" sizes=\"(max-width: 800px) 100vw, 800px\" title=\"\"><\/div><\/a>\n\t\t\t\t<div class=\"elementor-post__text\">\n\t\t\t\t<h3 class=\"elementor-post__title\">\n\t\t\t<a href=\"https:\/\/www.pandamech.com\/france\/info\/how-many-liters-does-fuel-tank-truck-trailer-hold-i00065i1-html\/\">\n\t\t\t\tCombien de litres contient un camion-citerne ou une remorque-citerne ?\t\t\t<\/a>\n\t\t<\/h3>\n\t\t\t\t<div class=\"elementor-post__excerpt\">\n\t\t\t<p>Que sont les camions-citernes et les remorques-citernes ? Si vous essayez de planifier des livraisons ou de comparer des<\/p>\n\t\t<\/div>\n\t\t\t\t<\/div>\n\t\t\t\t\t<\/div>\n\t\t<\/article>\n\t\t\t\t<article class=\"elementor-post elementor-grid-item post-77783 post type-post status-publish format-standard has-post-thumbnail hentry category-trailer-knowledge\" role=\"listitem\">\n\t\t\t<div class=\"elementor-post__card\">\n\t\t\t\t<a class=\"elementor-post__thumbnail__link\" href=\"https:\/\/www.pandamech.com\/france\/info\/40-ft-trailer-dimensions-weight-capacity\/\" tabindex=\"-1\" target=\"_blank\"><div class=\"elementor-post__thumbnail\"><img decoding=\"async\" width=\"800\" height=\"533\" src=\"https:\/\/www.pandamech.com\/wp-content\/uploads\/2022\/08\/flatbed-smei-trailers-for-sale.jpg\" class=\"attachment-full size-full wp-image-57981\" alt=\"remorques plates-formes smei \u00e0 vendre\" srcset=\"https:\/\/www.pandamech.com\/wp-content\/uploads\/2022\/08\/flatbed-smei-trailers-for-sale.jpg 800w, https:\/\/www.pandamech.com\/wp-content\/uploads\/2022\/08\/flatbed-smei-trailers-for-sale-300x200.jpg 300w, https:\/\/www.pandamech.com\/wp-content\/uploads\/2022\/08\/flatbed-smei-trailers-for-sale-500x333.jpg 500w, https:\/\/www.pandamech.com\/wp-content\/uploads\/2022\/08\/flatbed-smei-trailers-for-sale-18x12.jpg 18w\" sizes=\"(max-width: 800px) 100vw, 800px\" title=\"\"><\/div><\/a>\n\t\t\t\t<div class=\"elementor-post__text\">\n\t\t\t\t<h3 class=\"elementor-post__title\">\n\t\t\t<a href=\"https:\/\/www.pandamech.com\/france\/info\/40-ft-trailer-dimensions-weight-capacity\/\">\n\t\t\t\t40 Ft Trailer Dimensions &amp; Weight &amp; Capacity\t\t\t<\/a>\n\t\t<\/h3>\n\t\t\t\t<div class=\"elementor-post__excerpt\">\n\t\t\t<p>Dans le domaine du transport mondial de marchandises et de conteneurs, la remorque \u00e0 plateau de 40 pieds est l'une des plus utilis\u00e9es.<\/p>\n\t\t<\/div>\n\t\t\t\t<\/div>\n\t\t\t\t\t<\/div>\n\t\t<\/article>\n\t\t\t\t<article class=\"elementor-post elementor-grid-item post-2751 post type-post status-publish format-standard has-post-thumbnail hentry category-trailer-knowledge\" role=\"listitem\">\n\t\t\t<div class=\"elementor-post__card\">\n\t\t\t\t<a class=\"elementor-post__thumbnail__link\" href=\"https:\/\/www.pandamech.com\/france\/info\/what-is-bulker-truck-what-is-a-bulker-trailer-in-england-html\/\" tabindex=\"-1\" target=\"_blank\"><div class=\"elementor-post__thumbnail\"><img decoding=\"async\" width=\"800\" height=\"800\" src=\"https:\/\/www.pandamech.com\/wp-content\/uploads\/2022\/10\/bulk-cement-trailer-4.jpg\" class=\"attachment-full size-full wp-image-58324\" alt=\"remorque de ciment en vrac 4\" srcset=\"https:\/\/www.pandamech.com\/wp-content\/uploads\/2022\/10\/bulk-cement-trailer-4.jpg 800w, https:\/\/www.pandamech.com\/wp-content\/uploads\/2022\/10\/bulk-cement-trailer-4-100x100.jpg 100w, https:\/\/www.pandamech.com\/wp-content\/uploads\/2022\/10\/bulk-cement-trailer-4-300x300.jpg 300w, https:\/\/www.pandamech.com\/wp-content\/uploads\/2022\/10\/bulk-cement-trailer-4-500x500.jpg 500w, https:\/\/www.pandamech.com\/wp-content\/uploads\/2022\/10\/bulk-cement-trailer-4-12x12.jpg 12w\" sizes=\"(max-width: 800px) 100vw, 800px\" title=\"\"><\/div><\/a>\n\t\t\t\t<div class=\"elementor-post__text\">\n\t\t\t\t<h3 class=\"elementor-post__title\">\n\t\t\t<a href=\"https:\/\/www.pandamech.com\/france\/info\/what-is-bulker-truck-what-is-a-bulker-trailer-in-england-html\/\">\n\t\t\t\tQu'est-ce qu'une remorque pour vrac de ciment ?\t\t\t<\/a>\n\t\t<\/h3>\n\t\t\t\t<div class=\"elementor-post__excerpt\">\n\t\t\t<p>Qu'est-ce qu'un camion-citerne ?<br \/>\nD'apr\u00e8s ce que j'ai compris, un bulker \u00e0 ciment est un camion charg\u00e9 de ciment, tout comme les conteneurs de p\u00e9trole. ... Le ciment provenant des vraquiers est stock\u00e9 dans des silos dans les usines de CMR. Les vraquiers sont utilis\u00e9s parce que l'utilisation quotidienne de ciment dans les CMR est de l'ordre du tonneau.<\/p>\n\t\t<\/div>\n\t\t\t\t<\/div>\n\t\t\t\t\t<\/div>\n\t\t<\/article>\n\t\t\t\t<article class=\"elementor-post elementor-grid-item post-51050 post type-post status-publish format-standard has-post-thumbnail hentry category-trailer-knowledge\" role=\"listitem\">\n\t\t\t<div class=\"elementor-post__card\">\n\t\t\t\t<a class=\"elementor-post__thumbnail__link\" href=\"https:\/\/www.pandamech.com\/france\/info\/top-10-container-side-loader-trailer-manufacturer\/\" tabindex=\"-1\" target=\"_blank\"><div class=\"elementor-post__thumbnail\"><img loading=\"lazy\" decoding=\"async\" width=\"800\" height=\"800\" src=\"https:\/\/www.pandamech.com\/wp-content\/uploads\/2022\/02\/40ft-side-loader-trailer-1.jpg\" class=\"attachment-full size-full wp-image-58576\" alt=\"Camion \u00e0 chargement lat\u00e9ral pour conteneurs de 40 pieds\" srcset=\"https:\/\/www.pandamech.com\/wp-content\/uploads\/2022\/02\/40ft-side-loader-trailer-1.jpg 800w, https:\/\/www.pandamech.com\/wp-content\/uploads\/2022\/02\/40ft-side-loader-trailer-1-100x100.jpg 100w, https:\/\/www.pandamech.com\/wp-content\/uploads\/2022\/02\/40ft-side-loader-trailer-1-300x300.jpg 300w, https:\/\/www.pandamech.com\/wp-content\/uploads\/2022\/02\/40ft-side-loader-trailer-1-500x500.jpg 500w, https:\/\/www.pandamech.com\/wp-content\/uploads\/2022\/02\/40ft-side-loader-trailer-1-12x12.jpg 12w\" sizes=\"(max-width: 800px) 100vw, 800px\" title=\"\"><\/div><\/a>\n\t\t\t\t<div class=\"elementor-post__text\">\n\t\t\t\t<h3 class=\"elementor-post__title\">\n\t\t\t<a href=\"https:\/\/www.pandamech.com\/france\/info\/top-10-container-side-loader-trailer-manufacturer\/\">\n\t\t\t\tLes 10 meilleurs fabricants de remorques \u00e0 chargement lat\u00e9ral pour conteneurs\t\t\t<\/a>\n\t\t<\/h3>\n\t\t\t\t<div class=\"elementor-post__excerpt\">\n\t\t\t<p>Nous avons souvent besoin de chargeurs lat\u00e9raux de conteneurs, alors qui sont les 10 meilleurs chargeurs lat\u00e9raux de conteneurs ?<\/p>\n\t\t<\/div>\n\t\t\t\t<\/div>\n\t\t\t\t\t<\/div>\n\t\t<\/article>\n\t\t\t\t<article class=\"elementor-post elementor-grid-item post-49013 post type-post status-publish format-standard has-post-thumbnail hentry category-trailer-knowledge\" role=\"listitem\">\n\t\t\t<div class=\"elementor-post__card\">\n\t\t\t\t<a class=\"elementor-post__thumbnail__link\" href=\"https:\/\/www.pandamech.com\/france\/info\/what-is-pneumatic-dry-bulk-trailer-design-spec-load-unload\/\" tabindex=\"-1\" target=\"_blank\"><div class=\"elementor-post__thumbnail\"><img loading=\"lazy\" decoding=\"async\" width=\"800\" height=\"800\" src=\"https:\/\/www.pandamech.com\/wp-content\/uploads\/2022\/08\/20cbm-cement-trailer-3.jpg\" class=\"attachment-full size-full wp-image-57793\" alt=\"Remorque \u00e0 ciment 20cbm 3\" srcset=\"https:\/\/www.pandamech.com\/wp-content\/uploads\/2022\/08\/20cbm-cement-trailer-3.jpg 800w, https:\/\/www.pandamech.com\/wp-content\/uploads\/2022\/08\/20cbm-cement-trailer-3-100x100.jpg 100w, https:\/\/www.pandamech.com\/wp-content\/uploads\/2022\/08\/20cbm-cement-trailer-3-300x300.jpg 300w, https:\/\/www.pandamech.com\/wp-content\/uploads\/2022\/08\/20cbm-cement-trailer-3-500x500.jpg 500w, https:\/\/www.pandamech.com\/wp-content\/uploads\/2022\/08\/20cbm-cement-trailer-3-12x12.jpg 12w\" sizes=\"(max-width: 800px) 100vw, 800px\" title=\"\"><\/div><\/a>\n\t\t\t\t<div class=\"elementor-post__text\">\n\t\t\t\t<h3 class=\"elementor-post__title\">\n\t\t\t<a href=\"https:\/\/www.pandamech.com\/france\/info\/what-is-pneumatic-dry-bulk-trailer-design-spec-load-unload\/\">\n\t\t\t\tQu'est-ce qu'une remorque pneumatique ? Tout ce qu'il faut savoir\t\t\t<\/a>\n\t\t<\/h3>\n\t\t\t\t<div class=\"elementor-post__excerpt\">\n\t\t\t<p>Bonjour, cher ami. Vous avez des probl\u00e8mes pour transporter du ciment ? Transport de ciment avec un pneumatique<\/p>\n\t\t<\/div>\n\t\t\t\t<\/div>\n\t\t\t\t\t<\/div>\n\t\t<\/article>\n\t\t\t\t<article class=\"elementor-post elementor-grid-item post-39901 post type-post status-publish format-standard has-post-thumbnail hentry category-trailer-knowledge\" role=\"listitem\">\n\t\t\t<div class=\"elementor-post__card\">\n\t\t\t\t<a class=\"elementor-post__thumbnail__link\" href=\"https:\/\/www.pandamech.com\/france\/info\/what-is-a-low-loader-trailer\/\" tabindex=\"-1\" target=\"_blank\"><div class=\"elementor-post__thumbnail\"><img loading=\"lazy\" decoding=\"async\" width=\"800\" height=\"800\" src=\"https:\/\/www.pandamech.com\/wp-content\/uploads\/2022\/08\/3-5.jpg\" class=\"attachment-full size-full wp-image-58709\" alt=\"Remorque surbaiss\u00e9e \u00e0 3 essieux \u00e0 vendre\" srcset=\"https:\/\/www.pandamech.com\/wp-content\/uploads\/2022\/08\/3-5.jpg 800w, https:\/\/www.pandamech.com\/wp-content\/uploads\/2022\/08\/3-5-100x100.jpg 100w, https:\/\/www.pandamech.com\/wp-content\/uploads\/2022\/08\/3-5-300x300.jpg 300w, https:\/\/www.pandamech.com\/wp-content\/uploads\/2022\/08\/3-5-500x500.jpg 500w, https:\/\/www.pandamech.com\/wp-content\/uploads\/2022\/08\/3-5-12x12.jpg 12w\" sizes=\"(max-width: 800px) 100vw, 800px\" title=\"\"><\/div><\/a>\n\t\t\t\t<div class=\"elementor-post__text\">\n\t\t\t\t<h3 class=\"elementor-post__title\">\n\t\t\t<a href=\"https:\/\/www.pandamech.com\/france\/info\/what-is-a-low-loader-trailer\/\">\n\t\t\t\tQu'est-ce qu'une remorque surbaiss\u00e9e ? Tout ce que vous voulez savoir\t\t\t<\/a>\n\t\t<\/h3>\n\t\t\t\t<div class=\"elementor-post__excerpt\">\n\t\t\t<p>La remorque surbaiss\u00e9e est un v\u00e9hicule sp\u00e9cial pour le transport d'engins de chantier. Prenons un<\/p>\n\t\t<\/div>\n\t\t\t\t<\/div>\n\t\t\t\t\t<\/div>\n\t\t<\/article>\n\t\t\t\t<article class=\"elementor-post elementor-grid-item post-39890 post type-post status-publish format-standard has-post-thumbnail hentry category-trailer-knowledge\" role=\"listitem\">\n\t\t\t<div class=\"elementor-post__card\">\n\t\t\t\t<a class=\"elementor-post__thumbnail__link\" href=\"https:\/\/www.pandamech.com\/france\/info\/what-is-the-container-side-loader\/\" tabindex=\"-1\" target=\"_blank\"><div class=\"elementor-post__thumbnail\"><img loading=\"lazy\" decoding=\"async\" width=\"800\" height=\"800\" src=\"https:\/\/www.pandamech.com\/wp-content\/uploads\/2022\/09\/2-40ft-side-loader-trailer.jpg\" class=\"attachment-full size-full wp-image-58025\" alt=\"2 remorques de 40 pieds \u00e0 chargement lat\u00e9ral\" srcset=\"https:\/\/www.pandamech.com\/wp-content\/uploads\/2022\/09\/2-40ft-side-loader-trailer.jpg 800w, https:\/\/www.pandamech.com\/wp-content\/uploads\/2022\/09\/2-40ft-side-loader-trailer-100x100.jpg 100w, https:\/\/www.pandamech.com\/wp-content\/uploads\/2022\/09\/2-40ft-side-loader-trailer-300x300.jpg 300w, https:\/\/www.pandamech.com\/wp-content\/uploads\/2022\/09\/2-40ft-side-loader-trailer-500x500.jpg 500w, https:\/\/www.pandamech.com\/wp-content\/uploads\/2022\/09\/2-40ft-side-loader-trailer-12x12.jpg 12w\" sizes=\"(max-width: 800px) 100vw, 800px\" title=\"\"><\/div><\/a>\n\t\t\t\t<div class=\"elementor-post__text\">\n\t\t\t\t<h3 class=\"elementor-post__title\">\n\t\t\t<a href=\"https:\/\/www.pandamech.com\/france\/info\/what-is-the-container-side-loader\/\">\n\t\t\t\tQu'est-ce qu'une remorque \u00e0 chargement lat\u00e9ral et pourquoi l'utiliser ?\t\t\t<\/a>\n\t\t<\/h3>\n\t\t\t\t<div class=\"elementor-post__excerpt\">\n\t\t\t<p>Une remorque \u00e0 chargement lat\u00e9ral est une remorque sp\u00e9ciale qui peut charger, transporter et d\u00e9charger des conteneurs.<\/p>\n\t\t<\/div>\n\t\t\t\t<\/div>\n\t\t\t\t\t<\/div>\n\t\t<\/article>\n\t\t\t\t<article class=\"elementor-post elementor-grid-item post-91177 post type-post status-publish format-standard has-post-thumbnail hentry category-trailer-knowledge\" role=\"listitem\">\n\t\t\t<div class=\"elementor-post__card\">\n\t\t\t\t<a class=\"elementor-post__thumbnail__link\" href=\"https:\/\/www.pandamech.com\/france\/info\/semi-tipper-trailer-specification-dimension-capacity\/\" tabindex=\"-1\" target=\"_blank\"><div class=\"elementor-post__thumbnail\"><img loading=\"lazy\" decoding=\"async\" width=\"750\" height=\"399\" src=\"https:\/\/www.pandamech.com\/wp-content\/uploads\/2022\/10\/28cbm-tipper-trailer-7.jpg\" class=\"attachment-full size-full wp-image-58115\" alt=\"Remorque \u00e0 benne basculante 28cbm 7\" srcset=\"https:\/\/www.pandamech.com\/wp-content\/uploads\/2022\/10\/28cbm-tipper-trailer-7.jpg 750w, https:\/\/www.pandamech.com\/wp-content\/uploads\/2022\/10\/28cbm-tipper-trailer-7-300x160.jpg 300w, https:\/\/www.pandamech.com\/wp-content\/uploads\/2022\/10\/28cbm-tipper-trailer-7-500x266.jpg 500w, https:\/\/www.pandamech.com\/wp-content\/uploads\/2022\/10\/28cbm-tipper-trailer-7-18x10.jpg 18w\" sizes=\"(max-width: 750px) 100vw, 750px\" title=\"\"><\/div><\/a>\n\t\t\t\t<div class=\"elementor-post__text\">\n\t\t\t\t<h3 class=\"elementor-post__title\">\n\t\t\t<a href=\"https:\/\/www.pandamech.com\/france\/info\/semi-tipper-trailer-specification-dimension-capacity\/\">\n\t\t\t\tSemi-remorque \u00e0 benne basculante Sp\u00e9cification, dimension et capacit\u00e9\t\t\t<\/a>\n\t\t<\/h3>\n\t\t\t\t<div class=\"elementor-post__excerpt\">\n\t\t\t<p>Bonjour, mon ami, je suis Zac. Beaucoup d'amis ne connaissent pas tr\u00e8s bien la remorque Semi-Tipper.<\/p>\n\t\t<\/div>\n\t\t\t\t<\/div>\n\t\t\t\t\t<\/div>\n\t\t<\/article>\n\t\t\t\t<article class=\"elementor-post elementor-grid-item post-91166 post type-post status-publish format-standard has-post-thumbnail hentry category-trailer-knowledge\" role=\"listitem\">\n\t\t\t<div class=\"elementor-post__card\">\n\t\t\t\t<a class=\"elementor-post__thumbnail__link\" href=\"https:\/\/www.pandamech.com\/france\/info\/diesel-tanker-trailer-specification\/\" tabindex=\"-1\" target=\"_blank\"><div class=\"elementor-post__thumbnail\"><img loading=\"lazy\" decoding=\"async\" width=\"800\" height=\"533\" src=\"https:\/\/www.pandamech.com\/wp-content\/uploads\/2022\/08\/3-axles-oil-semi-tanker.jpg\" class=\"attachment-full size-full wp-image-57831\" alt=\"Semi-citerne p\u00e9troli\u00e8re \u00e0 3 essieux\" srcset=\"https:\/\/www.pandamech.com\/wp-content\/uploads\/2022\/08\/3-axles-oil-semi-tanker.jpg 800w, https:\/\/www.pandamech.com\/wp-content\/uploads\/2022\/08\/3-axles-oil-semi-tanker-300x200.jpg 300w, https:\/\/www.pandamech.com\/wp-content\/uploads\/2022\/08\/3-axles-oil-semi-tanker-500x333.jpg 500w, https:\/\/www.pandamech.com\/wp-content\/uploads\/2022\/08\/3-axles-oil-semi-tanker-18x12.jpg 18w\" sizes=\"(max-width: 800px) 100vw, 800px\" title=\"\"><\/div><\/a>\n\t\t\t\t<div class=\"elementor-post__text\">\n\t\t\t\t<h3 class=\"elementor-post__title\">\n\t\t\t<a href=\"https:\/\/www.pandamech.com\/france\/info\/diesel-tanker-trailer-specification\/\">\n\t\t\t\tSp\u00e9cifications, dimensions et capacit\u00e9 de la remorque-citerne diesel\t\t\t<\/a>\n\t\t<\/h3>\n\t\t\t\t<div class=\"elementor-post__excerpt\">\n\t\t\t<p>Aujourd'hui, nous allons examiner en d\u00e9tail les sp\u00e9cifications, les dimensions et la capacit\u00e9 de la remorque-citerne diesel. Nous<\/p>\n\t\t<\/div>\n\t\t\t\t<\/div>\n\t\t\t\t\t<\/div>\n\t\t<\/article>\n\t\t\t\t<article class=\"elementor-post elementor-grid-item post-91167 post type-post status-publish format-standard has-post-thumbnail hentry category-trailer-knowledge\" role=\"listitem\">\n\t\t\t<div class=\"elementor-post__card\">\n\t\t\t\t<a class=\"elementor-post__thumbnail__link\" href=\"https:\/\/www.pandamech.com\/france\/info\/gasoline-tank-trailer-specification\/\" tabindex=\"-1\" target=\"_blank\"><div class=\"elementor-post__thumbnail\"><img loading=\"lazy\" decoding=\"async\" width=\"800\" height=\"533\" src=\"https:\/\/www.pandamech.com\/wp-content\/uploads\/2022\/09\/fuel-tanker-45kl.jpg\" class=\"attachment-full size-full wp-image-58056\" alt=\"camion-citerne 45kl\" srcset=\"https:\/\/www.pandamech.com\/wp-content\/uploads\/2022\/09\/fuel-tanker-45kl.jpg 800w, https:\/\/www.pandamech.com\/wp-content\/uploads\/2022\/09\/fuel-tanker-45kl-300x200.jpg 300w, https:\/\/www.pandamech.com\/wp-content\/uploads\/2022\/09\/fuel-tanker-45kl-500x333.jpg 500w, https:\/\/www.pandamech.com\/wp-content\/uploads\/2022\/09\/fuel-tanker-45kl-18x12.jpg 18w\" sizes=\"(max-width: 800px) 100vw, 800px\" title=\"\"><\/div><\/a>\n\t\t\t\t<div class=\"elementor-post__text\">\n\t\t\t\t<h3 class=\"elementor-post__title\">\n\t\t\t<a href=\"https:\/\/www.pandamech.com\/france\/info\/gasoline-tank-trailer-specification\/\">\n\t\t\t\tSp\u00e9cifications, dimensions et capacit\u00e9 de la remorque-citerne \u00e0 essence\t\t\t<\/a>\n\t\t<\/h3>\n\t\t\t\t<div class=\"elementor-post__excerpt\">\n\t\t\t<p>La capacit\u00e9 habituelle des remorques-citernes \u00e0 essence Panda Mech est de 30 000-60 000 litres, soit 7 925-15 850 gallons. Aujourd'hui,<\/p>\n\t\t<\/div>\n\t\t\t\t<\/div>\n\t\t\t\t\t<\/div>\n\t\t<\/article>\n\t\t\t\t<\/div>\n\t\t\n\t\t\t\t<div class=\"e-load-more-anchor\" data-page=\"1\" data-max-page=\"24\" data-next-page=\"https:\/\/www.pandamech.com\/france\/wp-json\/wp\/v2\/pages\/1462\/page\/2\/\"><\/div>\n\t\t\t\t<nav class=\"elementor-pagination\" aria-label=\"Pagination\">\n\t\t\t<span class=\"page-numbers prev\">\u00ab Pr\u00e9c\u00e9dent<\/span>\n<span aria-current=\"page\" class=\"page-numbers current\"><span class=\"elementor-screen-only\">Page<\/span>1<\/span>\n<a class=\"page-numbers\" href=\"https:\/\/www.pandamech.com\/france\/wp-json\/wp\/v2\/pages\/1462\/page\/2\/\"><span class=\"elementor-screen-only\">Page<\/span>2<\/a>\n<a class=\"page-numbers\" href=\"https:\/\/www.pandamech.com\/france\/wp-json\/wp\/v2\/pages\/1462\/page\/3\/\"><span class=\"elementor-screen-only\">Page<\/span>3<\/a>\n<span class=\"page-numbers dots\">\u2026<\/span>\n<a class=\"page-numbers\" href=\"https:\/\/www.pandamech.com\/france\/wp-json\/wp\/v2\/pages\/1462\/page\/24\/\"><span class=\"elementor-screen-only\">Page<\/span>24<\/a>\n<a class=\"page-numbers next\" href=\"https:\/\/www.pandamech.com\/france\/wp-json\/wp\/v2\/pages\/1462\/page\/2\/\">Suivant \u00bb<\/a>\t\t<\/nav>\n\t\t\t\t\t\t<\/div>\n\t\t\t\t<\/div>\n\t\t\t\t\t<\/div>\n\t\t<\/div>\n\t\t\t\t\t<\/div>\n\t\t<\/section>\n\t\t\t\t<\/div>","protected":false},"excerpt":{"rendered":"<p>Blog<\/p>","protected":false},"author":1,"featured_media":0,"parent":0,"menu_order":0,"comment_status":"closed","ping_status":"closed","template":"","meta":{"_acf_changed":false,"_kad_blocks_custom_css":"","_kad_blocks_head_custom_js":"","_kad_blocks_body_custom_js":"","_kad_blocks_footer_custom_js":"","_kad_post_transparent":"","_kad_post_title":"","_kad_post_layout":"","_kad_post_sidebar_id":"","_kad_post_content_style":"","_kad_post_vertical_padding":"","_kad_post_feature":"","_kad_post_feature_position":"","_kad_post_header":false,"_kad_post_footer":false,"_kad_post_classname":"","footnotes":""},"class_list":["post-1462","page","type-page","status-publish","hentry"],"acf":[],"taxonomy_info":[],"featured_image_src_large":false,"author_info":{"display_name":"Panda Mech","author_link":"https:\/\/www.pandamech.com\/france\/author\/pandatrailer\/"},"comment_info":0,"_links":{"self":[{"href":"https:\/\/www.pandamech.com\/france\/wp-json\/wp\/v2\/pages\/1462","targetHints":{"allow":["GET"]}}],"collection":[{"href":"https:\/\/www.pandamech.com\/france\/wp-json\/wp\/v2\/pages"}],"about":[{"href":"https:\/\/www.pandamech.com\/france\/wp-json\/wp\/v2\/types\/page"}],"author":[{"embeddable":true,"href":"https:\/\/www.pandamech.com\/france\/wp-json\/wp\/v2\/users\/1"}],"replies":[{"embeddable":true,"href":"https:\/\/www.pandamech.com\/france\/wp-json\/wp\/v2\/comments?post=1462"}],"version-history":[{"count":1,"href":"https:\/\/www.pandamech.com\/france\/wp-json\/wp\/v2\/pages\/1462\/revisions"}],"predecessor-version":[{"id":91714,"href":"https:\/\/www.pandamech.com\/france\/wp-json\/wp\/v2\/pages\/1462\/revisions\/91714"}],"wp:attachment":[{"href":"https:\/\/www.pandamech.com\/france\/wp-json\/wp\/v2\/media?parent=1462"}],"curies":[{"name":"wp","href":"https:\/\/api.w.org\/{rel}","templated":true}]}}