{"id":38962,"date":"2023-05-29T16:32:04","date_gmt":"2023-05-29T08:32:04","guid":{"rendered":"https:\/\/pandamech.com\/?post_type=product&#038;p=38962"},"modified":"2025-08-23T01:07:06","modified_gmt":"2025-08-22T17:07:06","slug":"40-ft-flatbed-trailer-for-sale","status":"publish","type":"product","link":"https:\/\/www.pandamech.com\/arabic\/product\/40-ft-flatbed-trailer-for-sale\/","title":{"rendered":"\u0645\u0642\u0637\u0648\u0631\u0629 \u0646\u0635\u0641 \u0645\u0642\u0637\u0648\u0631\u0629 \u0645\u0633\u0637\u062d\u0629 40 \u0642\u062f\u0645 \u0644\u0644\u0628\u064a\u0639"},"content":{"rendered":"<p>\u062a\u064f\u0639\u0631\u0641 \u0627\u0644\u0645\u0642\u0637\u0648\u0631\u0629 \u0627\u0644\u0645\u0633\u0637\u062d\u0629 \u0627\u0644\u062a\u064a \u064a\u0628\u0644\u063a \u0637\u0648\u0644\u0647\u0627 40 \u0642\u062f\u0645\u064b\u0627 \u0628\u0627\u0633\u0645 \u0645\u0642\u0637\u0648\u0631\u0629 \u0627\u0644\u0634\u0627\u062d\u0646\u0629 \u0627\u0644\u0645\u0633\u0637\u062d\u0629 40 \u0642\u062f\u0645\u064b\u0627. \u0646\u0635\u0641 \u0627\u0644\u0645\u0642\u0637\u0648\u0631\u0629 \u0627\u0644\u0645\u0633\u0637\u062d\u0629 40 \u0642\u062f\u0645\u0627\u064b \u0647\u064a \u0646\u0635\u0641 \u0645\u0642\u0637\u0648\u0631\u0629 \u0630\u0627\u062a \u0647\u064a\u0643\u0644 \u062d\u0627\u0648\u064a\u0629. \u062a\u064f\u0633\u062a\u062e\u062f\u0645 \u0628\u0634\u0643\u0644 \u0623\u0633\u0627\u0633\u064a \u0641\u064a \u0627\u0644\u0623\u0646\u0638\u0645\u0629 \u0627\u0644\u0644\u0648\u062c\u0633\u062a\u064a\u0629 \u0627\u0644\u062a\u064a \u062a\u062f\u0639\u0645 \u0627\u0644\u0633\u0641\u0646 \u0648\u0627\u0644\u0645\u0648\u0627\u0646\u0626 \u0648\u0627\u0644\u0637\u0631\u0642 \u0648\u0627\u0644\u0637\u0631\u0642 \u0627\u0644\u0633\u0631\u064a\u0639\u0629 \u0648\u0645\u062d\u0637\u0627\u062a \u0627\u0644\u0646\u0642\u0644 \u0648\u0627\u0644\u062c\u0633\u0648\u0631 \u0648\u0627\u0644\u0623\u0646\u0641\u0627\u0642 \u0648\u0627\u0644\u0646\u0642\u0644 \u0645\u062a\u0639\u062f\u062f \u0627\u0644\u0648\u0633\u0627\u0626\u0637.<\/p>\n<p>\u064a\u062a\u0645 \u062a\u062d\u062f\u064a\u062f \u062c\u0632\u0621 \u0627\u0644\u062a\u062d\u0645\u064a\u0644 \u0645\u0646 \u0645\u0642\u0637\u0648\u0631\u0629 \u0627\u0644\u0634\u0627\u062d\u0646\u0629 \u0627\u0644\u0645\u0633\u0637\u062d\u0629 40 \u0642\u062f\u0645\u064b\u0627 \u0648\u0641\u0642\u064b\u0627 \u0644\u062d\u062c\u0645 \u0627\u0644\u062d\u0627\u0648\u064a\u0629 \u0627\u0644\u0642\u064a\u0627\u0633\u064a\u0629. \u064a\u062a\u0645 \u062a\u0648\u0641\u064a\u0631 \u062c\u0647\u0627\u0632 \u0642\u0641\u0644 \u0645\u0644\u062a\u0648\u064d \u0644\u062a\u062b\u0628\u064a\u062a \u0627\u0644\u062d\u0627\u0648\u064a\u0629 \u0641\u064a \u0627\u0644\u0645\u0648\u0636\u0639 \u0627\u0644\u0645\u0642\u0627\u0628\u0644 \u0644\u0644\u0632\u0648\u0627\u064a\u0627 \u0627\u0644\u0623\u0631\u0628\u0639 \u0644\u0623\u0633\u0641\u0644 \u0627\u0644\u062d\u0627\u0648\u064a\u0629.<\/p>\n<p>\u0627\u0643\u062a\u0628: 2 \u0645\u062d\u0648\u0631 2 \u0645\u0642\u0637\u0648\u0631\u0629 \u062d\u0627\u0648\u064a\u0629 \u0645\u0633\u0637\u062d\u0629 40 \u0642\u062f\u0645\u064b\u0627\u060c \u0645\u0642\u0637\u0648\u0631\u0629 \u0645\u0633\u0637\u062d\u0629 40 \u0642\u062f\u0645\u064b\u0627 \u0630\u0627\u062a \u0645\u062d\u0627\u0648\u0631 \u062b\u0644\u0627\u062b\u064a\u0629\u060c \u0645\u0642\u0637\u0648\u0631\u0629 \u062c\u0631\u0627\u0631 \u0645\u0633\u0637\u062d\u0629 40 \u0642\u062f\u0645\u064b\u0627 \u0630\u0627\u062a \u0623\u0631\u0628\u0639\u0629 \u0645\u062d\u0627\u0648\u0631\u060c \u0645\u0642\u0637\u0648\u0631\u0629 \u0645\u0633\u0637\u062d\u0629 40 \u0642\u062f\u0645\u064b\u0627 \u0630\u0627\u062a \u0645\u0639\u0642\u0648\u0641\u0629 \u0645\u0633\u0637\u062d\u0629 \u0644\u0644\u0628\u064a\u0639, <a href=\"https:\/\/www.pandamech.com\/arabic\/product\/single-axle-flatbed-semi-trailer\/\" target=\"_blank\" rel=\"noopener\">\u0645\u0642\u0637\u0648\u0631\u0629 \u0633\u0637\u062d \u0627\u0644\u0633\u0641\u064a\u0646\u0629 \u0627\u0644\u0645\u0633\u0637\u062d\u0629 \u0630\u0627\u062a \u0627\u0644\u0625\u0637\u0627\u0631 \u0627\u0644\u0648\u0627\u062d\u062f<\/a>.<\/p>\n<h2>\u0635\u0648\u0631 \u0645\u0642\u0637\u0648\u0631\u0629 \u0645\u0633\u0637\u062d\u0629 \u0645\u0633\u0637\u062d\u0629 40 \u0642\u062f\u0645<\/h2>\n<h2><img fetchpriority=\"high\" decoding=\"async\" class=\"alignnone\" title=\"\u0645\u0642\u0637\u0648\u0631\u0629 \u0646\u0635\u0641 \u0645\u0642\u0637\u0648\u0631\u0629 \u0645\u0633\u0637\u062d\u0629 \u0630\u0627\u062a 3 \u0645\u062d\u0627\u0648\u0631 40 \u0642\u062f\u0645\" src=\"https:\/\/pandamech.com\/wp-content\/uploads\/2022\/08\/flatbed-semi-trailer-for-sale7.jpg\" alt=\"\u0645\u0642\u0637\u0648\u0631\u0629 \u0634\u0627\u062d\u0646\u0629 \u0646\u0635\u0641 \u0645\u0642\u0637\u0648\u0631\u0629 \u0645\u0633\u0637\u062d\u0629 \u062b\u0644\u0627\u062b\u064a\u0629 \u0627\u0644\u0645\u062d\u0627\u0648\u0631 \u0644\u0644\u0628\u064a\u0639\" width=\"800\" height=\"533\" \/><\/h2>\n<p>\u0634\u0627\u062d\u0646\u0629 \u0646\u0635\u0641 \u0645\u0642\u0637\u0648\u0631\u0629 \u0645\u0633\u0637\u062d\u0629 \u0630\u0627\u062a 3 \u0645\u062d\u0627\u0648\u0631 40 \u0642\u062f\u0645 \u0644\u0644\u0628\u064a\u0639<\/p>\n<p><img decoding=\"async\" class=\"alignnone\" title=\"\u0645\u0642\u0637\u0648\u0631\u0629 \u0646\u0635\u0641 \u0645\u0642\u0637\u0648\u0631\u0629 \u0645\u0633\u0637\u062d\u0629 \u0630\u0627\u062a 3 \u0645\u062d\u0627\u0648\u0631 40 \u0642\u062f\u0645\" src=\"https:\/\/pandamech.com\/wp-content\/uploads\/2022\/08\/flatbed-smei-trailers-for-sale.jpg\" alt=\"3 \u0645\u0642\u0637\u0648\u0631\u0627\u062a \u062d\u0627\u0648\u064a\u0627\u062a \u0645\u0633\u0637\u062d\u0629 \u0645\u0633\u0637\u062d\u0629 40 \u0642\u062f\u0645 \u0644\u0644\u0628\u064a\u0639\" width=\"800\" height=\"533\" \/><\/p>\n<p>\u0645\u0642\u0637\u0648\u0631\u0629 \u062d\u0627\u0648\u064a\u0629 \u0645\u0633\u0637\u062d\u0629 \u062b\u0644\u0627\u062b\u064a\u0629 \u0627\u0644\u0645\u062d\u0627\u0648\u0631 40 \u0642\u062f\u0645 \u0645\u0633\u0637\u062d\u0629<\/p>\n<p>\u0630\u0627\u062a \u0635\u0644\u0629: <a href=\"https:\/\/www.pandamech.com\/arabic\/product\/4-axle-flatbed-trailer-for-sale\/\" target=\"_blank\" rel=\"noopener\"><span style=\"color: #0000ff;\">\u0645\u0642\u0637\u0648\u0631\u0629 \u062d\u0627\u0648\u064a\u0629 \u0645\u0633\u0637\u062d\u0629 \u0630\u0627\u062a 4 \u0645\u062d\u0627\u0648\u0631<\/span><\/a>, <a href=\"https:\/\/www.pandamech.com\/arabic\/category\/container-chassis\/container-chassis-trailer\/\" target=\"_blank\" rel=\"noopener\"><span style=\"color: #0000ff;\">\u0645\u0642\u0637\u0648\u0631\u0629 \u0647\u064a\u0643\u0644 \u0627\u0644\u062d\u0627\u0648\u064a\u0629<\/span><\/a><\/p>\n<h2>\u0645\u0648\u0627\u0635\u0641\u0627\u062a \u0627\u0644\u0645\u0642\u0637\u0648\u0631\u0629 \u0627\u0644\u0645\u0633\u0637\u062d\u0629 40 \u0642\u062f\u0645<\/h2>\n<table border=\"1\" cellspacing=\"1\" cellpadding=\"1\">\n<tbody>\n<tr>\n<td width=\"297\">\u00a0\u0627\u0644\u0634\u0631\u0643\u0629 \u0627\u0644\u0645\u0635\u0646\u0639\u0629<\/td>\n<td width=\"484\">\u00a0\u0634\u0627\u062d\u0646\u0629 \u0646\u0635\u0641 \u0645\u0642\u0637\u0648\u0631\u0629 \u062d\u0627\u0648\u064a\u0629 \u0645\u0633\u0637\u062d\u0629 \u0646\u0635\u0641 \u0645\u0642\u0637\u0648\u0631\u0629 \u0628\u0627\u0646\u062f\u0627 \u0645\u064a\u0643 40 \u0642\u062f\u0645<\/td>\n<\/tr>\n<tr>\n<td width=\"297\">\u00a0\u0627\u0644\u0645\u062d\u0627\u0648\u0631<\/td>\n<td width=\"484\">\u00a03 \u0645\u062d\u0627\u0648\u0631\u060c \u0645\u0627\u0631\u0643\u0629 BPW\/SAF\/FUWA<\/td>\n<\/tr>\n<tr>\n<td width=\"297\">\u00a0\u0623\u0628\u0639\u0627\u062f \u0627\u0644\u0645\u0642\u0637\u0648\u0631\u0629 \u0627\u0644\u0645\u0633\u0637\u062d\u0629 \u0627\u0644\u0645\u0633\u0637\u062d\u0629 40 FT<\/td>\n<td width=\"484\">\u00a012500\u00d72500\u00d71500\u00d71500 \u0645\u0645<\/td>\n<\/tr>\n<tr>\n<td width=\"297\">\u00a0\u0633\u0639\u0629 \u0627\u0644\u0645\u0642\u0637\u0648\u0631\u0629 \u0627\u0644\u0645\u0633\u0637\u062d\u0629 40 \u0642\u062f\u0645\u0627\u064b<\/td>\n<td width=\"484\">\u00a070 \u0637\u0646\u0627\u064b<\/td>\n<\/tr>\n<tr>\n<td width=\"297\">\u00a0\u0627\u0644\u0648\u0632\u0646<\/td>\n<td width=\"484\">\u00a07-9 \u0623\u0637\u0646\u0627\u0646<\/td>\n<\/tr>\n<tr>\n<td width=\"297\">\u00a0\u0642\u0641\u0644 \u0645\u0644\u062a\u0648\u064a<\/td>\n<td width=\"484\">\u00a08-12 \u0645\u062c\u0645\u0648\u0639\u0629<\/td>\n<\/tr>\n<tr>\n<td width=\"297\">\u00a0\u0627\u0644\u0645\u0648\u0627\u062f<\/td>\n<td width=\"484\">\u00a0\u0627\u0644\u0639\u0648\u0627\u0631\u0636 \u0627\u0644\u0631\u0626\u064a\u0633\u064a\u0629 Q345B\u060c \u0627\u0644\u062d\u0627\u0641\u0629 \u0627\u0644\u0639\u0644\u0648\u064a\u0629: 14 \u0645\u0645\u060c \u0627\u0644\u0648\u0633\u0637: 8 \u0645\u0645\u060c \u0627\u0644\u0623\u0633\u0641\u0644: 16 \u0645\u0645<\/td>\n<\/tr>\n<tr>\n<td width=\"297\">\u00a0\u062f\u0628\u0648\u0633 \u0627\u0644\u0645\u0644\u0643<\/td>\n<td width=\"484\">\u00a02 \u0628\u0648\u0635\u0629 \u0623\u0648 3.5 \u0628\u0648\u0635\u0629 \u0645\u0646 \u0645\u0627\u0631\u0643\u0629 JOST<\/td>\n<\/tr>\n<tr>\n<td width=\"297\">\u00a0\u0627\u0644\u0634\u0627\u0633\u064a\u0647<\/td>\n<td width=\"484\">\u00a03 \u0645\u0644\u0645\u060c 4 \u0645\u0644\u0645\u060c 6 \u0645\u0644\u0645\u060c \u0641\u0648\u0644\u0627\u0630 \u0643\u0631\u0628\u0648\u0646\u064a \u0623\u0648 \u0633\u0628\u0627\u0626\u0643 \u0627\u0644\u0623\u0644\u0648\u0645\u0646\u064a\u0648\u0645<\/td>\n<\/tr>\n<tr>\n<td width=\"297\">\u00a0\u0627\u0644\u062a\u0639\u0644\u064a\u0642<\/td>\n<td width=\"484\">\u00a0\u0646\u0638\u0627\u0645 \u062a\u0639\u0644\u064a\u0642 \u0645\u064a\u0643\u0627\u0646\u064a\u0643\u064a\u060c \u0648\u0633\u0627\u062f\u0629 \u0647\u0648\u0627\u0626\u064a\u0629<\/td>\n<\/tr>\n<tr>\n<td width=\"297\" height=\"36\">\u00a0\u0627\u0644\u0625\u0637\u0627\u0631\u0627\u062a<\/td>\n<td width=\"484\">\u00a011.00R20\u060c 12.00R20\u060c 12R22.5\u060c 385\/65R22.5 \u0645\u062b\u0644\u062b\/65R22.5\/ \u0645\u0627\u0631\u0643\u0629 \u0647\u0627\u0646\u0643\u0648\u0643\/ \u0628\u0631\u064a\u062f\u062c\u0633\u062a\u0648\u0646<\/td>\n<\/tr>\n<\/tbody>\n<\/table>\n<p style=\"text-align: center;\"><a class=\"product_button\" href=\"#elementor-action%3Aaction%3Dpopup%3Aopen%26settings%3DeyJpZCI6Ijk5MDciLCJ0b2dnbGUiOmZhbHNlfQ%3D%3D\">\u0627\u062d\u0635\u0644 \u0639\u0644\u0649 \u0639\u0631\u0636 \u0623\u0633\u0639\u0627\u0631 \u0641\u0648\u0631\u064a \u0627\u0644\u0622\u0646<\/a><\/p>\n<h2>\u0631\u0633\u0645 \u0645\u0642\u0637\u0648\u0631\u0629 \u0645\u0633\u0637\u062d\u0629 \u0645\u0633\u0637\u062d\u0629 40 \u0642\u062f\u0645<\/h2>\n<p><img decoding=\"async\" class=\"size-full wp-image-54434\" src=\"https:\/\/pandamech.com\/wp-content\/uploads\/2023\/05\/2023110703375269.jpg\" alt=\"\u0631\u0633\u0645 \u0645\u0642\u0637\u0648\u0631\u0629 \u0645\u0633\u0637\u062d\u0629 \u0645\u0633\u0637\u062d\u0629 40 \u0642\u062f\u0645\" width=\"750\" height=\"234\" title=\"\"><\/p>\n<p>\u0631\u0633\u0645 \u0645\u0642\u0637\u0648\u0631\u0629 \u0645\u0633\u0637\u062d\u0629 40 \u0642\u062f\u0645<\/p>\n<h2>\u0641\u064a\u062f\u064a\u0648 \u0645\u0642\u0637\u0648\u0631\u0629 \u0645\u0633\u0637\u062d\u0629 \u0630\u0627\u062a 3 \u0645\u062d\u0627\u0648\u0631<\/h2>\n<h2><iframe title=\"\u0645\u0634\u063a\u0644 \u0641\u064a\u062f\u064a\u0648 \u064a\u0648\u062a\u064a\u0648\u0628\" src=\"https:\/\/www.youtube.com\/embed\/madumekLIdo\" width=\"800\" height=\"533\" frameborder=\"0\" allowfullscreen=\"allowfullscreen\" data-mce-fragment=\"1\"><span data-mce-type=\"bookmark\" style=\"display: inline-block; width: 0px; overflow: hidden; line-height: 0;\" class=\"mce_SELRES_start\"><\/span><\/iframe><\/h2>\n<p>3 \u0645\u0642\u0637\u0648\u0631\u0629 \u0634\u0627\u062d\u0646\u0629 \u0645\u0633\u0637\u062d\u0629 \u0630\u0627\u062a 3 \u0645\u062d\u0627\u0648\u0631 40\u2032 \u0634\u0627\u062d\u0646\u0629 \u0645\u0633\u0637\u062d\u0629 \u0646\u0635\u0641 \u0645\u0642\u0637\u0648\u0631\u0629<\/p>\n<p style=\"text-align: center;\"><a class=\"product_button\" href=\"#elementor-action%3Aaction%3Dpopup%3Aopen%26settings%3DeyJpZCI6Ijk5MDciLCJ0b2dnbGUiOmZhbHNlfQ%3D%3D\">\u0627\u0646\u0642\u0631 \u0644\u0644\u062d\u0635\u0648\u0644 \u0639\u0644\u0649 \u0627\u0644\u062a\u0641\u0627\u0635\u064a\u0644<\/a><\/p>\n<h2>\u0645\u064a\u0632\u0627\u062a \u0627\u0644\u0645\u0642\u0637\u0648\u0631\u0629 \u0627\u0644\u0645\u0633\u0637\u062d\u0629 \u0630\u0627\u062a 3 \u0645\u062d\u0627\u0648\u0631 40 \u0642\u062f\u0645<\/h2>\n<ol>\n<li>\u0641\u0648\u0644\u0627\u0630 \u0630\u0648 \u0647\u064a\u0643\u0644 \u0641\u0648\u0644\u0627\u0630\u064a \u0642\u0648\u064a \u0644\u0644\u063a\u0627\u064a\u0629 \u0645\u0639 \u0642\u062f\u0631\u0629 \u0634\u062f \u0648\u062a\u062d\u0645\u064a\u0644 \u0639\u0627\u0644\u064a\u0629\u060c \u0642\u062f\u0631\u0629 \u062a\u062d\u0645\u064a\u0644 40 \u0637\u0646.<\/li>\n<li>\u0646\u0638\u0627\u0645 \u062a\u0639\u0644\u064a\u0642 \u0632\u0646\u0628\u0631\u0643\u064a \u0645\u064a\u0643\u0627\u0646\u064a\u0643\u064a \u0645\u0646 \u0627\u0644\u0646\u0648\u0639 \u0627\u0644\u062b\u0642\u064a\u0644 \u0644\u0644\u0623\u062d\u0645\u0627\u0644 \u0627\u0644\u0639\u0627\u0644\u064a\u0629 \u0645\u0646 \u0627\u0644\u0645\u062a\u0637\u0644\u0628\u0627\u062a \u0627\u0644\u0645\u0637\u0644\u0648\u0628\u0629.<\/li>\n<li>\u0637\u0648\u0644 \u0648\u0639\u0631\u0636 \u0627\u0644\u0633\u0631\u064a\u0631 \u0627\u0644\u0645\u0646\u062e\u0641\u0636 \u0645\u062a\u0627\u062d \u062d\u0633\u0628 \u0627\u0644\u0637\u0644\u0628<\/li>\n<li>\u064a\u064f\u0639\u062f \u0627\u0644\u062a\u0639\u0644\u064a\u0642 \u0627\u0644\u0647\u0648\u0627\u0626\u064a \u0648\u062a\u0639\u0644\u064a\u0642 \u0627\u0644\u0639\u0631\u0628\u0629 \u062e\u064a\u0627\u0631\u0627\u064b \u0645\u062a\u0627\u062d\u0627\u064b.<\/li>\n<\/ol>\n<p style=\"text-align: center;\"><a class=\"product_button\" href=\"#elementor-action%3Aaction%3Dpopup%3Aopen%26settings%3DeyJpZCI6Ijk5MDciLCJ0b2dnbGUiOmZhbHNlfQ%3D%3D\">\u0627\u0646\u0642\u0631 \u0644\u0644\u062d\u0635\u0648\u0644 \u0639\u0644\u0649 \u0627\u0644\u062a\u0641\u0627\u0635\u064a\u0644<\/a><\/p>\n<h2>\u0627\u0644\u0646\u0642\u0644 \u0648\u0627\u0644\u0646\u0642\u0644 \u0627\u0644\u0628\u062d\u0631\u064a \u0644\u0634\u0628\u0647 \u0627\u0644\u0645\u0642\u0637\u0648\u0631\u0629 \u0627\u0644\u0645\u0633\u0637\u062d\u0629 40 \u0642\u062f\u0645\u064b\u0627<\/h2>\n<p>\u0633\u064a\u062e\u062a\u0627\u0631 \u0627\u0644\u0639\u062f\u064a\u062f \u0645\u0646 \u0627\u0644\u0639\u0645\u0644\u0627\u0621 \u0627\u0633\u062a\u062e\u062f\u0627\u0645 \u0627\u0644\u0646\u0642\u0644 \u0628\u0627\u0644\u062d\u0627\u0648\u064a\u0627\u062a \u0639\u0646\u062f \u0646\u0642\u0644 \u0627\u0644\u0645\u0642\u0637\u0648\u0631\u0627\u062a \u0627\u0644\u0645\u0633\u0637\u062d\u0629 \u0644\u0623\u0646 \u0647\u0630\u0627 \u064a\u0645\u0643\u0646 \u0623\u0646 \u064a\u0643\u0648\u0646 \u0644\u0647 \u062a\u0643\u0627\u0644\u064a\u0641 \u0646\u0642\u0644 \u0623\u0642\u0644 \u0648\u0648\u0642\u062a \u0646\u0642\u0644 \u0623\u0642\u0635\u0631.<\/p>\n<p>\u062a\u064f\u0633\u062a\u062e\u062f\u0645 \u0645\u0642\u0637\u0648\u0631\u0627\u062a \u0627\u0644\u0634\u0627\u062d\u0646\u0627\u062a \u0627\u0644\u0645\u0633\u0637\u062d\u0629 \u0630\u0627\u062a \u0627\u0644\u0634\u0627\u062d\u0646\u0627\u062a \u0627\u0644\u0645\u0633\u0637\u062d\u0629 40 \u0642\u062f\u0645\u064b\u0627 \u0628\u0634\u0643\u0644 \u0639\u0627\u0645 \u0641\u064a \u0646\u0627\u0642\u0644\u0627\u062a \u0627\u0644\u0628\u0636\u0627\u0626\u0639 \u0627\u0644\u0633\u0627\u0626\u0628\u0629 \u0623\u0648 \u0633\u0641\u0646 \u0627\u0644\u062f\u062d\u0631\u062c\u0629 \u0644\u0644\u0646\u0642\u0644. \u0633\u0646\u0636\u0645\u0646 \u0623\u0646 \u062a\u0643\u0648\u0646 \u0645\u0642\u0637\u0648\u0631\u0627\u062a \u0628\u0627\u0646\u062f\u0627 \u0645\u064a\u0643 \u0627\u0644\u062a\u062c\u0627\u0631\u064a\u0629 \u0627\u0644\u0645\u0633\u0637\u062d\u0629 \u0627\u0644\u0645\u0633\u0637\u062d\u0629 \u0645\u0634\u0645\u0639\u0629 \u0648\u0645\u063a\u0637\u0627\u0629 \u0628\u0623\u0642\u0645\u0634\u0629 \u0639\u0646\u062f\u0645\u0627 \u062a\u0643\u0648\u0646 \u0633\u0641\u0646 \u0627\u0644\u0634\u062d\u0646 \u0628\u0643\u0645\u064a\u0627\u062a \u0643\u0628\u064a\u0631\u0629.<\/p>\n<p><img loading=\"lazy\" decoding=\"async\" class=\"alignnone wp-image-32266 size-full\" src=\"https:\/\/pandamech.com\/wp-content\/uploads\/2022\/08\/flatbed-semi-trailer-transport3.jpg\" alt=\"\u0645\u0642\u0637\u0648\u0631\u0629 \u0634\u0627\u062d\u0646\u0629 \u062d\u0627\u0648\u064a\u0629 \u0645\u0633\u0637\u062d\u0629 \u0645\u0633\u0637\u062d\u0629 40 \u0642\u062f\u0645 \u0644\u0644\u0628\u064a\u0639\" width=\"800\" height=\"547\" title=\"\"><\/p>\n<h2>\u0627\u0644\u0634\u0631\u0643\u0629 \u0627\u0644\u0645\u0635\u0646\u0639\u0629 \u0644\u0634\u0628\u0647 \u0627\u0644\u0645\u0642\u0637\u0648\u0631\u0629 \u0627\u0644\u0645\u0633\u0637\u062d\u0629 40 \u0642\u062f\u0645<\/h2>\n<p>\u0646\u062d\u0646 \u0634\u0631\u0643\u0629 \u0645\u0635\u0646\u0639\u0629 \u0644\u0634\u0628\u0647 \u0645\u0642\u0637\u0648\u0631\u0629 \u0645\u0633\u0637\u062d\u0629 40 \u0642\u062f\u0645\u064b\u0627 \u0645\u0646 \u0627\u0644\u0635\u064a\u0646. \u0646\u062d\u0646 \u0646\u0648\u0641\u0631 \u0646\u0635\u0641 \u0645\u0642\u0637\u0648\u0631\u0627\u062a \u0645\u0633\u0637\u062d\u0629 40 \u0642\u062f\u0645\u064b\u0627 \u0648\u0645\u0642\u0637\u0648\u0631\u0627\u062a \u0645\u0633\u0637\u062d\u0629 \u0630\u0627\u062a \u0639\u0646\u0642 \u0645\u0646\u062d\u0646\u064a\u0629 \u0644\u0644\u0628\u064a\u0639. \u064a\u0645\u0643\u0646\u0646\u0627 \u062a\u062e\u0635\u064a\u0635\u0647\u0627 \u0648\u0641\u0642\u064b\u0627 \u0644\u0627\u062d\u062a\u064a\u0627\u062c\u0627\u062a\u0643.<\/p>\n<p>\u062d\u0642\u0642 \u0645\u0635\u0646\u0639\u0648 Panda Mech \u0646\u062c\u0627\u062d\u064b\u0627 \u0641\u064a \u062c\u0646\u0648\u0628 \u0634\u0631\u0642 \u0622\u0633\u064a\u0627 \u0648\u0627\u0644\u0634\u0631\u0642 \u0627\u0644\u0623\u0648\u0633\u0637 \u0648\u0623\u0641\u0631\u064a\u0642\u064a\u0627 \u0648\u0623\u0645\u0631\u064a\u0643\u0627 \u0627\u0644\u062c\u0646\u0648\u0628\u064a\u0629\u060c \u0645\u062b\u0644 \u0627\u0644\u0641\u0644\u0628\u064a\u0646 \u0648\u062a\u0646\u0632\u0627\u0646\u064a\u0627 \u0648\u063a\u064a\u0631\u0647\u0627...<\/p>\n<p><a href=\"#elementor-action%3Aaction%3Dpopup%3Aopen%26settings%3DeyJpZCI6Ijk5MDciLCJ0b2dnbGUiOmZhbHNlfQ%3D%3D\"><img loading=\"lazy\" decoding=\"async\" class=\"alignnone\" title=\"\u0645\u0642\u0637\u0648\u0631\u0629 \u0646\u0635\u0641 \u0645\u0642\u0637\u0648\u0631\u0629 \u0645\u0633\u0637\u062d\u0629 \u0630\u0627\u062a 3 \u0645\u062d\u0627\u0648\u0631 40 \u0642\u062f\u0645\" src=\"https:\/\/pandamech.com\/wp-content\/uploads\/2021\/08\/quotation.jpg\" alt=\"\u0639\u0631\u0636 \u0623\u0633\u0639\u0627\u0631 \u0634\u0627\u062d\u0646\u0629 \u0646\u0635\u0641 \u0645\u0642\u0637\u0648\u0631\u0629 \u0645\u0633\u0637\u062d\u0629 40 \u0642\u062f\u0645\" width=\"864\" height=\"213\" \/><\/a><\/p>","protected":false},"excerpt":{"rendered":"<p>\u0627\u0644\u0646\u0648\u0639: \u0645\u0642\u0637\u0648\u0631\u0629 \u0645\u0633\u0637\u062d\u0629 \u0630\u0627\u062a 3 \u0645\u062d\u0627\u0648\u0631 40 \u0642\u062f\u0645<\/p>\n<p>\u0646\u0637\u0627\u0642 \u0627\u0644\u0633\u0639\u0631: $8,990-8,500 \u062f\u0648\u0644\u0627\u0631 \u0623\u0645\u0631\u064a\u0643\u064a<\/p>\n<p>\u0627\u0644\u062a\u0633\u0644\u064a\u0645: 7-25 \u064a\u0648\u0645\u064b\u0627<\/p>\n<p>\u0633\u0639\u0629 \u0627\u0644\u062d\u0645\u0648\u0644\u0629: 20-60 \u0637\u0646<\/p>\n<p>\u0627\u0644\u062a\u0637\u0628\u064a\u0642: \u0627\u0644\u0628\u0636\u0627\u0626\u0639 \u0627\u0644\u0633\u0627\u0626\u0628\u0629\u060c \u0627\u0644\u062d\u0627\u0648\u064a\u0627\u062a<\/p>","protected":false},"featured_media":57783,"template":"","meta":{"_acf_changed":false,"_kad_blocks_custom_css":"","_kad_blocks_head_custom_js":"","_kad_blocks_body_custom_js":"","_kad_blocks_footer_custom_js":"","_kad_post_transparent":"default","_kad_post_title":"","_kad_post_layout":"default","_kad_post_sidebar_id":"","_kad_post_content_style":"default","_kad_post_vertical_padding":"default","_kad_post_feature":"","_kad_post_feature_position":"","_kad_post_header":false,"_kad_post_footer":false,"_kad_post_classname":""},"product_brand":[],"product_cat":[77],"product_tag":[65],"class_list":{"0":"post-38962","1":"product","2":"type-product","3":"status-publish","4":"has-post-thumbnail","6":"product_cat-flatbed-semi-trailer","7":"product_tag-40ft-trailer","9":"first","10":"instock","11":"sold-individually","12":"shipping-taxable","13":"purchasable","14":"product-type-simple","15":"entry","16":"content-bg","17":"loop-entry"},"acf":[],"taxonomy_info":{"product_cat":[{"value":77,"label":"Flatbed Semi Trailer"}],"product_tag":[{"value":65,"label":"40Ft Trailer"}]},"featured_image_src_large":["https:\/\/www.pandamech.com\/wp-content\/uploads\/2022\/08\/2-86-500x500.jpg",500,500,true],"author_info":[],"comment_info":"","_links":{"self":[{"href":"https:\/\/www.pandamech.com\/arabic\/wp-json\/wp\/v2\/product\/38962","targetHints":{"allow":["GET"]}}],"collection":[{"href":"https:\/\/www.pandamech.com\/arabic\/wp-json\/wp\/v2\/product"}],"about":[{"href":"https:\/\/www.pandamech.com\/arabic\/wp-json\/wp\/v2\/types\/product"}],"version-history":[{"count":1,"href":"https:\/\/www.pandamech.com\/arabic\/wp-json\/wp\/v2\/product\/38962\/revisions"}],"predecessor-version":[{"id":91242,"href":"https:\/\/www.pandamech.com\/arabic\/wp-json\/wp\/v2\/product\/38962\/revisions\/91242"}],"wp:featuredmedia":[{"embeddable":true,"href":"https:\/\/www.pandamech.com\/arabic\/wp-json\/wp\/v2\/media\/57783"}],"wp:attachment":[{"href":"https:\/\/www.pandamech.com\/arabic\/wp-json\/wp\/v2\/media?parent=38962"}],"wp:term":[{"taxonomy":"product_brand","embeddable":true,"href":"https:\/\/www.pandamech.com\/arabic\/wp-json\/wp\/v2\/product_brand?post=38962"},{"taxonomy":"product_cat","embeddable":true,"href":"https:\/\/www.pandamech.com\/arabic\/wp-json\/wp\/v2\/product_cat?post=38962"},{"taxonomy":"product_tag","embeddable":true,"href":"https:\/\/www.pandamech.com\/arabic\/wp-json\/wp\/v2\/product_tag?post=38962"}],"curies":[{"name":"\u062f\u0628\u0644\u064a\u0648 \u0628\u064a","href":"https:\/\/api.w.org\/{rel}","templated":true}]}}