{"id":21380,"date":"2022-06-01T19:02:47","date_gmt":"2022-06-01T11:02:47","guid":{"rendered":"http:\/\/pandamech.com\/?post_type=product&#038;p=21380"},"modified":"2025-08-23T01:08:26","modified_gmt":"2025-08-22T17:08:26","slug":"extendable-trailer-p00282p1-html","status":"publish","type":"product","link":"https:\/\/www.pandamech.com\/arabic\/product\/extendable-trailer-p00282p1-html\/","title":{"rendered":"\u0645\u0642\u0637\u0648\u0631\u0629 \u0645\u0633\u0637\u062d\u0629 \u0642\u0627\u0628\u0644\u0629 \u0644\u0644\u062a\u0645\u062f\u064a\u062f \u0628\u0637\u0648\u0644 40 \u0642\u062f\u0645\u0627\u064b"},"content":{"rendered":"<p>\u062a\u064f\u0639\u0631\u0641 \u0627\u0644\u0645\u0642\u0637\u0648\u0631\u0629 \u0627\u0644\u0645\u0633\u0637\u062d\u0629 \u0627\u0644\u0642\u0627\u0628\u0644\u0629 \u0644\u0644\u062a\u0645\u062f\u064a\u062f \u0628\u0627\u0633\u0645 \u0627\u0644\u0645\u0642\u0637\u0648\u0631\u0629 \u0627\u0644\u0645\u0633\u0637\u062d\u0629 \u0627\u0644\u0642\u0627\u0628\u0644\u0629 \u0644\u0644\u062a\u0645\u062f\u064a\u062f <span style=\"color: #0000ff;\"><a style=\"color: #0000ff;\" href=\"https:\/\/www.pandamech.com\/arabic\/category\/cargo-trailer\/flatbed-semi-trailer\/\" target=\"_blank\" rel=\"noopener\">\u0645\u0642\u0637\u0648\u0631\u0629 \u0645\u0633\u0637\u062d\u0629<\/a><\/span>. \u062a\u064f\u0633\u062a\u062e\u062f\u0645 \u0627\u0644\u0645\u0642\u0637\u0648\u0631\u0629 \u0627\u0644\u0645\u0633\u0637\u062d\u0629 \u0627\u0644\u0645\u0645\u062a\u062f\u0629 \u0628\u0634\u0643\u0644 \u0639\u0627\u0645 \u0644\u0646\u0642\u0644 \u0622\u0644\u0627\u062a \u0627\u0644\u0628\u0646\u0627\u0621 \u0648\u0627\u0644\u0645\u0639\u062f\u0627\u062a \u0627\u0644\u0643\u0628\u064a\u0631\u0629. \u0628\u0634\u0643\u0644 \u0639\u0627\u0645\u060c \u0627\u0644\u0639\u062f\u064a\u062f \u0645\u0646 \u0627\u0644\u0623\u0645\u0627\u0643\u0646 \u0645\u062d\u062f\u0648\u062f\u0629\u060c \u062e\u0627\u0635\u0629 \u0639\u0644\u0649 \u0628\u0639\u0636 \u0627\u0644\u062c\u0633\u0648\u0631. \u0644\u0627 \u064a\u0645\u0643\u0646 \u0646\u0642\u0644 \u0627\u0633\u062a\u062e\u062f\u0627\u0645 \u0627\u0644\u0645\u0642\u0637\u0648\u0631\u0629 \u0627\u0644\u0645\u0633\u0637\u062d\u0629 \u0627\u0644\u0642\u0627\u0628\u0644\u0629 \u0644\u0644\u062a\u0645\u062f\u064a\u062f\u060c \u0644\u0630\u0644\u0643 \u064a\u0633\u062a\u062e\u062f\u0645 \u0627\u0644\u0646\u0627\u0633 \u0645\u0642\u0637\u0648\u0631\u0629 \u0645\u0633\u0637\u062d\u0629 \u0642\u0627\u0628\u0644\u0629 \u0644\u0644\u062a\u0645\u062f\u064a\u062f \u0644\u0644\u0646\u0642\u0644.<\/p>\n<h2>\u0645\u064a\u0632\u0629 \u0627\u0644\u0645\u0642\u0637\u0648\u0631\u0629 \u0627\u0644\u0645\u0633\u0637\u062d\u0629 \u0627\u0644\u0642\u0627\u0628\u0644\u0629 \u0644\u0644\u062a\u0645\u062f\u064a\u062f<\/h2>\n<p><strong>\u0623\u062c\u0632\u0627\u0621 \u0627\u0644\u062f\u0639\u0645 \u0627\u0644\u0645\u062a\u0639\u062f\u062f<\/strong><\/p>\n<p>8\u060c 12 \u0645\u062c\u0645\u0648\u0639\u0629 \u0623\u0642\u0641\u0627\u0644 \u0644\u0644\u062d\u0627\u0648\u064a\u0627\u062a \u0644\u062d\u0645\u0644 \u062d\u0627\u0648\u064a\u0629 \u0648\u0627\u062d\u062f\u0629 \u0628\u0637\u0648\u0644 1 \u0648\u062d\u062f\u0629 20 \u0642\u062f\u0645\u064b\u0627 \u064840 \u0642\u062f\u0645\u064b\u0627 \u064845 \u0642\u062f\u0645\u064b\u0627 \u064845 \u0642\u062f\u0645\u064b\u0627.<\/p>\n<p>\u062d\u0628\u0627\u0644 \u0648\u062e\u0637\u0627\u0641\u0627\u062a \u062a\u0633\u0627\u0639\u062f \u0639\u0644\u0649 \u0631\u0628\u0637 \u0627\u0644\u0628\u0636\u0627\u0626\u0639\u060c \u0648\u0647\u064a \u0645\u0646\u0627\u0633\u0628\u0629 \u0644\u0646\u0642\u0644 \u0627\u0644\u0628\u0636\u0627\u0626\u0639 \u0627\u0644\u0645\u062a\u0639\u062f\u062f\u0629.<\/p>\n<p><strong>\u0627\u0644\u0631\u0633\u0645 \u0627\u0644\u062c\u064a\u062f<\/strong><\/p>\n<p>\u064a\u062a\u0645 \u062a\u0646\u0638\u064a\u0641 \u0627\u0644\u0623\u0633\u0637\u062d \u0639\u0646 \u0637\u0631\u064a\u0642 \u0627\u0644\u0633\u0641\u0639 \u0628\u0627\u0644\u062e\u0631\u062f\u0642: \u0637\u0644\u0627\u0621 \u0625\u064a\u0628\u0648\u0643\u0633\u064a \u0648\u0627\u062d\u062f \u0648\u0637\u0644\u0627\u0621 \u0646\u0647\u0627\u0626\u064a \u0623\u0643\u0631\u064a\u0644\u064a\u0643.<\/p>\n<p>\u0645\u062a\u064a\u0646 \u0636\u062f \u0627\u0644\u0635\u062f\u0623\u060c \u0648\u064a\u062f\u0639\u0645 \u0627\u0644\u0645\u0638\u0647\u0631 \u0627\u0644\u062c\u064a\u062f \u0648\u0639\u0645\u0631 \u0627\u0644\u062e\u062f\u0645\u0629 \u0627\u0644\u0623\u0637\u0648\u0644.<\/p>\n<p><strong>\u0627\u0644\u0644\u062d\u0627\u0645 \u0627\u0644\u0622\u0644\u064a<\/strong><\/p>\n<p>\u0627\u0644\u0645\u063a\u0645\u0648\u0631 \u0647\u0648 \u0628\u0646\u0627\u0621 \u0627\u0644\u0644\u062d\u0627\u0645 \u0627\u0644\u0623\u0648\u062a\u0648\u0645\u0627\u062a\u064a\u0643\u064a \u060c \u0648\u064a\u0639\u0632\u0632 \u0646\u0642\u0637\u0629 \u0627\u0644\u0645\u0641\u062a\u0627\u062d \u0648\u0627\u0644\u0644\u062d\u0627\u0645 \u0627\u0644\u0647\u0627\u062f\u0641 \u064a\u062a\u062c\u0646\u0628 \u0628\u0639\u0636 \u0627\u0644\u0623\u062c\u0632\u0627\u0621 \u0627\u0644\u062a\u064a \u064a\u0633\u0647\u0644 \u0641\u0642\u062f\u0627\u0646 \u0628\u0639\u0636 \u0627\u0644\u0623\u062c\u0632\u0627\u0621 \u0627\u0644\u0644\u062d\u0627\u0645 \u0648\u0641\u0642\u064b\u0627 \u0644\u062e\u0628\u0631\u0629 \u062f\u0639\u0645 \u0627\u0644\u0633\u064a\u0627\u0631\u0629 \u0627\u0644\u062a\u064a \u062a\u0639\u0645\u0644 \u0644\u0641\u062a\u0631\u0629 \u0623\u0637\u0648\u0644 \u062f\u0648\u0646 \u0625\u0635\u0644\u0627\u062d.<\/p>\n<p><strong>\u0646\u0638\u0627\u0645 \u062a\u0639\u0644\u064a\u0642 \u0627\u0644\u0645\u062d\u0627\u0648\u0631 \u0639\u0627\u0644\u064a\u0629 \u0627\u0644\u062c\u0648\u062f\u0629 \u0648\u0646\u0638\u0627\u0645 \u0627\u0644\u0641\u0631\u0627\u0645\u0644<\/strong><\/p>\n<p>\u062a\u0639\u0645\u0644 \u0623\u0641\u0636\u0644 \u0645\u062d\u0627\u0648\u0631 BPW\u060c FUWA \u0641\u064a \u062c\u0645\u064a\u0639 \u0623\u0646\u062d\u0627\u0621 \u0627\u0644\u0639\u0627\u0644\u0645 \u0645\u0639 \u0635\u0645\u0627\u0645 \u0645\u0643\u0627\u0628\u062d WABCO\u060c \u0645\u0645\u0627 \u064a\u0648\u0641\u0631 \u0645\u0643\u0627\u0628\u062d \u0623\u0643\u062b\u0631 \u0641\u0639\u0627\u0644\u064a\u0629 \u0645\u0646 \u0623\u062c\u0644 \u0627\u0644\u0623\u0645\u0627\u0646 \u0648\u064a\u0648\u0641\u0631 \u062a\u0643\u0644\u0641\u0629 \u0627\u0644\u0625\u0637\u0627\u0631\u0627\u062a \u0625\u0635\u0644\u0627\u062d \u0627\u0644\u0646\u0648\u0627\u0628\u0636 \u0648\u0627\u0644\u0645\u0639\u0644\u0642\u0627\u062a \u0639\u0627\u0644\u064a\u0629 \u0627\u0644\u062c\u0648\u062f\u0629\u060c \u0648\u062f\u0639\u0645 \u0639\u0645\u0631 \u062e\u062f\u0645\u0629 \u0623\u0637\u0648\u0644\u060c \u0648\u062a\u0648\u0641\u064a\u0631 \u062a\u0643\u0644\u0641\u0629 \u0627\u0644\u0635\u064a\u0627\u0646\u0629.<\/p>\n<p style=\"text-align: center;\"><a class=\"product_button\" href=\"#elementor-action%3Aaction%3Dpopup%3Aopen%26settings%3DeyJpZCI6Ijk5MDciLCJ0b2dnbGUiOmZhbHNlfQ%3D%3D\">\u0627\u0646\u0642\u0631 \u0644\u0644\u062d\u0635\u0648\u0644 \u0639\u0644\u0649 \u0627\u0644\u062a\u0641\u0627\u0635\u064a\u0644<\/a><\/p>\n<h2>\u0635\u0648\u0631\u0629 \u0645\u0642\u0637\u0648\u0631\u0629 \u0645\u0633\u0637\u062d\u0629 \u0642\u0627\u0628\u0644\u0629 \u0644\u0644\u062a\u0645\u062f\u064a\u062f \u0628\u0637\u0648\u0644 40 \u0642\u062f\u0645\u0627\u064b<\/h2>\n<p><img fetchpriority=\"high\" decoding=\"async\" class=\"alignnone size-full wp-image-32303\" src=\"https:\/\/pandamech.com\/wp-content\/uploads\/2022\/09\/Extendable-flatbed-7.jpg\" alt=\"\u0645\u0642\u0637\u0648\u0631\u0629 \u0645\u0633\u0637\u062d\u0629 \u0642\u0627\u0628\u0644\u0629 \u0644\u0644\u062a\u0645\u062f\u064a\u062f\" width=\"750\" height=\"399\" title=\"\"><\/p>\n<p>\u0645\u0642\u0637\u0648\u0631\u0629 \u0646\u0635\u0641 \u0645\u0642\u0637\u0648\u0631\u0629 \u0645\u0633\u0637\u062d\u0629 \u0642\u0627\u0628\u0644\u0629 \u0644\u0644\u062a\u0645\u062f\u064a\u062f \u0628\u0637\u0648\u0644 40 \u0642\u062f\u0645\u0627\u064b<\/p>\n<p><img decoding=\"async\" class=\"alignnone size-full wp-image-32304\" src=\"https:\/\/pandamech.com\/wp-content\/uploads\/2022\/09\/Extendable-flatbed-8.jpg\" alt=\"\u0645\u0642\u0637\u0648\u0631\u0629 \u0645\u0633\u0637\u062d\u0629 \u0642\u0627\u0628\u0644\u0629 \u0644\u0644\u062a\u0645\u062f\u064a\u062f\" width=\"750\" height=\"399\" title=\"\"><\/p>\n<p>\u0645\u0642\u0637\u0648\u0631\u0629 \u0646\u0642\u0644 \u0627\u0644\u062d\u0627\u0648\u064a\u0627\u062a \u0627\u0644\u0645\u0633\u0637\u062d\u0629 \u0627\u0644\u0642\u0627\u0628\u0644\u0629 \u0644\u0644\u062a\u0645\u062f\u064a\u062f \u062b\u0644\u0627\u062b\u064a\u0629 \u0627\u0644\u0645\u062d\u0627\u0648\u0631 40 \u0642\u062f\u0645 \u0644\u0644\u0628\u064a\u0639<\/p>\n<p style=\"text-align: center;\"><a class=\"product_button\" href=\"#elementor-action%3Aaction%3Dpopup%3Aopen%26settings%3DeyJpZCI6Ijk5MDciLCJ0b2dnbGUiOmZhbHNlfQ%3D%3D\">\u0627\u0646\u0642\u0631 \u0644\u0644\u062d\u0635\u0648\u0644 \u0639\u0644\u0649 \u0627\u0644\u062a\u0641\u0627\u0635\u064a\u0644<\/a><\/p>\n<h2>\u0645\u0648\u0627\u0635\u0641\u0627\u062a \u0627\u0644\u0645\u0642\u0637\u0648\u0631\u0629 \u0627\u0644\u0645\u0633\u0637\u062d\u0629 \u0627\u0644\u0642\u0627\u0628\u0644\u0629 \u0644\u0644\u062a\u0645\u062f\u064a\u062f<\/h2>\n<h3>\u0645\u0627\u0631\u0643\u0627\u062a \u0645\u0642\u0637\u0648\u0631\u0627\u062a \u0627\u0644\u0634\u0627\u062d\u0646\u0627\u062a \u0627\u0644\u0645\u0633\u0637\u062d\u0629 \u0627\u0644\u0642\u0627\u0628\u0644\u0629 \u0644\u0644\u062a\u0645\u062f\u064a\u062f<\/h3>\n<p>- \u0628\u0627\u0646\u062f\u0627 \u0645\u064a\u0643<\/p>\n<h3>\u0633\u0639\u0629 \u062a\u062d\u0645\u064a\u0644 \u0627\u0644\u0645\u0642\u0637\u0648\u0631\u0629 \u0627\u0644\u0645\u0633\u0637\u062d\u0629 \u0644\u0644\u062d\u0627\u0648\u064a\u0627\u062a \u0627\u0644\u0642\u0627\u0628\u0644\u0629 \u0644\u0644\u062a\u0645\u062f\u064a\u062f: 20-120 \u0637\u0646<\/h3>\n<p>- 2 \u0645\u062d\u0648\u0631: 20-40 \u0637\u0646<\/p>\n<p>- 3 \u0645\u062d\u0627\u0648\u0631: 40-70 \u0637\u0646\u0627\u064b<\/p>\n<p>- 4 \u0645\u062d\u0627\u0648\u0631: 70-90 \u0637\u0646<\/p>\n<h3>\u062d\u062c\u0645 \u0627\u0644\u0645\u0642\u0637\u0648\u0631\u0629 \u0627\u0644\u0645\u0633\u0637\u062d\u0629 \u0627\u0644\u0642\u0627\u0628\u0644\u0629 \u0644\u0644\u062a\u0645\u062f\u064a\u062f<\/h3>\n<p>- \u0645\u0642\u0637\u0648\u0631\u0629 \u0645\u0633\u0637\u062d\u0629 \u0645\u0633\u0637\u062d\u0629 \u0630\u0627\u062a \u0645\u062d\u0648\u0631\u064a\u0646 \u0628\u0623\u0628\u0639\u0627\u062f: 13000 \u00d7 3000 \u00d7 3000 \u00d7 1750\/1250 \u0645\u0645<\/p>\n<h3>\u0645\u0642\u0637\u0648\u0631\u0629 \u0645\u0633\u0637\u062d\u0629 \u0645\u0633\u0637\u062d\u0629 \u0645\u0645\u062a\u062f\u0629<\/h3>\n<h3>\u0627\u0644\u0648\u0632\u0646<\/h3>\n<p>- \u0645\u0642\u0637\u0648\u0631\u0629 \u0645\u0633\u0637\u062d\u0629 \u0645\u0633\u0637\u062d\u0629 \u0630\u0627\u062a \u0645\u062d\u0648\u0631\u064a\u0646 \u0645\u0645\u062a\u062f\u0629: 9-11 \u0637\u0646<\/p>\n<p>- \u0645\u0642\u0637\u0648\u0631\u0629 \u0645\u0633\u0637\u062d\u0629 \u0645\u0633\u0637\u062d\u0629 \u0630\u0627\u062a 3 \u0645\u062d\u0627\u0648\u0631: 10-12 \u0637\u0646\u0627\u064b<\/p>\n<p>- \u0645\u0642\u0637\u0648\u0631\u0629 \u0645\u0633\u0637\u062d\u0629 \u0645\u0633\u0637\u062d\u0629 \u0630\u0627\u062a 4 \u0645\u062d\u0627\u0648\u0631: 11-13 \u0637\u0646\u0627\u064b<\/p>\n<h3>\u0627\u0644\u0639\u0631\u0636<\/h3>\n<p>- 3000 \u0645\u0645\u060c 3 \u0623\u0645\u062a\u0627\u0631\u060c 3 \u0623\u0645\u062a\u0627\u0631\u060c \u0627\u0644\u0623\u0643\u062b\u0631 \u0627\u0633\u062a\u062e\u062f\u0627\u0645\u0627\u064b<\/p>\n<h3>\u0627\u0644\u0627\u0631\u062a\u0641\u0627\u0639 \u0639\u0646 \u0627\u0644\u0623\u0631\u0636<\/h3>\n<p>- 1250 \u0645\u0645<\/p>\n<h3>\u0627\u0644\u0637\u0648\u0644:<\/h3>\n<p>- \u0627\u0644\u0627\u0631\u062a\u0641\u0627\u0639: 850-1250 \u0645\u0645<\/p>\n<p>- \u0623\u0642\u0635\u0649 \u0627\u0631\u062a\u0641\u0627\u0639: 1750 \u0645\u0645<\/p>\n<h3>\u0627\u0644\u0637\u0648\u0644<\/h3>\n<p>- 850-1250 \u0645\u0645\u060c \u0642\u0645 \u0628\u062a\u062e\u0635\u064a\u0635\u0647\u0627 \u062d\u0633\u0628 \u0627\u062d\u062a\u064a\u0627\u062c\u0627\u062a\u0643.<\/p>\n<p>- \u0623\u0642\u0635\u0649 \u0627\u0631\u062a\u0641\u0627\u0639: 1250 \u0645\u0644\u0645\u060c 1.25 \u0645\u062a\u0631<\/p>\n<h3>\u0627\u0644\u0639\u062c\u0644\u0627\u062a<\/h3>\n<p>- 2 \u0645\u062d\u0648\u0631: 8+1<\/p>\n<p>- 3 \u0645\u062d\u0627\u0648\u0631: 12+1<\/p>\n<p>- 4 \u0645\u062d\u0627\u0648\u0631: 16+1<\/p>\n<h3>\u0627\u0644\u0635\u0645\u0627\u0645<\/h3>\n<p>- BPW\u060c FUWA<\/p>\n<h3>\u0627\u0644\u062a\u0639\u0644\u064a\u0642<\/h3>\n<p>- \u062a\u0639\u0644\u064a\u0642 \u0645\u064a\u0643\u0627\u0646\u064a\u0643\u064a\/\u062a\u0639\u0644\u064a\u0642 \u0647\u0648\u0627\u0626\u064a<\/p>\n<h3>\u0627\u0644\u0625\u0637\u0627\u0631\u0627\u062a<\/h3>\n<p>- 235\/70 R 17.5<\/p>\n<p>- 245\/70 R 17.5<\/p>\n<p>- 295\/60 R 22.5<\/p>\n<p>- 11 R 22.5<\/p>\n<p>- 12 R 22.5<\/p>\n<p>- 315\/80 R 22.5<\/p>\n<h3>\u0642\u0637\u0639 \u0627\u0644\u063a\u064a\u0627\u0631\/\u0627\u0644\u0625\u0643\u0633\u0633\u0648\u0627\u0631\u0627\u062a<\/h3>\n<p>- \u0627\u0644\u0645\u0646\u062d\u062f\u0631\u0627\u062a \u0627\u0644\u0647\u064a\u062f\u0631\u0648\u0644\u064a\u0643\u064a\u0629\u060c \u0648\u0627\u0644\u0645\u0636\u062e\u0629 \u0627\u0644\u0647\u064a\u062f\u0631\u0648\u0644\u064a\u0643\u064a\u0629\u060c \u0648\u0635\u0645\u0627\u0645 \u0646\u0635\u0641 \u0627\u0644\u0645\u0642\u0637\u0648\u0631\u0629 \u0645\u0646\u062e\u0641\u0636 \u0627\u0644\u0633\u0631\u064a\u0631\u060c \u0648\u0627\u0644\u0645\u0639\u0632\u0632\u060c \u0648\u0623\u062d\u0630\u064a\u0629 \u0627\u0644\u0645\u0643\u0627\u0628\u062d\u060c \u0648\u0623\u0633\u0637\u0648\u0627\u0646\u0627\u062a \u0627\u0644\u0645\u0643\u0627\u0628\u062d\u060c \u0648\u0623\u0630\u0631\u0639 \u0627\u0644\u0627\u0645\u062a\u062f\u0627\u062f\u060c \u0648\u0623\u0630\u0631\u0639 \u0627\u0644\u062a\u0639\u0644\u064a\u0642\u060c \u0648\u0645\u0639\u062f\u0627\u062a \u0627\u0644\u0647\u0628\u0648\u0637\u060c \u0648\u0627\u0644\u0625\u0637\u0627\u0631\u0627\u062a\u060c \u0648\u0627\u0644\u0623\u0636\u0648\u0627\u0621,<\/p>\n<h3>\u0623\u0646\u0648\u0627\u0639 \u0627\u0644\u0645\u0642\u0637\u0648\u0631\u0627\u062a \u0627\u0644\u0645\u0633\u0637\u062d\u0629 \u0627\u0644\u0642\u0627\u0628\u0644\u0629 \u0644\u0644\u062a\u0645\u062f\u064a\u062f<\/h3>\n<p>- \u0645\u0642\u0637\u0648\u0631\u0627\u062a \u0645\u0646\u062e\u0641\u0636\u0629 \u0645\u0646\u062e\u0641\u0636\u0629 \u0630\u0627\u062a \u0639\u0646\u0642 \u0645\u0639\u0642\u0648\u0641\u0629 \u0642\u0627\u0628\u0644\u0629 \u0644\u0644\u0625\u0632\u0627\u0644\u0629\u060c \u0645\u0642\u0637\u0648\u0631\u0627\u062a \u0645\u0646\u062e\u0641\u0636\u0629 \u0645\u0646\u062e\u0641\u0636\u0629 \u0630\u0627\u062a \u0639\u0646\u0642 \u0645\u0639\u0642\u0648\u0641\u0629\u060c \u0646\u0635\u0641 \u0645\u0642\u0637\u0648\u0631\u0629 \u0645\u0646\u062e\u0641\u0636\u0629 \u0645\u0646\u062e\u0641\u0636\u0629 \u0645\u062a\u062f\u0631\u062c\u0629\u060c \u0646\u0635\u0641 \u0645\u0642\u0637\u0648\u0631\u0629 \u0645\u0646\u062e\u0641\u0636\u0629 \u0630\u0627\u062a \u0633\u0631\u064a\u0631 \u0645\u0646\u062e\u0641\u0636 \u0645\u0639 \u0645\u0646\u062d\u062f\u0631\u0627\u062a \u0647\u064a\u062f\u0631\u0648\u0644\u064a\u0643\u064a\u0629\u060c \u0646\u0635\u0641 \u0645\u0642\u0637\u0648\u0631\u0629 \u0645\u0646\u062e\u0641\u0636\u0629 \u062e\u0627\u0635\u0629 (\u062a\u062e\u0635\u064a\u0635).<\/p>\n<p style=\"text-align: center;\"><a class=\"product_button\" href=\"#elementor-action%3Aaction%3Dpopup%3Aopen%26settings%3DeyJpZCI6Ijk5MDciLCJ0b2dnbGUiOmZhbHNlfQ%3D%3D\">\u0627\u0646\u0642\u0631 \u0644\u0644\u062d\u0635\u0648\u0644 \u0639\u0644\u0649 \u0627\u0644\u062a\u0641\u0627\u0635\u064a\u0644<\/a><\/p>\n<h2>\u0628\u0627\u0646\u062f\u0627 \u0645\u064a\u0643<\/h2>\n<p>\u0634\u0631\u0643\u0629 Panda Mech \u0647\u064a \u0634\u0631\u0643\u0629 \u062a\u0635\u0646\u064a\u0639 \u0645\u0642\u0637\u0648\u0631\u0627\u062a \u0645\u0633\u0637\u062d\u0629 \u0642\u0627\u0628\u0644\u0629 \u0644\u0644\u062a\u0645\u062f\u064a\u062f \u0645\u0646 \u0627\u0644\u0635\u064a\u0646. \u0646\u062d\u0646 \u062a\u0648\u0631\u064a\u062f \u0645\u0642\u0637\u0648\u0631\u0627\u062a \u0645\u0633\u0637\u062d\u0629 \u0642\u0627\u0628\u0644\u0629 \u0644\u0644\u062a\u0645\u062f\u064a\u062f \u0644\u0644\u0628\u064a\u0639. \u064a\u0645\u0643\u0646\u0646\u0627 \u062a\u062e\u0635\u064a\u0635\u0647\u0627 \u0648\u0641\u0642\u064b\u0627 \u0644\u0627\u062d\u062a\u064a\u0627\u062c\u0627\u062a\u0643. \u0644\u0642\u062f \u062d\u0642\u0642 \u0645\u0635\u0646\u0639\u0648 Panda Mech \u0646\u062c\u0627\u062d\u064b\u0627 \u0641\u064a \u062c\u0646\u0648\u0628 \u0634\u0631\u0642 \u0622\u0633\u064a\u0627 \u0648\u0627\u0644\u0634\u0631\u0642 \u0627\u0644\u0623\u0648\u0633\u0637 \u0648\u0623\u0641\u0631\u064a\u0642\u064a\u0627 \u0648\u0623\u0645\u0631\u064a\u0643\u0627 \u0627\u0644\u062c\u0646\u0648\u0628\u064a\u0629\u060c \u0645\u062b\u0644 \u0627\u0644\u0641\u0644\u0628\u064a\u0646 \u0648\u062a\u0646\u0632\u0627\u0646\u064a\u0627 \u0648\u063a\u064a\u0631\u0647\u0627 ...<\/p>\n<p><a href=\"https:\/\/www.pandamech.com\/arabic\/contact-us\/\" target=\"_blank\" rel=\"noopener\"><img decoding=\"async\" src=\"https:\/\/pandamech.com\/wp-content\/uploads\/2021\/08\/quotation.jpg\" alt=\"\u0627\u0644\u0627\u0642\u062a\u0628\u0627\u0633\" width=\"864\" height=\"213\" title=\"\"><\/a><\/p>\n<p>\u0630\u0627\u062a \u0635\u0644\u0629:<\/p>\n<p><span style=\"color: #0000ff;\"><a style=\"color: #0000ff;\" href=\"https:\/\/www.pandamech.com\/arabic\/product\/3-axle-40-foot-flatbed-semi-trailer\/\" target=\"_blank\" rel=\"noopener\">\u0634\u0627\u062d\u0646\u0629 \u0646\u0635\u0641 \u0646\u0642\u0644 \u0645\u0633\u0637\u062d\u0629 40 \u0642\u062f\u0645<\/a><\/span><\/p>\n<p><a href=\"https:\/\/www.pandamech.com\/product\/20-ft-platform-semi-trailer\/\" target=\"_blank\" rel=\"noopener\"><span style=\"color: #0000ff;\">\u0645\u0642\u0637\u0648\u0631\u0629 \u0646\u0635\u0641 \u0645\u0642\u0637\u0648\u0631\u0629 \u0645\u0646\u0635\u0629 20 \u0642\u062f\u0645<\/span><\/a><\/p>","protected":false},"excerpt":{"rendered":"<p>\u0627\u0644\u0646\u0648\u0639: \u0645\u0642\u0637\u0648\u0631\u0629 \u0645\u0633\u0637\u062d\u0629 \u0642\u0627\u0628\u0644\u0629 \u0644\u0644\u062a\u0645\u062f\u064a\u062f 40 \u0642\u062f\u0645<\/p>\n<p>\u0646\u0637\u0627\u0642 \u0627\u0644\u0633\u0639\u0631: $12,990-12,500 \u062f\u0648\u0644\u0627\u0631 \u0623\u0645\u0631\u064a\u0643\u064a<\/p>\n<p>\u0627\u0644\u062a\u0633\u0644\u064a\u0645: 7-25 \u064a\u0648\u0645\u064b\u0627<\/p>\n<p>\u0633\u0639\u0629 \u0627\u0644\u062d\u0645\u0648\u0644\u0629: 20-100 \u0637\u0646<\/p>\n<p>\u0627\u0644\u062a\u0637\u0628\u064a\u0642: \u0627\u0644\u0628\u0636\u0627\u0626\u0639 \u0627\u0644\u0633\u0627\u0626\u0628\u0629\u060c \u0627\u0644\u062d\u0627\u0648\u064a\u0627\u062a<\/p>","protected":false},"featured_media":58037,"template":"","meta":{"_acf_changed":false,"_kad_blocks_custom_css":"","_kad_blocks_head_custom_js":"","_kad_blocks_body_custom_js":"","_kad_blocks_footer_custom_js":"","_kad_post_transparent":"default","_kad_post_title":"","_kad_post_layout":"default","_kad_post_sidebar_id":"","_kad_post_content_style":"default","_kad_post_vertical_padding":"default","_kad_post_feature":"","_kad_post_feature_position":"","_kad_post_header":false,"_kad_post_footer":false,"_kad_post_classname":""},"product_brand":[],"product_cat":[77],"product_tag":[],"class_list":{"0":"post-21380","1":"product","2":"type-product","3":"status-publish","4":"has-post-thumbnail","6":"product_cat-flatbed-semi-trailer","8":"first","9":"instock","10":"sold-individually","11":"shipping-taxable","12":"purchasable","13":"product-type-simple","14":"entry","15":"content-bg","16":"loop-entry"},"acf":[],"taxonomy_info":{"product_cat":[{"value":77,"label":"Flatbed Semi Trailer"}]},"featured_image_src_large":["https:\/\/www.pandamech.com\/wp-content\/uploads\/2022\/09\/Extendable-flatbed-3-500x500.jpg",500,500,true],"author_info":[],"comment_info":"","_links":{"self":[{"href":"https:\/\/www.pandamech.com\/arabic\/wp-json\/wp\/v2\/product\/21380","targetHints":{"allow":["GET"]}}],"collection":[{"href":"https:\/\/www.pandamech.com\/arabic\/wp-json\/wp\/v2\/product"}],"about":[{"href":"https:\/\/www.pandamech.com\/arabic\/wp-json\/wp\/v2\/types\/product"}],"version-history":[{"count":1,"href":"https:\/\/www.pandamech.com\/arabic\/wp-json\/wp\/v2\/product\/21380\/revisions"}],"predecessor-version":[{"id":91398,"href":"https:\/\/www.pandamech.com\/arabic\/wp-json\/wp\/v2\/product\/21380\/revisions\/91398"}],"wp:featuredmedia":[{"embeddable":true,"href":"https:\/\/www.pandamech.com\/arabic\/wp-json\/wp\/v2\/media\/58037"}],"wp:attachment":[{"href":"https:\/\/www.pandamech.com\/arabic\/wp-json\/wp\/v2\/media?parent=21380"}],"wp:term":[{"taxonomy":"product_brand","embeddable":true,"href":"https:\/\/www.pandamech.com\/arabic\/wp-json\/wp\/v2\/product_brand?post=21380"},{"taxonomy":"product_cat","embeddable":true,"href":"https:\/\/www.pandamech.com\/arabic\/wp-json\/wp\/v2\/product_cat?post=21380"},{"taxonomy":"product_tag","embeddable":true,"href":"https:\/\/www.pandamech.com\/arabic\/wp-json\/wp\/v2\/product_tag?post=21380"}],"curies":[{"name":"\u062f\u0628\u0644\u064a\u0648 \u0628\u064a","href":"https:\/\/api.w.org\/{rel}","templated":true}]}}