{"id":1022,"date":"2021-07-30T17:45:23","date_gmt":"2021-07-30T09:45:23","guid":{"rendered":"https:\/\/pandamech.com\/?page_id=1022"},"modified":"2024-11-13T15:30:32","modified_gmt":"2024-11-13T07:30:32","slug":"service","status":"publish","type":"page","link":"https:\/\/www.pandamech.com\/arabic\/about\/service\/","title":{"rendered":"\u0627\u0644\u062e\u062f\u0645\u0629"},"content":{"rendered":"<div data-elementor-type=\"wp-page\" data-elementor-id=\"1022\" class=\"elementor elementor-1022\" data-elementor-post-type=\"page\">\n\t\t\t\t\t\t<section class=\"elementor-section elementor-top-section elementor-element elementor-element-fc7917d elementor-section-full_width elementor-section-height-min-height elementor-section-height-default elementor-section-items-middle\" data-id=\"fc7917d\" data-element_type=\"section\" data-e-type=\"section\" data-settings=\"{&quot;background_background&quot;:&quot;classic&quot;}\">\n\t\t\t\t\t\t\t<div class=\"elementor-background-overlay\"><\/div>\n\t\t\t\t\t\t\t<div class=\"elementor-container elementor-column-gap-no\">\n\t\t\t\t\t<div class=\"elementor-column elementor-col-100 elementor-top-column elementor-element elementor-element-6ea8a67\" data-id=\"6ea8a67\" data-element_type=\"column\" data-e-type=\"column\">\n\t\t\t<div class=\"elementor-widget-wrap elementor-element-populated\">\n\t\t\t\t\t\t<div class=\"elementor-element elementor-element-6b2fd20 elementor-widget elementor-widget-heading\" data-id=\"6b2fd20\" data-element_type=\"widget\" data-e-type=\"widget\" data-widget_type=\"heading.default\">\n\t\t\t\t<div class=\"elementor-widget-container\">\n\t\t\t\t\t<h2 class=\"elementor-heading-title elementor-size-default\"><span>\u0627\u0644\u062e\u062f\u0645\u0629<\/span> \u0627\u0644\u0641\u0644\u0633\u0641\u0629<\/h2>\t\t\t\t<\/div>\n\t\t\t\t<\/div>\n\t\t\t\t<div class=\"elementor-element elementor-element-e197f49 elementor-widget elementor-widget-text-editor\" data-id=\"e197f49\" data-element_type=\"widget\" data-e-type=\"widget\" data-widget_type=\"text-editor.default\">\n\t\t\t\t<div class=\"elementor-widget-container\">\n\t\t\t\t\t\t\t\t\t<p>\u0627\u0644\u0627\u0633\u062a\u062c\u0627\u0628\u0629 \u0644\u0627\u062d\u062a\u064a\u0627\u062c\u0627\u062a \u0627\u0644\u0639\u0645\u0644\u0627\u0621 \u0641\u064a \u0627\u0644\u0645\u0631\u0629 \u0627\u0644\u0623\u0648\u0644\u0649 \u0648\u0627\u0644\u0627\u0644\u062a\u0632\u0627\u0645 \u0628\u062a\u0642\u062f\u064a\u0645 \u062e\u062f\u0645\u0627\u062a \u0634\u0627\u0645\u0644\u0629 \u0644\u0644\u0639\u0645\u0644\u0627\u0621 \u0627\u0644\u0639\u0627\u0644\u0645\u064a\u064a\u0646.<\/p>\t\t\t\t\t\t\t\t<\/div>\n\t\t\t\t<\/div>\n\t\t\t\t\t<\/div>\n\t\t<\/div>\n\t\t\t\t\t<\/div>\n\t\t<\/section>\n\t\t\t\t<section class=\"elementor-section elementor-top-section elementor-element elementor-element-5d91d7e elementor-section-content-middle elementor-section-boxed elementor-section-height-default elementor-section-height-default\" data-id=\"5d91d7e\" data-element_type=\"section\" data-e-type=\"section\">\n\t\t\t\t\t\t<div class=\"elementor-container elementor-column-gap-default\">\n\t\t\t\t\t<div class=\"elementor-column elementor-col-100 elementor-top-column elementor-element elementor-element-6916cb2\" data-id=\"6916cb2\" data-element_type=\"column\" data-e-type=\"column\">\n\t\t\t<div class=\"elementor-widget-wrap elementor-element-populated\">\n\t\t\t\t\t\t<div class=\"elementor-element elementor-element-af1a9b3 elementor-hidden-mobile elementor-widget elementor-widget-image\" data-id=\"af1a9b3\" data-element_type=\"widget\" data-e-type=\"widget\" data-widget_type=\"image.default\">\n\t\t\t\t<div class=\"elementor-widget-container\">\n\t\t\t\t\t\t\t\t\t\t\t\t\t\t\t<img decoding=\"async\" src=\"http:\/\/pandamech.com\/wp-content\/uploads\/2022\/08\/circle-logo1.png\" title=\"\" alt=\"\u0634\u0639\u0627\u0631 \u0627\u0644\u062f\u0627\u0626\u0631\u06291\" loading=\"lazy\">\t\t\t\t\t\t\t\t\t\t\t\t\t\t\t<\/div>\n\t\t\t\t<\/div>\n\t\t\t\t\t<\/div>\n\t\t<\/div>\n\t\t\t\t\t<\/div>\n\t\t<\/section>\n\t\t\t\t<section class=\"elementor-section elementor-top-section elementor-element elementor-element-f503b33 elementor-section-full_width elementor-section-height-default elementor-section-height-default\" data-id=\"f503b33\" data-element_type=\"section\" data-e-type=\"section\">\n\t\t\t\t\t\t<div class=\"elementor-container elementor-column-gap-no\">\n\t\t\t\t\t<div class=\"elementor-column elementor-col-50 elementor-top-column elementor-element elementor-element-8b829bf\" data-id=\"8b829bf\" data-element_type=\"column\" data-e-type=\"column\">\n\t\t\t<div class=\"elementor-widget-wrap elementor-element-populated\">\n\t\t\t\t\t\t<div class=\"elementor-element elementor-element-9a9a55d elementor-widget elementor-widget-image\" data-id=\"9a9a55d\" data-element_type=\"widget\" data-e-type=\"widget\" data-widget_type=\"image.default\">\n\t\t\t\t<div class=\"elementor-widget-container\">\n\t\t\t\t\t\t\t\t\t\t\t\t\t\t\t<img decoding=\"async\" src=\"http:\/\/pandamech.com\/wp-content\/uploads\/2022\/08\/pre-sale1.png\" title=\"\" alt=\"\u0645\u0627 \u0642\u0628\u0644 \u0627\u0644\u0628\u064a\u06391\" loading=\"lazy\">\t\t\t\t\t\t\t\t\t\t\t\t\t\t\t<\/div>\n\t\t\t\t<\/div>\n\t\t\t\t<div class=\"elementor-element elementor-element-086c48c elementor-widget elementor-widget-heading\" data-id=\"086c48c\" data-element_type=\"widget\" data-e-type=\"widget\" data-widget_type=\"heading.default\">\n\t\t\t\t<div class=\"elementor-widget-container\">\n\t\t\t\t\t<h2 class=\"elementor-heading-title elementor-size-default\">\u062e\u062f\u0645\u0629 \u0645\u0627 \u0642\u0628\u0644 \u0627\u0644\u0628\u064a\u0639<\/h2>\t\t\t\t<\/div>\n\t\t\t\t<\/div>\n\t\t\t\t<div class=\"elementor-element elementor-element-a924962 elementor-widget elementor-widget-text-editor\" data-id=\"a924962\" data-element_type=\"widget\" data-e-type=\"widget\" data-widget_type=\"text-editor.default\">\n\t\t\t\t<div class=\"elementor-widget-container\">\n\t\t\t\t\t\t\t\t\t<p>\u0623\u062e\u0628\u0631\u0646\u0627 \u0628\u0627\u062d\u062a\u064a\u0627\u062c\u0627\u062a\u0643 \u0648\u0633\u0646\u0642\u062f\u0645 \u0644\u0643 \u0627\u0644\u062e\u0637\u0629 \u0627\u0644\u0623\u0643\u062b\u0631 \u0634\u0645\u0648\u0644\u0627\u064b\u060c \u0648\u064a\u0644\u062a\u0632\u0645 \u0641\u0631\u064a\u0642 \u0627\u0644\u0628\u062d\u062b \u0648\u0627\u0644\u062a\u0637\u0648\u064a\u0631 \u0627\u0644\u0645\u062d\u062a\u0631\u0641 \u0644\u062f\u064a\u0646\u0627 \u0627\u0644\u0642\u0627\u0626\u0645 \u0639\u0644\u0649 \u062d\u062f\u0648\u062f \u0627\u0644\u0639\u0644\u0645 \u0648\u0627\u0644\u062a\u0643\u0646\u0648\u0644\u0648\u062c\u064a\u0627 \u0628\u0625\u0639\u0637\u0627\u0626\u0643 \u0627\u0644\u0646\u0635\u064a\u062d\u0629 \u0627\u0644\u0623\u0643\u062b\u0631 \u0627\u0642\u062a\u0635\u0627\u062f\u0627\u064b \u0642\u0628\u0644 \u062a\u0642\u062f\u064a\u0645 \u0627\u0644\u0637\u0644\u0628.<\/p>\t\t\t\t\t\t\t\t<\/div>\n\t\t\t\t<\/div>\n\t\t\t\t\t<\/div>\n\t\t<\/div>\n\t\t\t\t<div class=\"elementor-column elementor-col-50 elementor-top-column elementor-element elementor-element-da8fe34\" data-id=\"da8fe34\" data-element_type=\"column\" data-e-type=\"column\">\n\t\t\t<div class=\"elementor-widget-wrap elementor-element-populated\">\n\t\t\t\t\t\t<div class=\"elementor-element elementor-element-380fc6c elementor-widget elementor-widget-image\" data-id=\"380fc6c\" data-element_type=\"widget\" data-e-type=\"widget\" data-widget_type=\"image.default\">\n\t\t\t\t<div class=\"elementor-widget-container\">\n\t\t\t\t\t\t\t\t\t\t\t\t\t\t\t<img decoding=\"async\" src=\"http:\/\/pandamech.com\/wp-content\/uploads\/2022\/08\/pre-sale-left-853x800-1.jpg\" title=\"\" alt=\"\u0642\u0628\u0644 \u0627\u0644\u0628\u064a\u0639 \u064a\u0633\u0627\u0631 853 \u00d7 800 \u00d7 853 \u00d7 800\" loading=\"lazy\">\t\t\t\t\t\t\t\t\t\t\t\t\t\t\t<\/div>\n\t\t\t\t<\/div>\n\t\t\t\t\t<\/div>\n\t\t<\/div>\n\t\t\t\t\t<\/div>\n\t\t<\/section>\n\t\t\t\t<section class=\"elementor-section elementor-top-section elementor-element elementor-element-31c155a elementor-section-full_width elementor-section-height-min-height elementor-section-items-bottom elementor-section-height-default\" data-id=\"31c155a\" data-element_type=\"section\" data-e-type=\"section\" data-settings=\"{&quot;background_background&quot;:&quot;classic&quot;}\">\n\t\t\t\t\t\t<div class=\"elementor-container elementor-column-gap-default\">\n\t\t\t\t\t<div class=\"elementor-column elementor-col-100 elementor-top-column elementor-element elementor-element-d89d5ba\" data-id=\"d89d5ba\" data-element_type=\"column\" data-e-type=\"column\">\n\t\t\t<div class=\"elementor-widget-wrap elementor-element-populated\">\n\t\t\t\t\t\t<div class=\"elementor-element elementor-element-0fda84f elementor-widget elementor-widget-heading\" data-id=\"0fda84f\" data-element_type=\"widget\" data-e-type=\"widget\" data-widget_type=\"heading.default\">\n\t\t\t\t<div class=\"elementor-widget-container\">\n\t\t\t\t\t<h2 class=\"elementor-heading-title elementor-size-default\">\u062e\u062f\u0645\u0629 \u0645\u0627 \u0628\u0639\u062f \u0627\u0644\u0628\u064a\u0639<\/h2>\t\t\t\t<\/div>\n\t\t\t\t<\/div>\n\t\t\t\t<div class=\"elementor-element elementor-element-63576f6 elementor-widget elementor-widget-text-editor\" data-id=\"63576f6\" data-element_type=\"widget\" data-e-type=\"widget\" data-widget_type=\"text-editor.default\">\n\t\t\t\t<div class=\"elementor-widget-container\">\n\t\t\t\t\t\t\t\t\t<p>\u064a\u0648\u0641\u0651\u0631 \u0644\u0643 \u0641\u0631\u064a\u0642 \u062e\u062f\u0645\u0629 \u0645\u0627 \u0628\u0639\u062f \u0627\u0644\u0628\u064a\u0639 \u0627\u0644\u0645\u062d\u062a\u0631\u0641 \u062e\u062f\u0645\u0627\u062a \u0645\u0627 \u0628\u0639\u062f \u0627\u0644\u0628\u064a\u0639 \u0627\u0644\u0627\u062d\u062a\u0631\u0627\u0641\u064a\u0629 7\/24 \u0639\u0628\u0631 \u0627\u0644\u0625\u0646\u062a\u0631\u0646\u062a \u0648\u063a\u064a\u0631 \u0645\u062a\u0635\u0644 \u0628\u0627\u0644\u0625\u0646\u062a\u0631\u0646\u062a \u0641\u064a \u0639\u062f\u0629<br \/>\u0627\u0644\u0644\u063a\u0627\u062a. \u0628\u063a\u0636 \u0627\u0644\u0646\u0638\u0631 \u0639\u0646 \u0645\u0643\u0627\u0646 \u0648\u062c\u0648\u062f\u0643 \u0623\u0648 \u0645\u0627 \u0647\u064a \u0627\u0644\u0645\u0634\u0627\u0643\u0644 \u0627\u0644\u062a\u064a \u062a\u0632\u0639\u062c\u0643\u060c \u0641\u0625\u0646 Panda Mech \u0647\u0646\u0627 \u062f\u0627\u0626\u0645\u0627\u064b \u0639\u0644\u0649 \u0627\u0633\u062a\u0639\u062f\u0627\u062f \u0644\u0645\u0633\u0627\u0639\u062f\u062a\u0643.<\/p>\t\t\t\t\t\t\t\t<\/div>\n\t\t\t\t<\/div>\n\t\t\t\t<section class=\"elementor-section elementor-inner-section elementor-element elementor-element-33abf8b elementor-section-boxed elementor-section-height-default elementor-section-height-default\" data-id=\"33abf8b\" data-element_type=\"section\" data-e-type=\"section\">\n\t\t\t\t\t\t<div class=\"elementor-container elementor-column-gap-default\">\n\t\t\t\t\t<div class=\"elementor-column elementor-col-25 elementor-inner-column elementor-element elementor-element-e1c0576\" data-id=\"e1c0576\" data-element_type=\"column\" data-e-type=\"column\">\n\t\t\t<div class=\"elementor-widget-wrap elementor-element-populated\">\n\t\t\t\t\t\t<div class=\"elementor-element elementor-element-0894782 elementor-position-top elementor-widget elementor-widget-image-box\" data-id=\"0894782\" data-element_type=\"widget\" data-e-type=\"widget\" data-widget_type=\"image-box.default\">\n\t\t\t\t<div class=\"elementor-widget-container\">\n\t\t\t\t\t<div class=\"elementor-image-box-wrapper\"><figure class=\"elementor-image-box-img\"><img decoding=\"async\" src=\"http:\/\/pandamech.com\/wp-content\/uploads\/2022\/08\/after-service5.png\" title=\"\" alt=\"\u0628\u0639\u062f \u0627\u0644\u062e\u062f\u0645\u06295\" loading=\"lazy\"><\/figure><div class=\"elementor-image-box-content\"><h3 class=\"elementor-image-box-title\">\u062a\u0648\u0641\u064a\u0631 \u0646\u0638\u0627\u0645 \u062e\u062f\u0645\u0629 \u0645\u062a\u0643\u0627\u0645\u0644 \u0645\u0646 \u0627\u0644\u0627\u0633\u062a\u0641\u0633\u0627\u0631 \u0625\u0644\u0649 \u0645\u0627 \u0628\u0639\u062f \u0627\u0644\u0628\u064a\u0639.<\/h3><\/div><\/div>\t\t\t\t<\/div>\n\t\t\t\t<\/div>\n\t\t\t\t\t<\/div>\n\t\t<\/div>\n\t\t\t\t<div class=\"elementor-column elementor-col-25 elementor-inner-column elementor-element elementor-element-546e0c7\" data-id=\"546e0c7\" data-element_type=\"column\" data-e-type=\"column\">\n\t\t\t<div class=\"elementor-widget-wrap elementor-element-populated\">\n\t\t\t\t\t\t<div class=\"elementor-element elementor-element-5484f81 elementor-position-top elementor-widget elementor-widget-image-box\" data-id=\"5484f81\" data-element_type=\"widget\" data-e-type=\"widget\" data-widget_type=\"image-box.default\">\n\t\t\t\t<div class=\"elementor-widget-container\">\n\t\t\t\t\t<div class=\"elementor-image-box-wrapper\"><figure class=\"elementor-image-box-img\"><img decoding=\"async\" src=\"http:\/\/pandamech.com\/wp-content\/uploads\/2022\/08\/after-service3.png\" title=\"\" alt=\"\u0628\u0639\u062f \u0627\u0644\u062e\u062f\u0645\u06293\" loading=\"lazy\"><\/figure><div class=\"elementor-image-box-content\"><h3 class=\"elementor-image-box-title\">\u064a\u0642\u062f\u0645 \u0627\u0644\u0645\u0647\u0646\u062f\u0633\u0648\u0646 \u0627\u0644\u0645\u062d\u062a\u0631\u0641\u0648\u0646 \u062e\u062f\u0645\u0627\u062a \u0641\u0646\u064a\u0629 \u0639\u0644\u0649 \u0645\u062f\u0627\u0631 \u0627\u0644\u0633\u0627\u0639\u0629 \u0637\u0648\u0627\u0644 \u0623\u064a\u0627\u0645 \u0627\u0644\u0623\u0633\u0628\u0648\u0639.<\/h3><\/div><\/div>\t\t\t\t<\/div>\n\t\t\t\t<\/div>\n\t\t\t\t\t<\/div>\n\t\t<\/div>\n\t\t\t\t<div class=\"elementor-column elementor-col-25 elementor-inner-column elementor-element elementor-element-ee7acc1\" data-id=\"ee7acc1\" data-element_type=\"column\" data-e-type=\"column\">\n\t\t\t<div class=\"elementor-widget-wrap elementor-element-populated\">\n\t\t\t\t\t\t<div class=\"elementor-element elementor-element-ffadce0 elementor-position-top elementor-widget elementor-widget-image-box\" data-id=\"ffadce0\" data-element_type=\"widget\" data-e-type=\"widget\" data-widget_type=\"image-box.default\">\n\t\t\t\t<div class=\"elementor-widget-container\">\n\t\t\t\t\t<div class=\"elementor-image-box-wrapper\"><figure class=\"elementor-image-box-img\"><img decoding=\"async\" src=\"http:\/\/pandamech.com\/wp-content\/uploads\/2022\/08\/after-service2.png\" title=\"\" alt=\"\u0628\u0639\u062f \u0627\u0644\u062e\u062f\u0645\u06292\" loading=\"lazy\"><\/figure><div class=\"elementor-image-box-content\"><h3 class=\"elementor-image-box-title\">\u0627\u062d\u062a\u064a\u0627\u0637\u064a \u0642\u0637\u0639 \u0627\u0644\u063a\u064a\u0627\u0631 \u0627\u0644\u062e\u0627\u0635\u0629 \u0644\u0636\u0645\u0627\u0646 \u0639\u0645\u0644 \u0627\u0644\u0645\u0627\u0643\u064a\u0646\u0629 \u0628\u0634\u0643\u0644 \u0635\u062d\u064a\u062d.<\/h3><\/div><\/div>\t\t\t\t<\/div>\n\t\t\t\t<\/div>\n\t\t\t\t\t<\/div>\n\t\t<\/div>\n\t\t\t\t<div class=\"elementor-column elementor-col-25 elementor-inner-column elementor-element elementor-element-263fb5e\" data-id=\"263fb5e\" data-element_type=\"column\" data-e-type=\"column\">\n\t\t\t<div class=\"elementor-widget-wrap elementor-element-populated\">\n\t\t\t\t\t\t<div class=\"elementor-element elementor-element-530c012 elementor-position-top elementor-widget elementor-widget-image-box\" data-id=\"530c012\" data-element_type=\"widget\" data-e-type=\"widget\" data-widget_type=\"image-box.default\">\n\t\t\t\t<div class=\"elementor-widget-container\">\n\t\t\t\t\t<div class=\"elementor-image-box-wrapper\"><figure class=\"elementor-image-box-img\"><img decoding=\"async\" src=\"http:\/\/pandamech.com\/wp-content\/uploads\/2022\/08\/after-service1.png\" title=\"\" alt=\"\u0628\u0639\u062f \u0627\u0644\u062e\u062f\u0645\u06291\" loading=\"lazy\"><\/figure><div class=\"elementor-image-box-content\"><h3 class=\"elementor-image-box-title\">\u062a\u062f\u0631\u064a\u0628 \u0627\u062d\u062a\u0631\u0627\u0641\u064a \u0645\u062c\u0627\u0646\u064a \u0639\u0644\u0649 \u062a\u0634\u063a\u064a\u0644 \u0627\u0644\u0645\u0627\u0643\u064a\u0646\u0629.<\/h3><\/div><\/div>\t\t\t\t<\/div>\n\t\t\t\t<\/div>\n\t\t\t\t\t<\/div>\n\t\t<\/div>\n\t\t\t\t\t<\/div>\n\t\t<\/section>\n\t\t\t\t\t<\/div>\n\t\t<\/div>\n\t\t\t\t\t<\/div>\n\t\t<\/section>\n\t\t\t\t<\/div>","protected":false},"excerpt":{"rendered":"<p>\u0641\u0644\u0633\u0641\u0629 \u0627\u0644\u062e\u062f\u0645\u0629 \u0627\u0644\u0627\u0633\u062a\u062c\u0627\u0628\u0629 \u0644\u0627\u062d\u062a\u064a\u0627\u062c\u0627\u062a \u0627\u0644\u0639\u0645\u0644\u0627\u0621 \u0641\u064a \u0627\u0644\u0645\u0631\u0629 \u0627\u0644\u0623\u0648\u0644\u0649 \u0648\u0627\u0644\u0627\u0644\u062a\u0632\u0627\u0645 \u0628\u062a\u0642\u062f\u064a\u0645 \u062e\u062f\u0645\u0627\u062a \u0634\u0627\u0645\u0644\u0629 \u0644\u0644\u0639\u0645\u0644\u0627\u0621 \u0627\u0644\u0639\u0627\u0644\u0645\u064a\u064a\u0646. \u062e\u062f\u0645\u0629 \u0645\u0627 \u0642\u0628\u0644 \u0627\u0644\u0628\u064a\u0639 \u0623\u062e\u0628\u0631\u0646\u0627 \u0628\u0627\u062d\u062a\u064a\u0627\u062c\u0627\u062a\u0643 \u0648\u0646\u0642\u062f\u0645 \u0644\u0643 \u0627\u0644\u062e\u0637\u0629 \u0627\u0644\u0623\u0643\u062b\u0631 \u0634\u0645\u0648\u0644\u0627\u064b\u060c \u0648\u064a\u0644\u062a\u0632\u0645 \u0641\u0631\u064a\u0642 \u0627\u0644\u0628\u062d\u062b \u0648\u0627\u0644\u062a\u0637\u0648\u064a\u0631 \u0627\u0644\u0645\u062d\u062a\u0631\u0641 \u0644\u062f\u064a\u0646\u0627 \u0627\u0644\u0642\u0627\u0626\u0645 \u0639\u0644\u0649 \u062d\u062f\u0648\u062f \u0627\u0644\u0639\u0644\u0645 \u0648\u0627\u0644\u062a\u0643\u0646\u0648\u0644\u0648\u062c\u064a\u0627 \u0628\u0625\u0639\u0637\u0627\u0626\u0643 \u0627\u0644\u0646\u0635\u064a\u062d\u0629 \u0627\u0644\u0623\u0643\u062b\u0631 \u0627\u0642\u062a\u0635\u0627\u062f\u0627\u064b \u0642\u0628\u0644 \u062a\u0642\u062f\u064a\u0645 \u0637\u0644\u0628\u0643...<\/p>","protected":false},"author":1,"featured_media":1025,"parent":793,"menu_order":0,"comment_status":"closed","ping_status":"closed","template":"elementor_header_footer","meta":{"_acf_changed":false,"_kad_blocks_custom_css":"","_kad_blocks_head_custom_js":"","_kad_blocks_body_custom_js":"","_kad_blocks_footer_custom_js":"","_kad_post_transparent":"","_kad_post_title":"","_kad_post_layout":"","_kad_post_sidebar_id":"","_kad_post_content_style":"","_kad_post_vertical_padding":"","_kad_post_feature":"","_kad_post_feature_position":"","_kad_post_header":false,"_kad_post_footer":false,"_kad_post_classname":"","footnotes":""},"class_list":["post-1022","page","type-page","status-publish","has-post-thumbnail","hentry"],"acf":[],"taxonomy_info":[],"featured_image_src_large":false,"author_info":{"display_name":"Panda Mech","author_link":"https:\/\/www.pandamech.com\/arabic\/author\/pandatrailer\/"},"comment_info":0,"_links":{"self":[{"href":"https:\/\/www.pandamech.com\/arabic\/wp-json\/wp\/v2\/pages\/1022","targetHints":{"allow":["GET"]}}],"collection":[{"href":"https:\/\/www.pandamech.com\/arabic\/wp-json\/wp\/v2\/pages"}],"about":[{"href":"https:\/\/www.pandamech.com\/arabic\/wp-json\/wp\/v2\/types\/page"}],"author":[{"embeddable":true,"href":"https:\/\/www.pandamech.com\/arabic\/wp-json\/wp\/v2\/users\/1"}],"replies":[{"embeddable":true,"href":"https:\/\/www.pandamech.com\/arabic\/wp-json\/wp\/v2\/comments?post=1022"}],"version-history":[{"count":0,"href":"https:\/\/www.pandamech.com\/arabic\/wp-json\/wp\/v2\/pages\/1022\/revisions"}],"up":[{"embeddable":true,"href":"https:\/\/www.pandamech.com\/arabic\/wp-json\/wp\/v2\/pages\/793"}],"wp:featuredmedia":[{"embeddable":true,"href":"https:\/\/www.pandamech.com\/arabic\/wp-json\/"}],"wp:attachment":[{"href":"https:\/\/www.pandamech.com\/arabic\/wp-json\/wp\/v2\/media?parent=1022"}],"curies":[{"name":"\u062f\u0628\u0644\u064a\u0648 \u0628\u064a","href":"https:\/\/api.w.org\/{rel}","templated":true}]}}